{"id":741658,"date":"2025-08-28T00:54:17","date_gmt":"2025-08-27T21:54:17","guid":{"rendered":"https:\/\/roveyayinevi.com.tr\/index.php\/urun\/tarihoncesinde-turkiyede-neler-oldu\/"},"modified":"2026-04-16T02:52:48","modified_gmt":"2026-04-15T23:52:48","slug":"tarihoncesinde-turkiyede-neler-oldu","status":"publish","type":"product","link":"https:\/\/roveyayinevi.com.tr\/index.php\/urun\/tarihoncesinde-turkiyede-neler-oldu\/","title":{"rendered":"Tarih\u00f6ncesinde T\u00fcrkiye\u2019de Neler Oldu ?"},"content":{"rendered":"<p>T\u00fcrkiyenin tarih\u00f6ncesinde k\u00f6yl\u00fcle\u015fme s\u00fcreci yakla\u015f\u0131k 6.000 y\u0131l s\u00fcrm\u00fc\u015ft\u00fcr.Yerle\u015fik ya\u015fam\u0131n ilk izlerinden g\u00fcn\u00fcm\u00fcze yakla\u015f\u0131k 13.000 y\u0131l ge\u00e7ti\u011fi g\u00f6z \u00f6n\u00fcne al\u0131nd\u0131\u011f\u0131nda,k\u00f6yl\u00fcle\u015fme s\u00fcrecinin neden bu kadar uzun s\u00fcrd\u00fc\u011f\u00fc her zman merak uyand\u0131rm\u0131\u015ft\u0131r.Bir ba\u015fka merak uyand\u0131ran konu ise yerle\u015fkeli\u011fin hemen ba\u015f\u0131nda meydana gelen geli\u015fmelerdir.G\u00fcn\u00fcm\u00fczde pek \u00e7ok insan\u0131n ilgisini \u00e7eken g\u00f6beklitepe ce Karahantepe gibi kaz\u0131larda g\u00fcn \u0131\u015f\u0131\u011f\u0131na \u00e7\u0131kar\u0131lan an\u0131tsal buluntular,konunun uzman\u0131 olmayanlar taraf\u0131ndan \u00f6ne surulen kimi bilim d\u0131\u015f\u0131 ve ger\u00e7eklerle dayanmayan yorumlarla adete bilgi kirlili\u011fine d\u00f6n\u00fc\u015fm\u00fc\u015ft\u00fcr.bu kitap T\u00fcrkiye s\u0131n\u0131rlar\u0131 i\u00e7inde ke\u015ffedilen ve g\u00fcn\u00fcm\u00fczden bir milyon \u00fc\u00e7 y\u00fcz bin y\u0131l \u00f6ncesine tarihlendirilen ilk insandan kent devletlerine uzanan ser\u00fcvenine arkeolojik veriler \u0131\u015f\u0131\u011f\u0131nda yorumlar getirmektedir.<\/p>\n","protected":false},"excerpt":{"rendered":"<p>T\u00fcrkiyenin tarih\u00f6ncesinde k\u00f6yl\u00fcle\u015fme s\u00fcreci yakla\u015f\u0131k 6.000 y\u0131l s\u00fcrm\u00fc\u015ft\u00fcr.Yerle\u015fik ya\u015fam\u0131n ilk izlerinden g\u00fcn\u00fcm\u00fcze yakla\u015f\u0131k 13.000 y\u0131l ge\u00e7ti\u011fi g\u00f6z \u00f6n\u00fcne al\u0131nd\u0131\u011f\u0131nda,k\u00f6yl\u00fcle\u015fme s\u00fcrecinin neden bu kadar uzun s\u00fcrd\u00fc\u011f\u00fc her<span class=\"excerpt-hellip\"> [\u2026]<\/span><\/p>\n","protected":false},"featured_media":0,"template":"","meta":{"_monsterinsights_skip_tracking":false,"_monsterinsights_sitenote_active":false,"_monsterinsights_sitenote_note":"","_monsterinsights_sitenote_category":0},"product_brand":[],"product_cat":[12312,12304],"product_tag":[],"class_list":{"0":"post-741658","1":"product","2":"type-product","3":"status-publish","5":"product_cat-diger","6":"product_cat-tarih","7":"pa_cilt-ciltsiz","8":"pa_tur-kitap","9":"pa_yayinevi-bilgin-kultur-sanat","10":"pa_yazar-halil-tekin","12":"first","13":"instock","14":"sale","15":"shipping-taxable","16":"purchasable","17":"product-type-simple"},"_links":{"self":[{"href":"https:\/\/roveyayinevi.com.tr\/index.php\/wp-json\/wp\/v2\/product\/741658","targetHints":{"allow":["GET"]}}],"collection":[{"href":"https:\/\/roveyayinevi.com.tr\/index.php\/wp-json\/wp\/v2\/product"}],"about":[{"href":"https:\/\/roveyayinevi.com.tr\/index.php\/wp-json\/wp\/v2\/types\/product"}],"wp:attachment":[{"href":"https:\/\/roveyayinevi.com.tr\/index.php\/wp-json\/wp\/v2\/media?parent=741658"}],"wp:term":[{"taxonomy":"product_brand","embeddable":true,"href":"https:\/\/roveyayinevi.com.tr\/index.php\/wp-json\/wp\/v2\/product_brand?post=741658"},{"taxonomy":"product_cat","embeddable":true,"href":"https:\/\/roveyayinevi.com.tr\/index.php\/wp-json\/wp\/v2\/product_cat?post=741658"},{"taxonomy":"product_tag","embeddable":true,"href":"https:\/\/roveyayinevi.com.tr\/index.php\/wp-json\/wp\/v2\/product_tag?post=741658"}],"curies":[{"name":"wp","href":"https:\/\/api.w.org\/{rel}","templated":true}]}}