{"id":741646,"date":"2025-08-28T00:54:02","date_gmt":"2025-08-27T21:54:02","guid":{"rendered":"https:\/\/roveyayinevi.com.tr\/index.php\/urun\/zen-buyuk-patlama\/"},"modified":"2026-04-16T02:52:48","modified_gmt":"2026-04-15T23:52:48","slug":"zen-buyuk-patlama","status":"publish","type":"product","link":"https:\/\/roveyayinevi.com.tr\/index.php\/urun\/zen-buyuk-patlama\/","title":{"rendered":"Zen B\u00fcy\u00fck Patlama"},"content":{"rendered":"<p>ZEN: B\u00dcY\u00dcK PATLAMA Ezberleri bozan, zihnin s\u0131n\u0131rlar\u0131n\u0131 zorlayan bir kitapla tan\u0131\u015fmaya haz\u0131r olun! Zen: B\u00fcy\u00fck Patlama kitab\u0131nda Osho, a\u015fk, \u00f6zg\u00fcrl\u00fck, kad\u0131n\u0131n toplumdaki rol\u00fc, \u00e7ocu\u011fun mahremiyet hakk\u0131 ve ya\u015fam amac\u0131 konular\u0131nda merak edilen sorular\u0131 yan\u0131tl\u0131yor. Onun bak\u0131\u015f a\u00e7\u0131s\u0131 ve olaylara yakla\u015f\u0131mlar\u0131, her zaman oldu\u011fu gibi, \u015fa\u015f\u0131rt\u0131c\u0131, rahats\u0131z edici ve hatta biraz da k\u0131\u015fk\u0131rt\u0131c\u0131. Zen: B\u00fcy\u00fck Patlama, \u00e7o\u011funlu\u011fa uyum sa\u011flamak ve sevilmek i\u00e7in zihnini ve kalbini \u00e7\u00fcr\u00fcmeye terk eden ancak bir \u015feylerin yanl\u0131\u015f gitti\u011fini hisseden ve art\u0131k d\u00f6n\u00fc\u015fmek isteyen herkes i\u00e7in yaz\u0131lm\u0131\u015f bir kitap. Bu kitap, okurlar\u0131n\u0131, hayattan tam anlam\u0131yla zevk almalar\u0131n\u0131 s\u0131n\u0131rlayan ko\u015fullu inan\u00e7 sistemlerini ve \u00f6nyarg\u0131lar\u0131 incelemeye ve bunlardan kurtulmaya davet ediyor. \u201cToplum, seni vasat bir insana d\u00f6n\u00fc\u015ft\u00fcrmek ister \u00e7\u00fcnk\u00fc toplum her zaman zeki insanlardan korkar. Sokrates gibi zeki insanlar toplum i\u00e7in tehlikelidir. Onlar tehlikelidir \u00e7\u00fcnk\u00fc zek\u00e2, her zaman asili\u011fi tetikler. Zeki biri her t\u00fcrl\u00fc k\u00f6leli\u011fe kar\u015f\u0131 isyan edecektir. Yanl\u0131\u015f olan her \u015feye isyan edecektir. Zek\u00e2 her zaman \u00f6zg\u00fcrl\u00fc\u011f\u00fcn, bireyselli\u011fin ve \u00f6zg\u00fcnl\u00fc\u011f\u00fcn yan\u0131ndad\u0131r. Sahte ve d\u00fczmece olan her \u015feye kar\u015f\u0131 sava\u015f\u0131r.\u201d   \u201cOsho, 20. y\u00fczy\u0131l\u0131n 1000 ilah\u0131ndan biri&#8230;\u201d The Sunday Times <\/p>\n","protected":false},"excerpt":{"rendered":"<p>ZEN: B\u00dcY\u00dcK PATLAMA Ezberleri bozan, zihnin s\u0131n\u0131rlar\u0131n\u0131 zorlayan bir kitapla tan\u0131\u015fmaya haz\u0131r olun! Zen: B\u00fcy\u00fck Patlama kitab\u0131nda Osho, a\u015fk, \u00f6zg\u00fcrl\u00fck, kad\u0131n\u0131n toplumdaki rol\u00fc, \u00e7ocu\u011fun mahremiyet hakk\u0131<span class=\"excerpt-hellip\"> [\u2026]<\/span><\/p>\n","protected":false},"featured_media":0,"template":"","meta":{"_monsterinsights_skip_tracking":false,"_monsterinsights_sitenote_active":false,"_monsterinsights_sitenote_note":"","_monsterinsights_sitenote_category":0},"product_brand":[],"product_cat":[12364,12376],"product_tag":[],"class_list":{"0":"post-741646","1":"product","2":"type-product","3":"status-publish","5":"product_cat-genel-konular","6":"product_cat-kisisel-gelisim","7":"pa_cilt-ciltsiz","8":"pa_tur-kitap","9":"pa_yayinevi-omega","10":"pa_yazar-osho","12":"first","13":"instock","14":"sale","15":"shipping-taxable","16":"purchasable","17":"product-type-simple"},"_links":{"self":[{"href":"https:\/\/roveyayinevi.com.tr\/index.php\/wp-json\/wp\/v2\/product\/741646","targetHints":{"allow":["GET"]}}],"collection":[{"href":"https:\/\/roveyayinevi.com.tr\/index.php\/wp-json\/wp\/v2\/product"}],"about":[{"href":"https:\/\/roveyayinevi.com.tr\/index.php\/wp-json\/wp\/v2\/types\/product"}],"wp:attachment":[{"href":"https:\/\/roveyayinevi.com.tr\/index.php\/wp-json\/wp\/v2\/media?parent=741646"}],"wp:term":[{"taxonomy":"product_brand","embeddable":true,"href":"https:\/\/roveyayinevi.com.tr\/index.php\/wp-json\/wp\/v2\/product_brand?post=741646"},{"taxonomy":"product_cat","embeddable":true,"href":"https:\/\/roveyayinevi.com.tr\/index.php\/wp-json\/wp\/v2\/product_cat?post=741646"},{"taxonomy":"product_tag","embeddable":true,"href":"https:\/\/roveyayinevi.com.tr\/index.php\/wp-json\/wp\/v2\/product_tag?post=741646"}],"curies":[{"name":"wp","href":"https:\/\/api.w.org\/{rel}","templated":true}]}}