{"id":741619,"date":"2025-08-28T00:53:21","date_gmt":"2025-08-27T21:53:21","guid":{"rendered":"https:\/\/roveyayinevi.com.tr\/index.php\/urun\/osmanli-imparatorlugunda-emek-ve-iktidar\/"},"modified":"2026-04-16T02:52:47","modified_gmt":"2026-04-15T23:52:47","slug":"osmanli-imparatorlugunda-emek-ve-iktidar","status":"publish","type":"product","link":"https:\/\/roveyayinevi.com.tr\/index.php\/urun\/osmanli-imparatorlugunda-emek-ve-iktidar\/","title":{"rendered":"Osmanl\u0131 \u0130mparatorlu\u011fu\u2019nda Emek ve \u0130ktidar"},"content":{"rendered":"<p>Osmanl\u0131 \u0130mparatorlu\u011fu\u2019nda Emek ve \u0130ktidar kitab\u0131nda Can Nacar, 1872-1912 y\u0131llar\u0131 aras\u0131nda t\u00fct\u00fcn i\u015f\u00e7ilerinin \u00e7al\u0131\u015fma deneyimlerine ve bu ba\u011flamda i\u015fyeri y\u00f6neticileri ve devletle olan ili\u015fkilerine odaklanmaktad\u0131r. On binlerce ki\u015finin \u00e7al\u0131\u015ft\u0131\u011f\u0131 Osmanl\u0131 t\u00fct\u00fcn end\u00fcstrisi, ele al\u0131nan d\u00f6nemde imparatorluk \u00e7ap\u0131nda h\u0131zla b\u00fcy\u00fcrken t\u00fct\u00fcn ma\u011fazalar\u0131 ve fabrikalar\u0131 bir\u00e7ok i\u015f\u00e7i eylemine sahne olmu\u015ftur. Emek ve \u0130ktidar bu eylemler ile ilgili detayl\u0131 bir analiz sunarak i\u015f\u00e7ilerin daha iyi \u00e7al\u0131\u015fma ve ya\u015fam ko\u015fullar\u0131 sa\u011flamak i\u00e7in verdikleri \u00e7etin m\u00fccadeleyi ortaya koymaktad\u0131r.   Osmanl\u0131 \u0130mparatorlu\u011fu\u2019nda emek ve sermaye aras\u0131nda de\u011fi\u015fen g\u00fc\u00e7 ili\u015fkileri ve bu ili\u015fkilerde devlet akt\u00f6rlerinin oynad\u0131\u011f\u0131 rol hakk\u0131nda de\u011ferli bilgiler sunan bu kitap, Osmanl\u0131 ve \u0130ngiliz ar\u015fiv belgelerinin ve s\u00fcreli yay\u0131nlar\u0131n da i\u00e7inde oldu\u011fu birincil kaynaklara dayanmaktad\u0131r.   \u201cOsmanl\u0131 \u0130mparatorlu\u011fu\u2019nda Emek ve \u0130ktidar, Osmanl\u0131 t\u00fct\u00fcn i\u015f\u00e7ilerinin i\u015fverenleriyle, devletle ve Osmanl\u0131 toplumunun geri kalan\u0131yla olan dinamik ili\u015fkilerini mercek alt\u0131na alan son derece \u00f6nemli ve orijinal bir \u00e7al\u0131\u015fma. Can Nacar, Osmanl\u0131 i\u015f\u00e7ilerinin duygular\u0131na, kayg\u0131lar\u0131na, umut ve \u00f6fkelerine \u00e7ok nadir ve \u00e7ok k\u0131ymetli bir pencere a\u00e7\u0131yor. Nacar\u2019\u0131n bu m\u00fckemmel incelemesi, Osmanl\u0131 sosyal tarih\u00e7ili\u011finin ula\u015ft\u0131\u011f\u0131 yeni a\u015faman\u0131n sevindirici bir \u00f6rne\u011fi.\u201d   Yi\u011fit Ak\u0131n The Ohio State University <\/p>\n","protected":false},"excerpt":{"rendered":"<p>Osmanl\u0131 \u0130mparatorlu\u011fu\u2019nda Emek ve \u0130ktidar kitab\u0131nda Can Nacar, 1872-1912 y\u0131llar\u0131 aras\u0131nda t\u00fct\u00fcn i\u015f\u00e7ilerinin \u00e7al\u0131\u015fma deneyimlerine ve bu ba\u011flamda i\u015fyeri y\u00f6neticileri ve devletle olan ili\u015fkilerine odaklanmaktad\u0131r. On<span class=\"excerpt-hellip\"> [\u2026]<\/span><\/p>\n","protected":false},"featured_media":0,"template":"","meta":{"_monsterinsights_skip_tracking":false,"_monsterinsights_sitenote_active":false,"_monsterinsights_sitenote_note":"","_monsterinsights_sitenote_category":0},"product_brand":[],"product_cat":[13517,12304],"product_tag":[],"class_list":{"0":"post-741619","1":"product","2":"type-product","3":"status-publish","5":"product_cat-osmanli-tarihi","6":"product_cat-tarih","7":"pa_cilt-ciltsiz","8":"pa_tur-kitap","9":"pa_yayinevi-koc-universitesi-yayinlari","10":"pa_yazar-can-nacar","12":"first","13":"instock","14":"sale","15":"shipping-taxable","16":"purchasable","17":"product-type-simple"},"_links":{"self":[{"href":"https:\/\/roveyayinevi.com.tr\/index.php\/wp-json\/wp\/v2\/product\/741619","targetHints":{"allow":["GET"]}}],"collection":[{"href":"https:\/\/roveyayinevi.com.tr\/index.php\/wp-json\/wp\/v2\/product"}],"about":[{"href":"https:\/\/roveyayinevi.com.tr\/index.php\/wp-json\/wp\/v2\/types\/product"}],"wp:attachment":[{"href":"https:\/\/roveyayinevi.com.tr\/index.php\/wp-json\/wp\/v2\/media?parent=741619"}],"wp:term":[{"taxonomy":"product_brand","embeddable":true,"href":"https:\/\/roveyayinevi.com.tr\/index.php\/wp-json\/wp\/v2\/product_brand?post=741619"},{"taxonomy":"product_cat","embeddable":true,"href":"https:\/\/roveyayinevi.com.tr\/index.php\/wp-json\/wp\/v2\/product_cat?post=741619"},{"taxonomy":"product_tag","embeddable":true,"href":"https:\/\/roveyayinevi.com.tr\/index.php\/wp-json\/wp\/v2\/product_tag?post=741619"}],"curies":[{"name":"wp","href":"https:\/\/api.w.org\/{rel}","templated":true}]}}