{"id":741609,"date":"2025-08-28T00:53:09","date_gmt":"2025-08-27T21:53:09","guid":{"rendered":"https:\/\/roveyayinevi.com.tr\/index.php\/urun\/alaturka-turk-muziginde-bir-uslup\/"},"modified":"2026-04-16T02:52:47","modified_gmt":"2026-04-15T23:52:47","slug":"alaturka-turk-muziginde-bir-uslup","status":"publish","type":"product","link":"https:\/\/roveyayinevi.com.tr\/index.php\/urun\/alaturka-turk-muziginde-bir-uslup\/","title":{"rendered":"Alaturka: T\u00fcrk M\u00fczi\u011finde Bir \u00dcslup"},"content":{"rendered":"<p>Erken Cumhuriyet D\u00f6nemi (1923\u20131938), T\u00fcrkiye&#8217;de idari, toplumsal ve k\u00fclt\u00fcrel alanda topyek\u00fbn bir de\u011fi\u015fim d\u00f6nemiydi. Alaturka: T\u00fcrk M\u00fczi\u011finde bir \u00dcslup, b\u00f6yle bir de\u011fi\u015fim d\u00f6neminde T\u00fcrk m\u00fczi\u011finde do\u011fan yeni bir \u00fcslup (alaturka) \u00fczerinde y\u00fcr\u00fct\u00fclen tart\u0131\u015fmaya ili\u015fkin bir \u00e7al\u0131\u015fmad\u0131r.  20 y\u0131ldan uzun s\u00fcren bir ara\u015ft\u0131rman\u0131n meyvesi olan bu kitap, teorik ve pratik unsurlar\u0131 m\u00fczik ba\u011flam\u0131nda ele alarak m\u00fczik ve k\u00fclt\u00fcr\u00fcn kesi\u015fti\u011fi noktada fark edilir olan \u00fcslup \u00e7e\u015fitlili\u011fini incelemektedir. Etnom\u00fczikoloji, m\u00fczikoloji ve antropolojinin yan\u0131 s\u0131ra m\u00fczikal esteti\u011fe ili\u015fkin ele\u015ftirel yakla\u015f\u0131mlardan yararlanan \u00e7al\u0131\u015fma, ulusal bir kimli\u011fin in\u015fas\u0131na ili\u015fkin o d\u00f6neme ait kavray\u0131\u015flar\u0131 ele alarak T\u00fcrkiye\u2019de m\u00fczikal \u00fcslupla ilgili ortaya \u00e7\u0131kan tart\u0131\u015fmalara odaklanmaktad\u0131r. \u00dcslup hakk\u0131nda s\u00fcregelen bu tart\u0131\u015fma, Do\u011fu ve Bat\u0131 tan\u0131mlar\u0131n\u0131n ve \u00f6zellikle ge\u00e7mi\u015fin ve bug\u00fcn\u00fcn yorumlar\u0131n\u0131n hararetli bir \u015fekilde tart\u0131\u015f\u0131ld\u0131\u011f\u0131 birbirine rakip kavram d\u00fcnyalar\u0131 \u00fczerinde y\u00fcr\u00fcmektedir.  John Morgan O&#8217;Connell, tarihsel ve etnografik bir yap\u0131 \u00fczerine kurgulad\u0131\u011f\u0131 \u00e7al\u0131\u015fmas\u0131nda T\u00fcrk tarih\u00e7ili\u011finin ele\u015ftirel bir yakla\u015f\u0131m\u0131n\u0131 sunmak i\u00e7in ar\u015fiv kaynaklar\u0131n\u0131 ve etnografik materyalleri bir araya getirerek T\u00fcrk m\u00fczi\u011fi ve T\u00fcrk tarihi \u00e7al\u0131\u015fmalar\u0131na \u00f6nemli katk\u0131larda bulunuyor ve ulusal tarihi irdelemek i\u00e7in m\u00fczi\u011fi e\u015fsiz bir saha olarak ara\u015ft\u0131rmac\u0131lar\u0131n\u0131n g\u00f6zleri \u00f6n\u00fcne seriyor.  <\/p>\n","protected":false},"excerpt":{"rendered":"<p>Erken Cumhuriyet D\u00f6nemi (1923\u20131938), T\u00fcrkiye&#8217;de idari, toplumsal ve k\u00fclt\u00fcrel alanda topyek\u00fbn bir de\u011fi\u015fim d\u00f6nemiydi. Alaturka: T\u00fcrk M\u00fczi\u011finde bir \u00dcslup, b\u00f6yle bir de\u011fi\u015fim d\u00f6neminde T\u00fcrk m\u00fczi\u011finde do\u011fan<span class=\"excerpt-hellip\"> [\u2026]<\/span><\/p>\n","protected":false},"featured_media":0,"template":"","meta":{"_monsterinsights_skip_tracking":false,"_monsterinsights_sitenote_active":false,"_monsterinsights_sitenote_note":"","_monsterinsights_sitenote_category":0},"product_brand":[],"product_cat":[44608,12408],"product_tag":[],"class_list":{"0":"post-741609","1":"product","2":"type-product","3":"status-publish","5":"product_cat-diger-sanat","6":"product_cat-sanat","7":"pa_cilt-ciltsiz","8":"pa_tur-kitap","9":"pa_yayinevi-albaraka-yayinlari","10":"pa_yazar-john-morgan-oconnell","12":"first","13":"instock","14":"sale","15":"shipping-taxable","16":"purchasable","17":"product-type-simple"},"_links":{"self":[{"href":"https:\/\/roveyayinevi.com.tr\/index.php\/wp-json\/wp\/v2\/product\/741609","targetHints":{"allow":["GET"]}}],"collection":[{"href":"https:\/\/roveyayinevi.com.tr\/index.php\/wp-json\/wp\/v2\/product"}],"about":[{"href":"https:\/\/roveyayinevi.com.tr\/index.php\/wp-json\/wp\/v2\/types\/product"}],"wp:attachment":[{"href":"https:\/\/roveyayinevi.com.tr\/index.php\/wp-json\/wp\/v2\/media?parent=741609"}],"wp:term":[{"taxonomy":"product_brand","embeddable":true,"href":"https:\/\/roveyayinevi.com.tr\/index.php\/wp-json\/wp\/v2\/product_brand?post=741609"},{"taxonomy":"product_cat","embeddable":true,"href":"https:\/\/roveyayinevi.com.tr\/index.php\/wp-json\/wp\/v2\/product_cat?post=741609"},{"taxonomy":"product_tag","embeddable":true,"href":"https:\/\/roveyayinevi.com.tr\/index.php\/wp-json\/wp\/v2\/product_tag?post=741609"}],"curies":[{"name":"wp","href":"https:\/\/api.w.org\/{rel}","templated":true}]}}