{"id":741608,"date":"2025-08-28T00:53:08","date_gmt":"2025-08-27T21:53:08","guid":{"rendered":"https:\/\/roveyayinevi.com.tr\/index.php\/urun\/acinin-tarihi\/"},"modified":"2026-04-16T02:52:47","modified_gmt":"2026-04-15T23:52:47","slug":"acinin-tarihi","status":"publish","type":"product","link":"https:\/\/roveyayinevi.com.tr\/index.php\/urun\/acinin-tarihi\/","title":{"rendered":"Ac\u0131n\u0131n Tarihi"},"content":{"rendered":"<p>Be\u015fer\u00ee bir fenomen olan ac\u0131, kimi zaman tehlikenin gelmekte oldu\u011funu bildiren merhametli bir ulak kimi zamansa bizi zay\u0131flatan ve etkisiz h\u00e2le getiren ac\u0131mas\u0131z bir d\u00fc\u015fman olarak g\u00f6sterir kendini. Bu y\u00f6nleriyle ac\u0131, \u00e7a\u011flar boyunca, ba\u015fta beden ve t\u0131p konular\u0131nda incelemelerde bulunanlar olmak \u00fczere kutsal ve manevi konularla i\u015ftigal edenlerin de ilgisini \u00e7ekmi\u015ftir.   Ac\u0131n\u0131n Tarihi&#8217;nde Roselyne Rey, bu evrensel fenomeni t\u00fcm y\u00f6nleriyle ke\u015ffetmek i\u00e7in pek \u00e7ok disiplin ve kaynaktan yararlanmaktad\u0131r. Kitap, antik \u00e7a\u011flardan yirminci y\u00fczy\u0131la kadar, ac\u0131n\u0131n mekanizmalar\u0131n\u0131 a\u00e7\u0131klamak i\u00e7in geli\u015ftirilen t\u0131bbi kuramlardan ac\u0131 \u00e7ekenleri rahatlatmak i\u00e7in form\u00fcle edilmi\u015f \u00e7e\u015fitli terap\u00f6tik \u00e7\u00f6z\u00fcmlere dek, tarihin farkl\u0131 d\u00f6nemlerindeki ac\u0131 alg\u0131lar\u0131n\u0131 kar\u015f\u0131la\u015ft\u0131rmaktad\u0131r. Ac\u0131n\u0131n k\u00fclt\u00fcrel alg\u0131s\u0131nda meydana gelen de\u011fi\u015fimleri ve tedavisinde kaydedilen ilerlemeleri geni\u015f bir tarihsel perspektiften ele alan kitap, insanl\u0131\u011f\u0131n ac\u0131yla olan ili\u015fkisindeki ola\u011fan\u00fcst\u00fc d\u00f6n\u00fc\u015f\u00fcm\u00fc t\u00fcm y\u00f6nleriyle g\u00f6zler \u00f6n\u00fcne sermektedir.<\/p>\n","protected":false},"excerpt":{"rendered":"<p>Be\u015fer\u00ee bir fenomen olan ac\u0131, kimi zaman tehlikenin gelmekte oldu\u011funu bildiren merhametli bir ulak kimi zamansa bizi zay\u0131flatan ve etkisiz h\u00e2le getiren ac\u0131mas\u0131z bir d\u00fc\u015fman olarak<span class=\"excerpt-hellip\"> [\u2026]<\/span><\/p>\n","protected":false},"featured_media":0,"template":"","meta":{"_monsterinsights_skip_tracking":false,"_monsterinsights_sitenote_active":false,"_monsterinsights_sitenote_note":"","_monsterinsights_sitenote_category":0},"product_brand":[],"product_cat":[12370,12304],"product_tag":[],"class_list":{"0":"post-741608","1":"product","2":"type-product","3":"status-publish","5":"product_cat-arastirma-inceleme","6":"product_cat-tarih","7":"pa_cilt-ciltsiz","8":"pa_tur-kitap","9":"pa_yayinevi-albaraka-yayinlari","10":"pa_yazar-roselyne-rey","12":"first","13":"instock","14":"sale","15":"shipping-taxable","16":"purchasable","17":"product-type-simple"},"_links":{"self":[{"href":"https:\/\/roveyayinevi.com.tr\/index.php\/wp-json\/wp\/v2\/product\/741608","targetHints":{"allow":["GET"]}}],"collection":[{"href":"https:\/\/roveyayinevi.com.tr\/index.php\/wp-json\/wp\/v2\/product"}],"about":[{"href":"https:\/\/roveyayinevi.com.tr\/index.php\/wp-json\/wp\/v2\/types\/product"}],"wp:attachment":[{"href":"https:\/\/roveyayinevi.com.tr\/index.php\/wp-json\/wp\/v2\/media?parent=741608"}],"wp:term":[{"taxonomy":"product_brand","embeddable":true,"href":"https:\/\/roveyayinevi.com.tr\/index.php\/wp-json\/wp\/v2\/product_brand?post=741608"},{"taxonomy":"product_cat","embeddable":true,"href":"https:\/\/roveyayinevi.com.tr\/index.php\/wp-json\/wp\/v2\/product_cat?post=741608"},{"taxonomy":"product_tag","embeddable":true,"href":"https:\/\/roveyayinevi.com.tr\/index.php\/wp-json\/wp\/v2\/product_tag?post=741608"}],"curies":[{"name":"wp","href":"https:\/\/api.w.org\/{rel}","templated":true}]}}