{"id":741604,"date":"2025-08-28T00:53:03","date_gmt":"2025-08-27T21:53:03","guid":{"rendered":"https:\/\/roveyayinevi.com.tr\/index.php\/urun\/komur-krali\/"},"modified":"2026-04-16T02:52:46","modified_gmt":"2026-04-15T23:52:46","slug":"komur-krali","status":"publish","type":"product","link":"https:\/\/roveyayinevi.com.tr\/index.php\/urun\/komur-krali\/","title":{"rendered":"K\u00f6m\u00fcr Kral\u0131"},"content":{"rendered":"<p>Kendisi de k\u00f6m\u00fcr madenlerine sahip b\u00fcy\u00fck bir i\u015fadam\u0131n\u0131n o\u011flu, Hal Warner, Colorado\u2019nun Kayal\u0131k Da\u011flar\u0131\u2019nda, kendi deyimiyle \u201cuygulamal\u0131 toplumbilim alan\u0131nda bir yaz kursu\u201d i\u00e7in, ad\u0131n\u0131 ve k\u0131yafetini de\u011fi\u015ftirerek bir \u201cmadenci yama\u011f\u0131\u201d olarak \u00e7al\u0131\u015fmaya ba\u015flar ve maden i\u015f\u00e7ilerinin ac\u0131mas\u0131z ya\u015fam ve \u00e7al\u0131\u015fma ko\u015fullar\u0131na tan\u0131k olur. D\u00fcnyan\u0131n bir\u00e7ok \u00fclkesinden gelen i\u015f\u00e7ilerin ya\u015fad\u0131\u011f\u0131 madenci kamp\u0131nda (siyasal g\u00f6r\u00fc\u015fleri de\u011fil sa\u00e7 renginden dolay\u0131 \u00f6yle an\u0131lan) \u0130rlandal\u0131 \u201cK\u0131z\u0131l\u201d Mary ile ve daha bir\u00e7ok insanla tan\u0131\u015f\u0131r. Ba\u015far\u0131s\u0131zl\u0131\u011fa yazg\u0131l\u0131 bir grevin lideri olarak bulur kendini sonunda. Zola\u2019n\u0131n Germinal\u2019ine benzetilen bu roman\u0131n\u0131 yazmak i\u00e7in, Upton Sinclair 1913-14 y\u0131llar\u0131nda Colorado k\u00f6m\u00fcr madenlerine defalarca giderek g\u00f6zlemler yapt\u0131. \u0130lk olarak  1917\u2019de bas\u0131lan K\u00f6m\u00fcr Kral\u0131, ayn\u0131 y\u0131llarda ger\u00e7ekten ya\u015fanm\u0131\u015f olan ve asker\u00ee g\u00fc\u00e7 kullan\u0131larak bast\u0131r\u0131lan b\u00fcy\u00fck grevler dalgas\u0131na dayan\u0131r. Hal Warner y\u00fcrekten ba\u011fland\u0131\u011f\u0131 dostlar\u0131ndan ayr\u0131lmak zorunda kal\u0131r, ama geri d\u00f6necek ve (yazar\u0131n \u00f6l\u00fcm\u00fcnden sonra, 1976\u2019da yay\u0131mlanan) K\u00f6m\u00fcr Sava\u015f\u0131 roman\u0131nda, m\u00fccadelesine b\u0131rakt\u0131\u011f\u0131 yerden devam edecektir. \u201cMary,\u201d dedi ya\u015fl\u0131 adam, \u201cAfrika\u2019daki kar\u0131ncalar hakk\u0131nda yaz\u0131lanlar\u0131 hi\u00e7 okudun mu?\u201d \u201cHay\u0131r,\u201d dedi Mary. \u201cOnlardan milyonlarcas\u0131 uzun s\u0131ralar halinde y\u00fcr\u00fcrler. Bir \u00e7ukura geldiklerinde, \u00f6ndekiler \u00e7ukurun i\u00e7ine d\u00fc\u015ferler ve onlar\u0131n \u00fcst\u00fcnden daha ba\u015fkalar\u0131 gelip d\u00fc\u015ferler, sonunda \u00e7ukuru iyice doldururlar, b\u00f6ylece \u00f6tekiler \u00e7ukurun di\u011fer taraf\u0131na ge\u00e7erler. Biz kar\u0131ncalar\u0131z, Mary.\u201d <\/p>\n","protected":false},"excerpt":{"rendered":"<p>Kendisi de k\u00f6m\u00fcr madenlerine sahip b\u00fcy\u00fck bir i\u015fadam\u0131n\u0131n o\u011flu, Hal Warner, Colorado\u2019nun Kayal\u0131k Da\u011flar\u0131\u2019nda, kendi deyimiyle \u201cuygulamal\u0131 toplumbilim alan\u0131nda bir yaz kursu\u201d i\u00e7in, ad\u0131n\u0131 ve k\u0131yafetini<span class=\"excerpt-hellip\"> [\u2026]<\/span><\/p>\n","protected":false},"featured_media":0,"template":"","meta":{"_monsterinsights_skip_tracking":false,"_monsterinsights_sitenote_active":false,"_monsterinsights_sitenote_note":"","_monsterinsights_sitenote_category":0},"product_brand":[],"product_cat":[13661,12291],"product_tag":[],"class_list":{"0":"post-741604","1":"product","2":"type-product","3":"status-publish","5":"product_cat-diger-ulke-edebiyatlari","6":"product_cat-edebiyat","7":"pa_cilt-ciltsiz","8":"pa_tur-kitap","9":"pa_yayinevi-yordam-kitap","10":"pa_yazar-upton-sinclair","12":"first","13":"instock","14":"sale","15":"shipping-taxable","16":"purchasable","17":"product-type-simple"},"_links":{"self":[{"href":"https:\/\/roveyayinevi.com.tr\/index.php\/wp-json\/wp\/v2\/product\/741604","targetHints":{"allow":["GET"]}}],"collection":[{"href":"https:\/\/roveyayinevi.com.tr\/index.php\/wp-json\/wp\/v2\/product"}],"about":[{"href":"https:\/\/roveyayinevi.com.tr\/index.php\/wp-json\/wp\/v2\/types\/product"}],"wp:attachment":[{"href":"https:\/\/roveyayinevi.com.tr\/index.php\/wp-json\/wp\/v2\/media?parent=741604"}],"wp:term":[{"taxonomy":"product_brand","embeddable":true,"href":"https:\/\/roveyayinevi.com.tr\/index.php\/wp-json\/wp\/v2\/product_brand?post=741604"},{"taxonomy":"product_cat","embeddable":true,"href":"https:\/\/roveyayinevi.com.tr\/index.php\/wp-json\/wp\/v2\/product_cat?post=741604"},{"taxonomy":"product_tag","embeddable":true,"href":"https:\/\/roveyayinevi.com.tr\/index.php\/wp-json\/wp\/v2\/product_tag?post=741604"}],"curies":[{"name":"wp","href":"https:\/\/api.w.org\/{rel}","templated":true}]}}