{"id":741600,"date":"2025-08-28T00:52:58","date_gmt":"2025-08-27T21:52:58","guid":{"rendered":"https:\/\/roveyayinevi.com.tr\/index.php\/urun\/washington-kursunlari\/"},"modified":"2026-04-16T02:52:46","modified_gmt":"2026-04-15T23:52:46","slug":"washington-kursunlari","status":"publish","type":"product","link":"https:\/\/roveyayinevi.com.tr\/index.php\/urun\/washington-kursunlari\/","title":{"rendered":"Washington Kur\u015funlar\u0131"},"content":{"rendered":"<p>Washington Kur\u015funlar\u0131, d\u00fcnya halklar\u0131n\u0131 boyunduruk alt\u0131nda tutan ABD emperyalizminin giri\u015fti\u011fi kirli oyunlar\u0131 belgelere dayanarak b\u00fct\u00fcn a\u00e7\u0131kl\u0131\u011f\u0131yla sergileyen cesur bir kitap. Yazar, gazeteci ve akademisyen Vijay Prashad, yerk\u00fcrenin her yerindeki devrimleri ezen, demokratik olarak se\u00e7ilmi\u015f liderlere suikastlar d\u00fczenleyen, kanl\u0131 asker\u00ee darbelere \u00f6nayak olan ve kukla h\u00fck\u00fcmetleri destekleyen bu s\u00fcper g\u00fcce y\u00f6nelik g\u00fc\u00e7l\u00fc ithamlarda bulunuyor. Washington Kur\u015funlar\u0131\u2019n\u0131n merce\u011fi, \u0130ran\u2019dan G\u00fcney Amerika\u2019daki CIA destekli darbelere, Vietnam\u2019dan Afrika\u2019n\u0131n s\u00f6m\u00fcrge \u00fclkelerinde y\u00fckselen ulusal kurtulu\u015f sava\u015flar\u0131na dek hayli geni\u015f bir co\u011frafyay\u0131 kaps\u0131yor. Brezilya\u2019da Dilma Rousseff, Bolivya\u2019da Evo Morales h\u00fck\u00fcmetlerine 21. y\u00fczy\u0131lda yap\u0131lan darbeler, emperyalist m\u00fcdahalelerin g\u00fcn\u00fcm\u00fczde de s\u00fcrd\u00fc\u011f\u00fcn\u00fc kan\u0131tlamakta. Vijay Prashad\u2019\u0131n \u00e7ok say\u0131da belgeyle destekledi\u011fi savlar\u0131 inand\u0131r\u0131c\u0131 ve etkileyici. Washington Kur\u015funlar\u0131, ABD emperyalizminin tarihine g\u00f6m\u00fcl\u00fc, d\u00fcnya \u00e7ap\u0131ndaki direni\u015flerin de tarihi. Kitab\u0131n \u00f6ns\u00f6z\u00fcnde Bolivya Eski Devlet Ba\u015fkan\u0131 Evo Morales\u2019in yazd\u0131\u011f\u0131 gibi, \u201cKitleler biziz, buna inanc\u0131m\u0131z tam. Ve g\u00fcn\u00fc geldi\u011finde kitlelerin kazanaca\u011f\u0131na da.\u201d <\/p>\n","protected":false},"excerpt":{"rendered":"<p>Washington Kur\u015funlar\u0131, d\u00fcnya halklar\u0131n\u0131 boyunduruk alt\u0131nda tutan ABD emperyalizminin giri\u015fti\u011fi kirli oyunlar\u0131 belgelere dayanarak b\u00fct\u00fcn a\u00e7\u0131kl\u0131\u011f\u0131yla sergileyen cesur bir kitap. Yazar, gazeteci ve akademisyen Vijay Prashad,<span class=\"excerpt-hellip\"> [\u2026]<\/span><\/p>\n","protected":false},"featured_media":0,"template":"","meta":{"_monsterinsights_skip_tracking":false,"_monsterinsights_sitenote_active":false,"_monsterinsights_sitenote_note":"","_monsterinsights_sitenote_category":0},"product_brand":[],"product_cat":[13590,12337],"product_tag":[],"class_list":{"0":"post-741600","1":"product","2":"type-product","3":"status-publish","5":"product_cat-arastirma-inceleme-politika-siyaset","6":"product_cat-politika-siyaset","7":"pa_cilt-ciltsiz","8":"pa_tur-kitap","9":"pa_yayinevi-yordam-kitap","10":"pa_yazar-vijay-prashad","12":"first","13":"instock","14":"sale","15":"shipping-taxable","16":"purchasable","17":"product-type-simple"},"_links":{"self":[{"href":"https:\/\/roveyayinevi.com.tr\/index.php\/wp-json\/wp\/v2\/product\/741600","targetHints":{"allow":["GET"]}}],"collection":[{"href":"https:\/\/roveyayinevi.com.tr\/index.php\/wp-json\/wp\/v2\/product"}],"about":[{"href":"https:\/\/roveyayinevi.com.tr\/index.php\/wp-json\/wp\/v2\/types\/product"}],"wp:attachment":[{"href":"https:\/\/roveyayinevi.com.tr\/index.php\/wp-json\/wp\/v2\/media?parent=741600"}],"wp:term":[{"taxonomy":"product_brand","embeddable":true,"href":"https:\/\/roveyayinevi.com.tr\/index.php\/wp-json\/wp\/v2\/product_brand?post=741600"},{"taxonomy":"product_cat","embeddable":true,"href":"https:\/\/roveyayinevi.com.tr\/index.php\/wp-json\/wp\/v2\/product_cat?post=741600"},{"taxonomy":"product_tag","embeddable":true,"href":"https:\/\/roveyayinevi.com.tr\/index.php\/wp-json\/wp\/v2\/product_tag?post=741600"}],"curies":[{"name":"wp","href":"https:\/\/api.w.org\/{rel}","templated":true}]}}