{"id":741592,"date":"2025-08-28T00:52:47","date_gmt":"2025-08-27T21:52:47","guid":{"rendered":"https:\/\/roveyayinevi.com.tr\/index.php\/urun\/kuyu-6\/"},"modified":"2026-04-16T02:52:46","modified_gmt":"2026-04-15T23:52:46","slug":"kuyu-6","status":"publish","type":"product","link":"https:\/\/roveyayinevi.com.tr\/index.php\/urun\/kuyu-6\/","title":{"rendered":"Kuyu"},"content":{"rendered":"<p>42 saatti bulan esareti ve \u00e7aresiz bekleyi\u015fi devam etmekteydi gen\u00e7 adam\u0131n. Her taraf\u0131 uyu\u015ftu\u011fu i\u00e7in art\u0131k ac\u0131 da duymaz olmu\u015ftu. Tek s\u0131k\u0131nt\u0131s\u0131, susuzluktan yanayd\u0131. Bu y\u00fczden yorgunluktan bitkin d\u00fc\u015fm\u00fc\u015ft\u00fc. Ancak g\u00fcn a\u011fard\u0131\u011f\u0131ndan beri i\u011fren\u00e7 s\u0131\u00e7an\u0131n ortalarda olmay\u0131\u015f\u0131 biraz da rahatlamas\u0131na sebep olmu\u015ftu. Uykusuzluktan bitap haldeydi. Lakin g\u00f6zlerini k\u0131rpmaya dahi \u00f6d\u00fc kopuyordu. \u201cYa farenin bekledi\u011fi de buysa!\u201d<\/p>\n","protected":false},"excerpt":{"rendered":"<p>42 saatti bulan esareti ve \u00e7aresiz bekleyi\u015fi devam etmekteydi gen\u00e7 adam\u0131n. Her taraf\u0131 uyu\u015ftu\u011fu i\u00e7in art\u0131k ac\u0131 da duymaz olmu\u015ftu. Tek s\u0131k\u0131nt\u0131s\u0131, susuzluktan yanayd\u0131. Bu y\u00fczden<span class=\"excerpt-hellip\"> [\u2026]<\/span><\/p>\n","protected":false},"featured_media":0,"template":"","meta":{"_monsterinsights_skip_tracking":false,"_monsterinsights_sitenote_active":false,"_monsterinsights_sitenote_note":"","_monsterinsights_sitenote_category":0},"product_brand":[],"product_cat":[12291,12711],"product_tag":[],"class_list":{"0":"post-741592","1":"product","2":"type-product","3":"status-publish","5":"product_cat-edebiyat","6":"product_cat-roman-oyku","7":"pa_cilt-ciltsiz","8":"pa_tur-kitap","9":"pa_yayinevi-platanus-publishing","10":"pa_yazar-billur-turkoglu-phelps","12":"first","13":"instock","14":"sale","15":"shipping-taxable","16":"purchasable","17":"product-type-simple"},"_links":{"self":[{"href":"https:\/\/roveyayinevi.com.tr\/index.php\/wp-json\/wp\/v2\/product\/741592","targetHints":{"allow":["GET"]}}],"collection":[{"href":"https:\/\/roveyayinevi.com.tr\/index.php\/wp-json\/wp\/v2\/product"}],"about":[{"href":"https:\/\/roveyayinevi.com.tr\/index.php\/wp-json\/wp\/v2\/types\/product"}],"wp:attachment":[{"href":"https:\/\/roveyayinevi.com.tr\/index.php\/wp-json\/wp\/v2\/media?parent=741592"}],"wp:term":[{"taxonomy":"product_brand","embeddable":true,"href":"https:\/\/roveyayinevi.com.tr\/index.php\/wp-json\/wp\/v2\/product_brand?post=741592"},{"taxonomy":"product_cat","embeddable":true,"href":"https:\/\/roveyayinevi.com.tr\/index.php\/wp-json\/wp\/v2\/product_cat?post=741592"},{"taxonomy":"product_tag","embeddable":true,"href":"https:\/\/roveyayinevi.com.tr\/index.php\/wp-json\/wp\/v2\/product_tag?post=741592"}],"curies":[{"name":"wp","href":"https:\/\/api.w.org\/{rel}","templated":true}]}}