{"id":741558,"date":"2025-08-28T00:52:04","date_gmt":"2025-08-27T21:52:04","guid":{"rendered":"https:\/\/roveyayinevi.com.tr\/index.php\/urun\/darbuka-solo\/"},"modified":"2026-04-16T02:52:44","modified_gmt":"2026-04-15T23:52:44","slug":"darbuka-solo","status":"publish","type":"product","link":"https:\/\/roveyayinevi.com.tr\/index.php\/urun\/darbuka-solo\/","title":{"rendered":"Darbuka Solo"},"content":{"rendered":"<p>k\u0131y\u0131ya \u00e7ok iyi vuruyoruz nerden biliyoruz y\u00fczmeyi dinlenerek ate\u015fi k\u00f6r\u00fckleyerek \u0130rlanda diyerek a\u011fz\u0131m\u0131z\u0131 daha b\u00fcy\u00fck a\u00e7arak AAAA! diyerek birbirimizin hayat\u0131yla ne yap\u0131yorsak yap\u0131yoruz ama dokunmak yok eller yan\u0131k mis gibi iyi olan kessin sesini ba\u011fda\u015f kursun otursun \u00e7ad\u0131rlarda g\u00fczel olan a\u011flas\u0131n hakl\u0131 olan \u00e7\u0131ld\u0131rs\u0131n yumru\u011fumuz belli olsun yumru\u011fumuz belli olsun <\/p>\n","protected":false},"excerpt":{"rendered":"<p>k\u0131y\u0131ya \u00e7ok iyi vuruyoruz nerden biliyoruz y\u00fczmeyi dinlenerek ate\u015fi k\u00f6r\u00fckleyerek \u0130rlanda diyerek a\u011fz\u0131m\u0131z\u0131 daha b\u00fcy\u00fck a\u00e7arak AAAA! diyerek birbirimizin hayat\u0131yla ne yap\u0131yorsak yap\u0131yoruz ama dokunmak yok<span class=\"excerpt-hellip\"> [\u2026]<\/span><\/p>\n","protected":false},"featured_media":0,"template":"","meta":{"_monsterinsights_skip_tracking":false,"_monsterinsights_sitenote_active":false,"_monsterinsights_sitenote_note":"","_monsterinsights_sitenote_category":0},"product_brand":[],"product_cat":[12291,12509],"product_tag":[],"class_list":{"0":"post-741558","1":"product","2":"type-product","3":"status-publish","5":"product_cat-edebiyat","6":"product_cat-siir","7":"pa_cilt-ciltsiz","8":"pa_tur-kitap","9":"pa_yayinevi-ithaki-yayinlari","10":"pa_yazar-cemed-loma","12":"first","13":"instock","14":"sale","15":"shipping-taxable","16":"purchasable","17":"product-type-simple"},"_links":{"self":[{"href":"https:\/\/roveyayinevi.com.tr\/index.php\/wp-json\/wp\/v2\/product\/741558","targetHints":{"allow":["GET"]}}],"collection":[{"href":"https:\/\/roveyayinevi.com.tr\/index.php\/wp-json\/wp\/v2\/product"}],"about":[{"href":"https:\/\/roveyayinevi.com.tr\/index.php\/wp-json\/wp\/v2\/types\/product"}],"wp:attachment":[{"href":"https:\/\/roveyayinevi.com.tr\/index.php\/wp-json\/wp\/v2\/media?parent=741558"}],"wp:term":[{"taxonomy":"product_brand","embeddable":true,"href":"https:\/\/roveyayinevi.com.tr\/index.php\/wp-json\/wp\/v2\/product_brand?post=741558"},{"taxonomy":"product_cat","embeddable":true,"href":"https:\/\/roveyayinevi.com.tr\/index.php\/wp-json\/wp\/v2\/product_cat?post=741558"},{"taxonomy":"product_tag","embeddable":true,"href":"https:\/\/roveyayinevi.com.tr\/index.php\/wp-json\/wp\/v2\/product_tag?post=741558"}],"curies":[{"name":"wp","href":"https:\/\/api.w.org\/{rel}","templated":true}]}}