{"id":741549,"date":"2025-08-28T00:51:53","date_gmt":"2025-08-27T21:51:53","guid":{"rendered":"https:\/\/roveyayinevi.com.tr\/index.php\/urun\/demdeste\/"},"modified":"2026-04-16T02:52:44","modified_gmt":"2026-04-15T23:52:44","slug":"demdeste","status":"publish","type":"product","link":"https:\/\/roveyayinevi.com.tr\/index.php\/urun\/demdeste\/","title":{"rendered":"Demdeste"},"content":{"rendered":"<p>D\u00fcn gibi hat\u0131r\u0131mda. A\u011f\u0131r aksak ad\u0131mlarla, ya\u015fl\u0131 bir sonbahar ge\u00e7iyordu o s\u0131rada i\u00e7imden. Ate\u015f b\u00f6ceklerinin ayd\u0131nlatt\u0131\u011f\u0131 gecede, yolunu bulmaya \u00e7al\u0131\u015fan uyku ka\u00e7a\u011f\u0131 bir r\u00fcyan\u0131n d\u0131\u015favurumuydun sanki..       <\/p>\n","protected":false},"excerpt":{"rendered":"<p>D\u00fcn gibi hat\u0131r\u0131mda. A\u011f\u0131r aksak ad\u0131mlarla, ya\u015fl\u0131 bir sonbahar ge\u00e7iyordu o s\u0131rada i\u00e7imden. Ate\u015f b\u00f6ceklerinin ayd\u0131nlatt\u0131\u011f\u0131 gecede, yolunu bulmaya \u00e7al\u0131\u015fan uyku ka\u00e7a\u011f\u0131 bir r\u00fcyan\u0131n d\u0131\u015favurumuydun sanki..<\/p>\n","protected":false},"featured_media":0,"template":"","meta":{"_monsterinsights_skip_tracking":false,"_monsterinsights_sitenote_active":false,"_monsterinsights_sitenote_note":"","_monsterinsights_sitenote_category":0},"product_brand":[],"product_cat":[12291,12509],"product_tag":[],"class_list":{"0":"post-741549","1":"product","2":"type-product","3":"status-publish","5":"product_cat-edebiyat","6":"product_cat-siir","7":"pa_cilt-ciltsiz","8":"pa_tur-kitap","9":"pa_yayinevi-imgenin-cocuklari","10":"pa_yazar-cinar-gole","12":"first","13":"instock","14":"sale","15":"shipping-taxable","16":"purchasable","17":"product-type-simple"},"_links":{"self":[{"href":"https:\/\/roveyayinevi.com.tr\/index.php\/wp-json\/wp\/v2\/product\/741549","targetHints":{"allow":["GET"]}}],"collection":[{"href":"https:\/\/roveyayinevi.com.tr\/index.php\/wp-json\/wp\/v2\/product"}],"about":[{"href":"https:\/\/roveyayinevi.com.tr\/index.php\/wp-json\/wp\/v2\/types\/product"}],"wp:attachment":[{"href":"https:\/\/roveyayinevi.com.tr\/index.php\/wp-json\/wp\/v2\/media?parent=741549"}],"wp:term":[{"taxonomy":"product_brand","embeddable":true,"href":"https:\/\/roveyayinevi.com.tr\/index.php\/wp-json\/wp\/v2\/product_brand?post=741549"},{"taxonomy":"product_cat","embeddable":true,"href":"https:\/\/roveyayinevi.com.tr\/index.php\/wp-json\/wp\/v2\/product_cat?post=741549"},{"taxonomy":"product_tag","embeddable":true,"href":"https:\/\/roveyayinevi.com.tr\/index.php\/wp-json\/wp\/v2\/product_tag?post=741549"}],"curies":[{"name":"wp","href":"https:\/\/api.w.org\/{rel}","templated":true}]}}