{"id":741548,"date":"2025-08-28T00:51:51","date_gmt":"2025-08-27T21:51:51","guid":{"rendered":"https:\/\/roveyayinevi.com.tr\/index.php\/urun\/cekmecemi-karistiran-cesetler\/"},"modified":"2026-04-16T02:52:44","modified_gmt":"2026-04-15T23:52:44","slug":"cekmecemi-karistiran-cesetler","status":"publish","type":"product","link":"https:\/\/roveyayinevi.com.tr\/index.php\/urun\/cekmecemi-karistiran-cesetler\/","title":{"rendered":"\u00c7ekmecemi Kar\u0131\u015ft\u0131ran Cesetler"},"content":{"rendered":"<p>\u201cYa\u015far Bedri, t\u00fcml\u00fckl\u00fc bir mesel kurmak istiyor. Hatta kendini meselle\u015ftirmek istiyor. \u015eiirin hedefledi\u011fi bu amac\u0131, merakla ve ilgiyle izlemeliyiz.\u201d Ahmet Oktay \u201cYa\u015far Bedri, bir anlat\u0131m zenginli\u011fiyle \u00e7\u0131k\u0131yor kar\u015f\u0131m\u0131za.\u201d Kemal \u00d6zer \u201cOn parma\u011f\u0131nda on marifet: \u015eairdir, romanc\u0131d\u0131r, foto\u011fraf sanat\u00e7\u0131s\u0131d\u0131r, &#8216;nakka\u015f&#8217;t\u0131r&#8230; Elhas\u0131l, ger\u00e7ekten nevi \u015fahs\u0131na m\u00fcnhas\u0131r biridir. Ya\u015far Yedri; Baudelaire gibi s\u00f6ylersem, &#8216; karde\u015fim, benzerim&#8217; i\u015fte o hem yaral\u0131 olan\u0131n hem de yaralay\u0131c\u0131 olan&#8217;\u0131n \u015fiirini yaz\u0131yor. bu \u015fiirin sesi, elbette, &#8216;\u00e2h!&#8217; olacakt\u0131r, -evet, sacece &#8216;\u00e2h..!\u201d Hilmi Yavuz \u201cYa\u015far Bedri, kelimeleri yelken yaparak di\u011fer kelimeleri bununla y\u00fczd\u00fcren bir \u2018reis\u2019tir. Onun \u015fiiri eski Trabzon\u2019u and\u0131r\u0131r. Eski Trabzon do\u011fudan gelen ticaret yollar\u0131n\u0131 bat\u0131 d\u00fcnyas\u0131 ile bulu\u015fturdu\u011fu yerdi.\u201d H.H\u00fcsrev Hatemi \u201cYa\u015far Bedri, \u015fiir gelene\u011finden s\u00fczd\u00fc\u011f\u00fc \u00e7a\u011fda\u015f yorumla \u2018yaralayan\u2019 \u015fiirin izini s\u00fcr\u00fcyor.\u201d Refik Durba\u015f \u201cHayat\u0131n r\u00fczg\u00e2rl\u0131 taraf\u0131d\u0131r Ya\u015far Bedri. Toplumsal, bireysel her titre\u015fimi alg\u0131layabilmek i\u00e7in kendi derisini y\u00fczmeyi g\u00f6ze alman\u0131n getirdi\u011fi noktad\u0131r \u015fiirle bulu\u015fmas\u0131.\u201d Veysel \u00c7olak Ya\u015far Bedri&#8217;nin \u2018Ru\u015fen Ali Cengi\u2019ni okuyorum. \u0130\u00e7imi bir ac\u0131 dolduruyor. Yaram a\u00e7\u0131l\u0131yor ve kan\u0131yor yeniden. G\u00fcn\u00fcm\u00fcze uzun birer a\u011f\u0131t bu \u015fiirler. Metin Cengiz Sanki kelimelerle de\u011fil de; onlar\u0131n ruhuyla yaz\u0131lm\u0131\u015f gibi zarif. Tasavvuf ehli Ya\u015far Bedri\u2019ye el vermi\u015f anla\u015f\u0131lan.\u201d Haydar Erg\u00fclen \u201c\u015eair, lirik, ak\u0131\u015fkan ve rafine edilmi\u015f bir dil haznesiyle sesleniyor.\u201d \u0130hsan Deniz     <\/p>\n","protected":false},"excerpt":{"rendered":"<p>\u201cYa\u015far Bedri, t\u00fcml\u00fckl\u00fc bir mesel kurmak istiyor. Hatta kendini meselle\u015ftirmek istiyor. \u015eiirin hedefledi\u011fi bu amac\u0131, merakla ve ilgiyle izlemeliyiz.\u201d Ahmet Oktay \u201cYa\u015far Bedri, bir anlat\u0131m zenginli\u011fiyle<span class=\"excerpt-hellip\"> [\u2026]<\/span><\/p>\n","protected":false},"featured_media":0,"template":"","meta":{"_monsterinsights_skip_tracking":false,"_monsterinsights_sitenote_active":false,"_monsterinsights_sitenote_note":"","_monsterinsights_sitenote_category":0},"product_brand":[],"product_cat":[12291,12509],"product_tag":[],"class_list":{"0":"post-741548","1":"product","2":"type-product","3":"status-publish","5":"product_cat-edebiyat","6":"product_cat-siir","7":"pa_cilt-ciltsiz","8":"pa_tur-kitap","9":"pa_yayinevi-imgenin-cocuklari","10":"pa_yazar-yasar-bedri","12":"first","13":"instock","14":"sale","15":"shipping-taxable","16":"purchasable","17":"product-type-simple"},"_links":{"self":[{"href":"https:\/\/roveyayinevi.com.tr\/index.php\/wp-json\/wp\/v2\/product\/741548","targetHints":{"allow":["GET"]}}],"collection":[{"href":"https:\/\/roveyayinevi.com.tr\/index.php\/wp-json\/wp\/v2\/product"}],"about":[{"href":"https:\/\/roveyayinevi.com.tr\/index.php\/wp-json\/wp\/v2\/types\/product"}],"wp:attachment":[{"href":"https:\/\/roveyayinevi.com.tr\/index.php\/wp-json\/wp\/v2\/media?parent=741548"}],"wp:term":[{"taxonomy":"product_brand","embeddable":true,"href":"https:\/\/roveyayinevi.com.tr\/index.php\/wp-json\/wp\/v2\/product_brand?post=741548"},{"taxonomy":"product_cat","embeddable":true,"href":"https:\/\/roveyayinevi.com.tr\/index.php\/wp-json\/wp\/v2\/product_cat?post=741548"},{"taxonomy":"product_tag","embeddable":true,"href":"https:\/\/roveyayinevi.com.tr\/index.php\/wp-json\/wp\/v2\/product_tag?post=741548"}],"curies":[{"name":"wp","href":"https:\/\/api.w.org\/{rel}","templated":true}]}}