{"id":741545,"date":"2025-08-28T00:51:47","date_gmt":"2025-08-27T21:51:47","guid":{"rendered":"https:\/\/roveyayinevi.com.tr\/index.php\/urun\/hazel-cha-cha-yilbasini-kurtariyor\/"},"modified":"2026-04-16T02:52:44","modified_gmt":"2026-04-15T23:52:44","slug":"hazel-cha-cha-yilbasini-kurtariyor","status":"publish","type":"product","link":"https:\/\/roveyayinevi.com.tr\/index.php\/urun\/hazel-cha-cha-yilbasini-kurtariyor\/","title":{"rendered":"Hazel &amp; Cha Cha Y\u0131lba\u015f\u0131n\u0131 Kurtar\u0131yor"},"content":{"rendered":"<p>\u0130lk kez \u015eemsiye Akademisi: Dallas&#8217;ta tan\u0131\u015ft\u0131\u011f\u0131m\u0131z tuhaf suikast\u00e7\u0131lar Hazel ve Cha Cha, emirlere itaat etmeyen bir zaman ajan\u0131n\u0131n pe\u015fine d\u00fc\u015fer ve Y\u0131lba\u015f\u0131 kutlamalar\u0131n\u0131 g\u00f6zden d\u00fc\u015f\u00fcrecek bir entrika ile kar\u015f\u0131la\u015f\u0131r. (Tan\u0131t\u0131m B\u00fclteninden)<\/p>\n","protected":false},"excerpt":{"rendered":"<p>\u0130lk kez \u015eemsiye Akademisi: Dallas&#8217;ta tan\u0131\u015ft\u0131\u011f\u0131m\u0131z tuhaf suikast\u00e7\u0131lar Hazel ve Cha Cha, emirlere itaat etmeyen bir zaman ajan\u0131n\u0131n pe\u015fine d\u00fc\u015fer ve Y\u0131lba\u015f\u0131 kutlamalar\u0131n\u0131 g\u00f6zden d\u00fc\u015f\u00fcrecek bir<span class=\"excerpt-hellip\"> [\u2026]<\/span><\/p>\n","protected":false},"featured_media":0,"template":"","meta":{"_monsterinsights_skip_tracking":false,"_monsterinsights_sitenote_active":false,"_monsterinsights_sitenote_note":"","_monsterinsights_sitenote_category":0},"product_brand":[],"product_cat":[12416,12291],"product_tag":[],"class_list":{"0":"post-741545","1":"product","2":"type-product","3":"status-publish","5":"product_cat-cizgi-roman","6":"product_cat-edebiyat","7":"pa_cilt-ciltsiz","8":"pa_tur-kitap","9":"pa_yayinevi-jbc-yayincilik","10":"pa_yazar-gerard-way","12":"first","13":"instock","14":"sale","15":"shipping-taxable","16":"purchasable","17":"product-type-simple"},"_links":{"self":[{"href":"https:\/\/roveyayinevi.com.tr\/index.php\/wp-json\/wp\/v2\/product\/741545","targetHints":{"allow":["GET"]}}],"collection":[{"href":"https:\/\/roveyayinevi.com.tr\/index.php\/wp-json\/wp\/v2\/product"}],"about":[{"href":"https:\/\/roveyayinevi.com.tr\/index.php\/wp-json\/wp\/v2\/types\/product"}],"wp:attachment":[{"href":"https:\/\/roveyayinevi.com.tr\/index.php\/wp-json\/wp\/v2\/media?parent=741545"}],"wp:term":[{"taxonomy":"product_brand","embeddable":true,"href":"https:\/\/roveyayinevi.com.tr\/index.php\/wp-json\/wp\/v2\/product_brand?post=741545"},{"taxonomy":"product_cat","embeddable":true,"href":"https:\/\/roveyayinevi.com.tr\/index.php\/wp-json\/wp\/v2\/product_cat?post=741545"},{"taxonomy":"product_tag","embeddable":true,"href":"https:\/\/roveyayinevi.com.tr\/index.php\/wp-json\/wp\/v2\/product_tag?post=741545"}],"curies":[{"name":"wp","href":"https:\/\/api.w.org\/{rel}","templated":true}]}}