{"id":741544,"date":"2025-08-28T00:51:46","date_gmt":"2025-08-27T21:51:46","guid":{"rendered":"https:\/\/roveyayinevi.com.tr\/index.php\/urun\/god-of-war-sayi-4\/"},"modified":"2026-04-16T02:52:44","modified_gmt":"2026-04-15T23:52:44","slug":"god-of-war-sayi-4","status":"publish","type":"product","link":"https:\/\/roveyayinevi.com.tr\/index.php\/urun\/god-of-war-sayi-4\/","title":{"rendered":"God Of War Say\u0131 4"},"content":{"rendered":"<p>Kratos ay\u0131lar\u0131n inine girer. Berzerkerlerin g\u00fc\u00e7 kayna\u011f\u0131n\u0131 yok etmek isterken, Atreus\u2019u tehlikeye atabilecek bir m\u00fccadeleye girer. Sava\u015f Tanr\u0131s\u0131 kontrol\u00fc kaybetmeden kavgaya son verebilecek mi yoksa \u00f6fkesine yenik d\u00fc\u015f\u00fcp o\u011fluyla kurdu\u011fu ba\u011f\u0131 parampar\u00e7a m\u0131 edecek? Bu sorunun cevab\u0131, hikayeyi noktalayan d\u00f6rd\u00fcnc\u00fc fasik\u00fclde gizli. (Tan\u0131t\u0131m B\u00fclteninden)<\/p>\n","protected":false},"excerpt":{"rendered":"<p>Kratos ay\u0131lar\u0131n inine girer. Berzerkerlerin g\u00fc\u00e7 kayna\u011f\u0131n\u0131 yok etmek isterken, Atreus\u2019u tehlikeye atabilecek bir m\u00fccadeleye girer. Sava\u015f Tanr\u0131s\u0131 kontrol\u00fc kaybetmeden kavgaya son verebilecek mi yoksa \u00f6fkesine<span class=\"excerpt-hellip\"> [\u2026]<\/span><\/p>\n","protected":false},"featured_media":0,"template":"","meta":{"_monsterinsights_skip_tracking":false,"_monsterinsights_sitenote_active":false,"_monsterinsights_sitenote_note":"","_monsterinsights_sitenote_category":0},"product_brand":[],"product_cat":[12416,12291],"product_tag":[],"class_list":{"0":"post-741544","1":"product","2":"type-product","3":"status-publish","5":"product_cat-cizgi-roman","6":"product_cat-edebiyat","7":"pa_cilt-ciltsiz","8":"pa_tur-kitap","9":"pa_yayinevi-jbc-yayincilik","10":"pa_yazar-chris-roberson","12":"first","13":"instock","14":"sale","15":"shipping-taxable","16":"purchasable","17":"product-type-simple"},"_links":{"self":[{"href":"https:\/\/roveyayinevi.com.tr\/index.php\/wp-json\/wp\/v2\/product\/741544","targetHints":{"allow":["GET"]}}],"collection":[{"href":"https:\/\/roveyayinevi.com.tr\/index.php\/wp-json\/wp\/v2\/product"}],"about":[{"href":"https:\/\/roveyayinevi.com.tr\/index.php\/wp-json\/wp\/v2\/types\/product"}],"wp:attachment":[{"href":"https:\/\/roveyayinevi.com.tr\/index.php\/wp-json\/wp\/v2\/media?parent=741544"}],"wp:term":[{"taxonomy":"product_brand","embeddable":true,"href":"https:\/\/roveyayinevi.com.tr\/index.php\/wp-json\/wp\/v2\/product_brand?post=741544"},{"taxonomy":"product_cat","embeddable":true,"href":"https:\/\/roveyayinevi.com.tr\/index.php\/wp-json\/wp\/v2\/product_cat?post=741544"},{"taxonomy":"product_tag","embeddable":true,"href":"https:\/\/roveyayinevi.com.tr\/index.php\/wp-json\/wp\/v2\/product_tag?post=741544"}],"curies":[{"name":"wp","href":"https:\/\/api.w.org\/{rel}","templated":true}]}}