{"id":741540,"date":"2025-08-28T00:51:40","date_gmt":"2025-08-27T21:51:40","guid":{"rendered":"https:\/\/roveyayinevi.com.tr\/index.php\/urun\/benim-evim-istanbul\/"},"modified":"2026-04-15T03:03:25","modified_gmt":"2026-04-15T00:03:25","slug":"benim-evim-istanbul","status":"publish","type":"product","link":"https:\/\/roveyayinevi.com.tr\/index.php\/urun\/benim-evim-istanbul\/","title":{"rendered":"Benim Evim \u0130stanbul"},"content":{"rendered":"<p>\u0130stanbul d\u00fcnyan\u0131n g\u00f6zbebe\u011fi. Sizce de \u00f6yle de\u011fil mi? Peki, bu muhte\u015fem \u015fehrin gizemlerini ke\u015ffetmek, g\u00fczelliklerini ya\u015famak istemez misiniz? Cevab\u0131n\u0131z \u201cevet\u201d mi? O h\u00e2lde bize kat\u0131l\u0131n ve birbirinden de\u011ferli yazarlar\u0131n \u00f6yk\u00fcleri aras\u0131nda \u0130stanbul\u2019u turlayal\u0131m. Bazen bir kedi olup Heybeliada\u2019n\u0131n huzur dolu sahilinde gezecek bazen bir kargayla K\u0131z Kulesi\u2019nin hik\u00e2yesinin derinliklerine dalaca\u011f\u0131z. Galata\u2019dan Bostanc\u0131\u2019ya, Kuzguncuk\u2019tan Yelde\u011firmeni\u2019ne, Maltepe\u2019den Moda\u2019ya uzanan; a\u011fa\u00e7larla, ku\u015flarla, g\u00fczel y\u00fcrekli insanlarla bezeli \u00f6yk\u00fcleri okurken \u00e7ok e\u011fleneceksiniz. Zaten ev dedi\u011fimiz en mutlu oldu\u011fumuz yer de\u011fil midir? Hadi o zaman! Son vapuru ka\u00e7\u0131rmadan sayfalar\u0131 \u00e7evirmeye ba\u015flayal\u0131m. <\/p>\n","protected":false},"excerpt":{"rendered":"<p>\u0130stanbul d\u00fcnyan\u0131n g\u00f6zbebe\u011fi. Sizce de \u00f6yle de\u011fil mi? Peki, bu muhte\u015fem \u015fehrin gizemlerini ke\u015ffetmek, g\u00fczelliklerini ya\u015famak istemez misiniz? Cevab\u0131n\u0131z \u201cevet\u201d mi? O h\u00e2lde bize kat\u0131l\u0131n ve<span class=\"excerpt-hellip\"> [\u2026]<\/span><\/p>\n","protected":false},"featured_media":0,"template":"","meta":{"_monsterinsights_skip_tracking":false,"_monsterinsights_sitenote_active":false,"_monsterinsights_sitenote_note":"","_monsterinsights_sitenote_category":0},"product_brand":[],"product_cat":[12291,18202],"product_tag":[],"class_list":{"0":"post-741540","1":"product","2":"type-product","3":"status-publish","5":"product_cat-edebiyat","6":"product_cat-hikaye","7":"pa_cilt-ciltsiz","8":"pa_tur-kitap","9":"pa_yayinevi-ucan-at","10":"pa_yazar-kolektif","12":"first","13":"instock","14":"sale","15":"shipping-taxable","16":"purchasable","17":"product-type-simple"},"_links":{"self":[{"href":"https:\/\/roveyayinevi.com.tr\/index.php\/wp-json\/wp\/v2\/product\/741540","targetHints":{"allow":["GET"]}}],"collection":[{"href":"https:\/\/roveyayinevi.com.tr\/index.php\/wp-json\/wp\/v2\/product"}],"about":[{"href":"https:\/\/roveyayinevi.com.tr\/index.php\/wp-json\/wp\/v2\/types\/product"}],"wp:attachment":[{"href":"https:\/\/roveyayinevi.com.tr\/index.php\/wp-json\/wp\/v2\/media?parent=741540"}],"wp:term":[{"taxonomy":"product_brand","embeddable":true,"href":"https:\/\/roveyayinevi.com.tr\/index.php\/wp-json\/wp\/v2\/product_brand?post=741540"},{"taxonomy":"product_cat","embeddable":true,"href":"https:\/\/roveyayinevi.com.tr\/index.php\/wp-json\/wp\/v2\/product_cat?post=741540"},{"taxonomy":"product_tag","embeddable":true,"href":"https:\/\/roveyayinevi.com.tr\/index.php\/wp-json\/wp\/v2\/product_tag?post=741540"}],"curies":[{"name":"wp","href":"https:\/\/api.w.org\/{rel}","templated":true}]}}