{"id":741538,"date":"2025-08-28T00:51:39","date_gmt":"2025-08-27T21:51:39","guid":{"rendered":"https:\/\/roveyayinevi.com.tr\/index.php\/urun\/palyatif-toplum\/"},"modified":"2026-04-16T02:52:44","modified_gmt":"2026-04-15T23:52:44","slug":"palyatif-toplum","status":"publish","type":"product","link":"https:\/\/roveyayinevi.com.tr\/index.php\/urun\/palyatif-toplum\/","title":{"rendered":"Palyatif Toplum"},"content":{"rendered":"<p>G\u00fcn\u00fcm\u00fczde her yerde genel bir algofobi, ac\u0131 korkusu h\u00e2kim. Ac\u0131 tolerans\u0131 da h\u0131zla d\u00fc\u015fmekte. Algofobi s\u00fcrekli bir anesteziye yol a\u00e7t\u0131. Ac\u0131 yaratacak her durumdan ka\u00e7\u0131n\u0131l\u0131yor. A\u015fk ac\u0131lar\u0131na bile \u015f\u00fcpheyle bak\u0131lmaya ba\u015fland\u0131 art\u0131k. Algofobi toplumsal alana da uzan\u0131r. Ac\u0131 verici tart\u0131\u015fmalara yol a\u00e7abilecek \u00e7at\u0131\u015fma ve fikir ayr\u0131l\u0131klar\u0131na ve \u00e7at\u0131\u015fmalar\u0131na giderek daha az yer verilmektedir. Algofobi siyasete de yans\u0131r. Uyum ve uyu\u015fma bask\u0131s\u0131 artar. Siyaset palyatif bir alana yerle\u015ferek her t\u00fcrl\u00fc canl\u0131l\u0131\u011f\u0131n\u0131 yitirir. \u201cAlternatifsizlik\u201d siyasi bir a\u011fr\u0131 kesicidir. Mu\u011flak \u201corta yol\u201d palyatif bir etki g\u00f6sterir. Tart\u0131\u015fman\u0131n ve daha iyi savlar u\u011fruna m\u00fccadelenin yerini sisteme uyma bask\u0131s\u0131 al\u0131r. Demokrasi-sonras\u0131 bir toplum yap\u0131s\u0131 yayg\u0131nla\u015fmaktad\u0131r. Bu palyatif bir demokrasidir. Palyatif siyaset ac\u0131 verebilecek keskin reformlar ya da vizyonlar olu\u015fturmay\u0131 beceremez. Bunun yerine sistemik bozukluk ve k\u0131r\u0131kl\u0131klar\u0131n \u00fczerini \u00f6rtmekle kalan k\u0131sa s\u00fcre etkili a\u011fr\u0131 kesicilere ba\u015fvurur. Palyatif siyasetin ac\u0131ya cesareti yoktur. B\u00f6ylece her \u015fey eskisi gibi devam eder. \u2014 Byung-Chul Han<\/p>\n","protected":false},"excerpt":{"rendered":"<p>G\u00fcn\u00fcm\u00fczde her yerde genel bir algofobi, ac\u0131 korkusu h\u00e2kim. Ac\u0131 tolerans\u0131 da h\u0131zla d\u00fc\u015fmekte. Algofobi s\u00fcrekli bir anesteziye yol a\u00e7t\u0131. Ac\u0131 yaratacak her durumdan ka\u00e7\u0131n\u0131l\u0131yor. A\u015fk<span class=\"excerpt-hellip\"> [\u2026]<\/span><\/p>\n","protected":false},"featured_media":0,"template":"","meta":{"_monsterinsights_skip_tracking":false,"_monsterinsights_sitenote_active":false,"_monsterinsights_sitenote_note":"","_monsterinsights_sitenote_category":0},"product_brand":[],"product_cat":[12835,12324],"product_tag":[],"class_list":{"0":"post-741538","1":"product","2":"type-product","3":"status-publish","5":"product_cat-genel-sosyoloji","6":"product_cat-sosyoloji","7":"pa_cilt-ciltsiz","8":"pa_tur-kitap","9":"pa_yayinevi-metis-yayinlari","10":"pa_yazar-byung-chul-han","12":"first","13":"instock","14":"sale","15":"shipping-taxable","16":"purchasable","17":"product-type-simple"},"_links":{"self":[{"href":"https:\/\/roveyayinevi.com.tr\/index.php\/wp-json\/wp\/v2\/product\/741538","targetHints":{"allow":["GET"]}}],"collection":[{"href":"https:\/\/roveyayinevi.com.tr\/index.php\/wp-json\/wp\/v2\/product"}],"about":[{"href":"https:\/\/roveyayinevi.com.tr\/index.php\/wp-json\/wp\/v2\/types\/product"}],"wp:attachment":[{"href":"https:\/\/roveyayinevi.com.tr\/index.php\/wp-json\/wp\/v2\/media?parent=741538"}],"wp:term":[{"taxonomy":"product_brand","embeddable":true,"href":"https:\/\/roveyayinevi.com.tr\/index.php\/wp-json\/wp\/v2\/product_brand?post=741538"},{"taxonomy":"product_cat","embeddable":true,"href":"https:\/\/roveyayinevi.com.tr\/index.php\/wp-json\/wp\/v2\/product_cat?post=741538"},{"taxonomy":"product_tag","embeddable":true,"href":"https:\/\/roveyayinevi.com.tr\/index.php\/wp-json\/wp\/v2\/product_tag?post=741538"}],"curies":[{"name":"wp","href":"https:\/\/api.w.org\/{rel}","templated":true}]}}