{"id":741531,"date":"2025-08-28T00:51:30","date_gmt":"2025-08-27T21:51:30","guid":{"rendered":"https:\/\/roveyayinevi.com.tr\/index.php\/urun\/ortadogu-ve-sovyetler-birligi-su-diplomasisi-sovyet-donem-ve-sonrasi\/"},"modified":"2026-04-16T02:52:43","modified_gmt":"2026-04-15T23:52:43","slug":"ortadogu-ve-sovyetler-birligi-su-diplomasisi-sovyet-donem-ve-sonrasi","status":"publish","type":"product","link":"https:\/\/roveyayinevi.com.tr\/index.php\/urun\/ortadogu-ve-sovyetler-birligi-su-diplomasisi-sovyet-donem-ve-sonrasi\/","title":{"rendered":"Ortado\u011fu ve Sovyetler Birli\u011fi Su Diplomasisi Sovyet D\u00f6nem ve Sonras\u0131"},"content":{"rendered":"<p>So\u011fuk Sava\u015f\u2019\u0131n sona ermesiyle t\u00fcm d\u00fcnyada kartlar yeniden da\u011f\u0131t\u0131ld\u0131. Bu s\u0131rada bir\u00e7ok co\u011frafya, tarifi zor kan ve g\u00f6zya\u015f\u0131na sahne oldu. \u201cKaderi\u201d sava\u015flar ve istikrars\u0131zl\u0131k olan Ortado\u011fu ise bu s\u0131k\u0131nt\u0131lardan en \u00e7ok nasibini alan b\u00f6lge olarak yine tarihi kay\u0131tlarda en \u00fcst s\u0131ralara oturdu. Libya, Suriye ve Irak\u2019\u0131n i\u00e7ine d\u00fc\u015ft\u00fc\u011f\u00fc kanl\u0131 tabloya bak\u0131p neden b\u00f6yle oldu sorusuna cevap olarak bu \u00fclkelerin bask\u0131c\u0131 siyasi rejimleri, mezhep\u00e7ilik, d\u0131\u015f m\u00fcdahaleler ve tarihi pek \u00e7ok sebep say\u0131labilir. Elinizdeki bu kitab\u0131n amac\u0131; s\u00f6z konusu konularda kapsaml\u0131 bir inceleme yapmak, s\u00fcre\u00e7lerle ilgili kronolojik bir anlat\u0131 sunmak de\u011fil, bir uzman\u0131n, uzmanl\u0131k alanlar\u0131yla ilgili, bireysel g\u00f6zlemlerini \u00f6zya\u015fam ile tarihin bulu\u015ftu\u011fu bir \u201canlat\u0131\u201d bi\u00e7iminde aktarmakt\u0131r. B\u00fcy\u00fck zaman farklar\u0131yla olu\u015fan olaylar\u0131n izini s\u00fcrmek i\u00e7in \u201cgeleneksel anlat\u0131dan\u201d farkl\u0131 bir yakla\u015f\u0131mla zaman\u0131n kronolojik ak\u0131\u015f\u0131ndan saparak, at\u0131flar yaparak, ge\u00e7mi\u015f ve gelece\u011fe y\u00f6nelmek gerekebilir. Okur da kitap boyunca; \u201ckronolojik sapma\u201d olarak adland\u0131r\u0131lan geriye d\u00f6n\u00fc\u015fler ve ileriye yolcuklarla zaman zaman kar\u015f\u0131la\u015fmakta ve \u201canlat\u0131\u201d \u00e7er\u00e7evesinde zamanda bir yolculuk yapmaktad\u0131r. \u00d6zden Bilen, Devlet Su \u0130\u015fleri Genel M\u00fcd\u00fcrl\u00fc\u011f\u00fc\u2019n\u00fcn \u00e7e\u015fitli kademelerinde uzun y\u0131llar hizmet verdikten sonra Genel M\u00fcd\u00fcr olarak atanm\u0131\u015ft\u0131r. Ortado\u011fu Su Sorunlar\u0131 ve T\u00fcrkiye\u2019nin Su G\u00fcndemi konusunda \u00e7ok say\u0131da yay\u0131n\u0131 bulunan yazar, Ortado\u011fu \u00fclkeleri ve Sovyetler Birli\u011fi\u2019nde yapt\u0131\u011f\u0131 teknik ziyaretleri g\u00fcn\u00fcm\u00fcze yans\u0131yan toplumsal ve siyasal geli\u015fmeleri de kapsayacak \u015fekilde ele almaktad\u0131r. Ya\u015fad\u0131\u011f\u0131m\u0131z olaylar\u0131 bir m\u00fchendisin bak\u0131\u015f a\u00e7\u0131s\u0131yla de\u011ferlendirmek i\u00e7in su yolculu\u011funa kat\u0131lmaya haz\u0131r m\u0131s\u0131n\u0131z? <\/p>\n","protected":false},"excerpt":{"rendered":"<p>So\u011fuk Sava\u015f\u2019\u0131n sona ermesiyle t\u00fcm d\u00fcnyada kartlar yeniden da\u011f\u0131t\u0131ld\u0131. Bu s\u0131rada bir\u00e7ok co\u011frafya, tarifi zor kan ve g\u00f6zya\u015f\u0131na sahne oldu. \u201cKaderi\u201d sava\u015flar ve istikrars\u0131zl\u0131k olan Ortado\u011fu<span class=\"excerpt-hellip\"> [\u2026]<\/span><\/p>\n","protected":false},"featured_media":0,"template":"","meta":{"_monsterinsights_skip_tracking":false,"_monsterinsights_sitenote_active":false,"_monsterinsights_sitenote_note":"","_monsterinsights_sitenote_category":0},"product_brand":[],"product_cat":[13059,12337],"product_tag":[],"class_list":{"0":"post-741531","1":"product","2":"type-product","3":"status-publish","5":"product_cat-diger-politika-siyaset","6":"product_cat-politika-siyaset","7":"pa_cilt-ciltsiz","8":"pa_tur-kitap","9":"pa_yayinevi-frekans-kitap","10":"pa_yazar-ozden-bilen","12":"first","13":"instock","14":"sale","15":"shipping-taxable","16":"purchasable","17":"product-type-simple"},"_links":{"self":[{"href":"https:\/\/roveyayinevi.com.tr\/index.php\/wp-json\/wp\/v2\/product\/741531","targetHints":{"allow":["GET"]}}],"collection":[{"href":"https:\/\/roveyayinevi.com.tr\/index.php\/wp-json\/wp\/v2\/product"}],"about":[{"href":"https:\/\/roveyayinevi.com.tr\/index.php\/wp-json\/wp\/v2\/types\/product"}],"wp:attachment":[{"href":"https:\/\/roveyayinevi.com.tr\/index.php\/wp-json\/wp\/v2\/media?parent=741531"}],"wp:term":[{"taxonomy":"product_brand","embeddable":true,"href":"https:\/\/roveyayinevi.com.tr\/index.php\/wp-json\/wp\/v2\/product_brand?post=741531"},{"taxonomy":"product_cat","embeddable":true,"href":"https:\/\/roveyayinevi.com.tr\/index.php\/wp-json\/wp\/v2\/product_cat?post=741531"},{"taxonomy":"product_tag","embeddable":true,"href":"https:\/\/roveyayinevi.com.tr\/index.php\/wp-json\/wp\/v2\/product_tag?post=741531"}],"curies":[{"name":"wp","href":"https:\/\/api.w.org\/{rel}","templated":true}]}}

Ortadoğu ve Sovyetler Birliği Su Diplomasisi Sovyet Dönem ve Sonrası

<p>Soğuk Savaş’ın sona ermesiyle tüm dünyada kartlar yeniden dağıtıldı. Bu sırada birçok coğrafya, tarifi zor kan ve gözyaşına sahne oldu. “Kaderi” savaşlar ve istikrarsızlık olan Ortadoğu ise bu sıkıntılardan en çok nasibini alan bölge olarak yine tarihi kayıtlarda en üst sıralara oturdu. Libya, Suriye ve Irak’ın içine düştüğü kanlı tabloya bakıp neden böyle oldu sorusuna cevap olarak bu ülkelerin baskıcı siyasi rejimleri, mezhepçilik, dış müdahaleler ve tarihi pek çok sebep sayılabilir. Elinizdeki bu kitabın amacı; söz konusu konularda kapsamlı bir inceleme yapmak, süreçlerle ilgili kronolojik bir anlatı sunmak değil, bir uzmanın, uzmanlık alanlarıyla ilgili, bireysel gözlemlerini özyaşam ile tarihin buluştuğu bir “anlatı” biçiminde aktarmaktır. Büyük zaman farklarıyla oluşan olayların izini sürmek için “geleneksel anlatıdan” farklı bir yaklaşımla zamanın kronolojik akışından saparak, atıflar yaparak, geçmiş ve geleceğe yönelmek gerekebilir. Okur da kitap boyunca; “kronolojik sapma” olarak adlandırılan geriye dönüşler ve ileriye yolcuklarla zaman zaman karşılaşmakta ve “anlatı” çerçevesinde zamanda bir yolculuk yapmaktadır. Özden Bilen, Devlet Su İşleri Genel Müdürlüğü’nün çeşitli kademelerinde uzun yıllar hizmet verdikten sonra Genel Müdür olarak atanmıştır. Ortadoğu Su Sorunları ve Türkiye’nin Su Gündemi konusunda çok sayıda yayını bulunan yazar, Ortadoğu ülkeleri ve Sovyetler Birliği’nde yaptığı teknik ziyaretleri günümüze yansıyan toplumsal ve siyasal gelişmeleri de kapsayacak şekilde ele almaktadır. Yaşadığımız olayları bir mühendisin bakış açısıyla değerlendirmek için su yolculuğuna katılmaya hazır mısınız? </p>

<p>Soğuk Savaş’ın sona ermesiyle tüm dünyada kartlar yeniden dağıtıldı. Bu sırada birçok coğrafya, tarifi zor kan ve gözyaşına sahne oldu. “Kaderi” savaşlar ve istikrarsızlık olan Ortadoğu<span class="excerpt-hellip"> […]</span></p>
