{"id":741519,"date":"2025-08-28T00:51:14","date_gmt":"2025-08-27T21:51:14","guid":{"rendered":"https:\/\/roveyayinevi.com.tr\/index.php\/urun\/hayvan-ciftligi-28\/"},"modified":"2026-04-16T02:52:43","modified_gmt":"2026-04-15T23:52:43","slug":"hayvan-ciftligi-28","status":"publish","type":"product","link":"https:\/\/roveyayinevi.com.tr\/index.php\/urun\/hayvan-ciftligi-28\/","title":{"rendered":"Hayvan \u00c7iftli\u011fi"},"content":{"rendered":"<p>Hayvan \u00c7iftli\u011fi, (orijinal ad\u0131yla Animal Farm) George Orwell\u2019in mecazi bir dille yaz\u0131lm\u0131\u015f, fabl tarz\u0131ndaki siyasi hiciv roman\u0131. Roman ilk olarak 1945\u2019te Birle\u015fik Krall\u0131k\u2019ta yay\u0131mland\u0131. 1996\u2019da ise ge\u00e7mi\u015f tarihler i\u00e7in verilen Retro Hugo \u00d6d\u00fcl\u00fc\u2019n\u00fc 1946 senesi i\u00e7in ald\u0131. Roman, Stalinizmin ele\u015ftirisidir. Kendisini her t\u00fcrl\u00fc totalitarizme kar\u015f\u0131 bir demokratik sosyalist olarak tan\u0131mlayan Orwell bu roman\u0131nda SSCB\u2019nin kurulu\u015fundan itibaren meydana gelen \u00f6nemli olaylar\u0131 kara mizah yoluyla ve mecazi bir dille anlat\u0131r. Hayvan \u00c7iftli\u011fi \u00e7ok yank\u0131 uyand\u0131rm\u0131\u015f ve olumlu ele\u015ftiriler alm\u0131\u015ft\u0131r. Bir Stalinizm ele\u015ftirisi olmakla birlikte, II. D\u00fcnya Sava\u015f\u0131 y\u0131llar\u0131nda m\u00fcttefiklerini k\u0131zd\u0131rmak istemeyen Birle\u015fik Krall\u0131k\u2019ta sans\u00fcre u\u011fram\u0131\u015ft\u0131r.<\/p>\n","protected":false},"excerpt":{"rendered":"<p>Hayvan \u00c7iftli\u011fi, (orijinal ad\u0131yla Animal Farm) George Orwell\u2019in mecazi bir dille yaz\u0131lm\u0131\u015f, fabl tarz\u0131ndaki siyasi hiciv roman\u0131. Roman ilk olarak 1945\u2019te Birle\u015fik Krall\u0131k\u2019ta yay\u0131mland\u0131. 1996\u2019da ise<span class=\"excerpt-hellip\"> [\u2026]<\/span><\/p>\n","protected":false},"featured_media":0,"template":"","meta":{"_monsterinsights_skip_tracking":false,"_monsterinsights_sitenote_active":false,"_monsterinsights_sitenote_note":"","_monsterinsights_sitenote_category":0},"product_brand":[],"product_cat":[12291,12711],"product_tag":[],"class_list":{"0":"post-741519","1":"product","2":"type-product","3":"status-publish","5":"product_cat-edebiyat","6":"product_cat-roman-oyku","7":"pa_cilt-ciltsiz","8":"pa_tur-kitap","9":"pa_yayinevi-northern-lights","10":"pa_yazar-george-orwell","12":"first","13":"instock","14":"sale","15":"shipping-taxable","16":"purchasable","17":"product-type-simple"},"_links":{"self":[{"href":"https:\/\/roveyayinevi.com.tr\/index.php\/wp-json\/wp\/v2\/product\/741519","targetHints":{"allow":["GET"]}}],"collection":[{"href":"https:\/\/roveyayinevi.com.tr\/index.php\/wp-json\/wp\/v2\/product"}],"about":[{"href":"https:\/\/roveyayinevi.com.tr\/index.php\/wp-json\/wp\/v2\/types\/product"}],"wp:attachment":[{"href":"https:\/\/roveyayinevi.com.tr\/index.php\/wp-json\/wp\/v2\/media?parent=741519"}],"wp:term":[{"taxonomy":"product_brand","embeddable":true,"href":"https:\/\/roveyayinevi.com.tr\/index.php\/wp-json\/wp\/v2\/product_brand?post=741519"},{"taxonomy":"product_cat","embeddable":true,"href":"https:\/\/roveyayinevi.com.tr\/index.php\/wp-json\/wp\/v2\/product_cat?post=741519"},{"taxonomy":"product_tag","embeddable":true,"href":"https:\/\/roveyayinevi.com.tr\/index.php\/wp-json\/wp\/v2\/product_tag?post=741519"}],"curies":[{"name":"wp","href":"https:\/\/api.w.org\/{rel}","templated":true}]}}