{"id":741514,"date":"2025-08-28T00:51:08","date_gmt":"2025-08-27T21:51:08","guid":{"rendered":"https:\/\/roveyayinevi.com.tr\/index.php\/urun\/ihtiyar-gemici\/"},"modified":"2026-04-16T02:52:43","modified_gmt":"2026-04-15T23:52:43","slug":"ihtiyar-gemici","status":"publish","type":"product","link":"https:\/\/roveyayinevi.com.tr\/index.php\/urun\/ihtiyar-gemici\/","title":{"rendered":"\u0130htiyar Gemici"},"content":{"rendered":"<p>The Rime of the Ancient Mariner, \u0130ngiliz \u015fair Samuel Taylor Coleridge\u2019in 1797- 1798\u2019de yazd\u0131\u011f\u0131 ve 1798\u2019de Lyrical Ballads\u2019\u0131n ilk bask\u0131s\u0131nda yay\u0131mlanan en uzun \u015fiiridir.<\/p>\n","protected":false},"excerpt":{"rendered":"<p>The Rime of the Ancient Mariner, \u0130ngiliz \u015fair Samuel Taylor Coleridge\u2019in 1797- 1798\u2019de yazd\u0131\u011f\u0131 ve 1798\u2019de Lyrical Ballads\u2019\u0131n ilk bask\u0131s\u0131nda yay\u0131mlanan en uzun \u015fiiridir.<\/p>\n","protected":false},"featured_media":0,"template":"","meta":{"_monsterinsights_skip_tracking":false,"_monsterinsights_sitenote_active":false,"_monsterinsights_sitenote_note":"","_monsterinsights_sitenote_category":0},"product_brand":[],"product_cat":[12291,12509],"product_tag":[],"class_list":{"0":"post-741514","1":"product","2":"type-product","3":"status-publish","5":"product_cat-edebiyat","6":"product_cat-siir","7":"pa_cilt-ciltsiz","8":"pa_tur-kitap","9":"pa_yayinevi-northern-lights","10":"pa_yazar-samuel-taylor-coleridge","12":"first","13":"instock","14":"sale","15":"shipping-taxable","16":"purchasable","17":"product-type-simple"},"_links":{"self":[{"href":"https:\/\/roveyayinevi.com.tr\/index.php\/wp-json\/wp\/v2\/product\/741514","targetHints":{"allow":["GET"]}}],"collection":[{"href":"https:\/\/roveyayinevi.com.tr\/index.php\/wp-json\/wp\/v2\/product"}],"about":[{"href":"https:\/\/roveyayinevi.com.tr\/index.php\/wp-json\/wp\/v2\/types\/product"}],"wp:attachment":[{"href":"https:\/\/roveyayinevi.com.tr\/index.php\/wp-json\/wp\/v2\/media?parent=741514"}],"wp:term":[{"taxonomy":"product_brand","embeddable":true,"href":"https:\/\/roveyayinevi.com.tr\/index.php\/wp-json\/wp\/v2\/product_brand?post=741514"},{"taxonomy":"product_cat","embeddable":true,"href":"https:\/\/roveyayinevi.com.tr\/index.php\/wp-json\/wp\/v2\/product_cat?post=741514"},{"taxonomy":"product_tag","embeddable":true,"href":"https:\/\/roveyayinevi.com.tr\/index.php\/wp-json\/wp\/v2\/product_tag?post=741514"}],"curies":[{"name":"wp","href":"https:\/\/api.w.org\/{rel}","templated":true}]}}