{"id":741512,"date":"2025-08-28T00:51:06","date_gmt":"2025-08-27T21:51:06","guid":{"rendered":"https:\/\/roveyayinevi.com.tr\/index.php\/urun\/istanbulun-100-mucevheri-ciltli\/"},"modified":"2026-04-16T02:52:43","modified_gmt":"2026-04-15T23:52:43","slug":"istanbulun-100-mucevheri-ciltli","status":"publish","type":"product","link":"https:\/\/roveyayinevi.com.tr\/index.php\/urun\/istanbulun-100-mucevheri-ciltli\/","title":{"rendered":"\u0130stanbul\u2019un 100 M\u00fccevheri (Ciltli)"},"content":{"rendered":"<p>3 \u0130MPARATORLU\u011eA BA\u015eKENTL\u0130K YAPMI\u015e, \u0130K\u0130 KITA \u00dcZER\u0130NE KURULMU\u015e VE \u0130\u00c7\u0130NDEN DEN\u0130Z GE\u00c7EN TEK KENT OLAN \u0130STANBUL B\u0130R HAZ\u0130NE. O HAZ\u0130NEDEK\u0130 SAYISIZ M\u00dcCEVHERDEN SE\u00c7\u0130LEN 100 YER, BU K\u0130TAPTA BULU\u015eTU. G\u00d6R\u00dcLMEM\u0130\u015e A\u00c7ILARDAN 200\u2019E YAKIN FOTO\u011eRAF E\u015eL\u0130\u011e\u0130NDE D\u00dcN VE BUG\u00dcN ARASINDA B\u0130R YOLCULU\u011eA DAVETL\u0130S\u0130N\u0130Z.     Heyecanland\u0131ran, mutlu eden, ilham veren bir \u015fehir \u0130stanbul. Ve her zaman merak edilen\u2026 Kald\u0131r\u0131lan her ta\u015f\u0131n alt\u0131ndan yeni bir hik\u00e2yenin \u00e7\u0131kt\u0131\u011f\u0131, her soka\u011f\u0131n farkl\u0131 bir y\u00fczle selam verdi\u011fi, s\u00f6yleyecek s\u00f6z\u00fc hi\u00e7 bitmeyen bir \u015fehir \u0130stanbul. Ve anlatt\u0131klar\u0131yla her zaman \u015fa\u015f\u0131rtmay\u0131 ba\u015faran\u2026 Onu ke\u015ffetmek isteyenleri binlerce y\u0131l\u0131n renkli, co\u015fkulu, ac\u0131-tatl\u0131 izleri \u00fczerinde y\u00fckselen bir k\u00f6pr\u00fcden ge\u00e7iren; her ad\u0131mda Roma\u2019dan Cumhuriyet\u2019e, Bizans\u2019tan Osmanl\u0131\u2019ya selam verdiren bir \u015fehir\u2026 O k\u00f6pr\u00fcn\u00fcn avu\u00e7lar\u0131n\u0131z\u0131n i\u00e7ine s\u0131\u011fan hali, i\u015fte bu kitap. M\u00fczelerden camilere, parklardan saraylara, okullardan adalara, kiliselerden hanlara \u0130stanbul\u2019u 100 farkl\u0131 yerden g\u00f6receksiniz. \u0130mparatorlar, \u015fairler, mimarlar, valide sultanlar, pa\u015falar, sanat\u00e7\u0131lar ve daha say\u0131s\u0131z isim, sayfalar aras\u0131nda gezinirken size e\u015flik edecek. Kitab\u0131n i\u00e7ine \u00e7ok renk, \u00e7ok duygu, \u00e7ok bilgi, \u00e7ok fikir ve \u00e7ok foto\u011fraf s\u0131\u011fd\u0131. Ama en \u00e7ok, tarifsiz bir \u0130stanbul sevgisi s\u0131\u011fd\u0131. Ona yapt\u0131klar\u0131m\u0131zla \u00e7ok yorulmu\u015f olmas\u0131na ra\u011fmen inatla d\u00fcnyan\u0131n en g\u00fczel \u015fehri olmay\u0131 ba\u015faran \u0130stanbul\u2019u sevmekten vazge\u00e7meyenlere arma\u011fan olsun! <\/p>\n","protected":false},"excerpt":{"rendered":"<p>3 \u0130MPARATORLU\u011eA BA\u015eKENTL\u0130K YAPMI\u015e, \u0130K\u0130 KITA \u00dcZER\u0130NE KURULMU\u015e VE \u0130\u00c7\u0130NDEN DEN\u0130Z GE\u00c7EN TEK KENT OLAN \u0130STANBUL B\u0130R HAZ\u0130NE. O HAZ\u0130NEDEK\u0130 SAYISIZ M\u00dcCEVHERDEN SE\u00c7\u0130LEN 100 YER, BU<span class=\"excerpt-hellip\"> [\u2026]<\/span><\/p>\n","protected":false},"featured_media":0,"template":"","meta":{"_monsterinsights_skip_tracking":false,"_monsterinsights_sitenote_active":false,"_monsterinsights_sitenote_note":"","_monsterinsights_sitenote_category":0},"product_brand":[],"product_cat":[12312,12304],"product_tag":[],"class_list":{"0":"post-741512","1":"product","2":"type-product","3":"status-publish","5":"product_cat-diger","6":"product_cat-tarih","7":"pa_cilt-ciltli","8":"pa_tur-kitap","9":"pa_yayinevi-alfa-yayinlari","10":"pa_yazar-saffet-emre-tonguc-zeynep-sahin-tutuk","12":"first","13":"instock","14":"sale","15":"shipping-taxable","16":"purchasable","17":"product-type-simple"},"_links":{"self":[{"href":"https:\/\/roveyayinevi.com.tr\/index.php\/wp-json\/wp\/v2\/product\/741512","targetHints":{"allow":["GET"]}}],"collection":[{"href":"https:\/\/roveyayinevi.com.tr\/index.php\/wp-json\/wp\/v2\/product"}],"about":[{"href":"https:\/\/roveyayinevi.com.tr\/index.php\/wp-json\/wp\/v2\/types\/product"}],"wp:attachment":[{"href":"https:\/\/roveyayinevi.com.tr\/index.php\/wp-json\/wp\/v2\/media?parent=741512"}],"wp:term":[{"taxonomy":"product_brand","embeddable":true,"href":"https:\/\/roveyayinevi.com.tr\/index.php\/wp-json\/wp\/v2\/product_brand?post=741512"},{"taxonomy":"product_cat","embeddable":true,"href":"https:\/\/roveyayinevi.com.tr\/index.php\/wp-json\/wp\/v2\/product_cat?post=741512"},{"taxonomy":"product_tag","embeddable":true,"href":"https:\/\/roveyayinevi.com.tr\/index.php\/wp-json\/wp\/v2\/product_tag?post=741512"}],"curies":[{"name":"wp","href":"https:\/\/api.w.org\/{rel}","templated":true}]}}