{"id":741501,"date":"2025-08-28T00:50:54","date_gmt":"2025-08-27T21:50:54","guid":{"rendered":"https:\/\/roveyayinevi.com.tr\/index.php\/urun\/halk-ozani-turani-baba\/"},"modified":"2026-04-16T02:52:42","modified_gmt":"2026-04-15T23:52:42","slug":"halk-ozani-turani-baba","status":"publish","type":"product","link":"https:\/\/roveyayinevi.com.tr\/index.php\/urun\/halk-ozani-turani-baba\/","title":{"rendered":"Halk Ozan\u0131 Turani Baba"},"content":{"rendered":"<p>B\u0130R\u0130NC\u0130 B\u00d6L\u00dcM: HAYAT H\u0130K\u00c2YES\u0130 VE SANATK\u00c2RLI\u011eI   \u0130K\u0130NC\u0130 B\u00d6L\u00dcM: \u015e\u0130\u0130RLER\u0130N\u0130N \u015eEK\u0130L, T\u00dcR VE \u0130\u00c7ER\u0130K \u00d6ZELL\u0130KLER\u0130   \u00dc\u00c7\u00dcNC\u00dc B\u00d6L\u00dcM: S\u00d6ZL\u00dc TAR\u0130H ANLATISI <\/p>\n","protected":false},"excerpt":{"rendered":"<p>B\u0130R\u0130NC\u0130 B\u00d6L\u00dcM: HAYAT H\u0130K\u00c2YES\u0130 VE SANATK\u00c2RLI\u011eI \u0130K\u0130NC\u0130 B\u00d6L\u00dcM: \u015e\u0130\u0130RLER\u0130N\u0130N \u015eEK\u0130L, T\u00dcR VE \u0130\u00c7ER\u0130K \u00d6ZELL\u0130KLER\u0130 \u00dc\u00c7\u00dcNC\u00dc B\u00d6L\u00dcM: S\u00d6ZL\u00dc TAR\u0130H ANLATISI<\/p>\n","protected":false},"featured_media":0,"template":"","meta":{"_monsterinsights_skip_tracking":false,"_monsterinsights_sitenote_active":false,"_monsterinsights_sitenote_note":"","_monsterinsights_sitenote_category":0},"product_brand":[],"product_cat":[12573,12566],"product_tag":[],"class_list":{"0":"post-741501","1":"product","2":"type-product","3":"status-publish","5":"product_cat-akademik-kitaplar","6":"product_cat-egitim","7":"pa_cilt-ciltsiz","8":"pa_tur-kitap","9":"pa_yayinevi-gazi-kitabevi","10":"pa_yazar-seyit-gezer","12":"first","13":"instock","14":"sale","15":"shipping-taxable","16":"purchasable","17":"product-type-simple"},"_links":{"self":[{"href":"https:\/\/roveyayinevi.com.tr\/index.php\/wp-json\/wp\/v2\/product\/741501","targetHints":{"allow":["GET"]}}],"collection":[{"href":"https:\/\/roveyayinevi.com.tr\/index.php\/wp-json\/wp\/v2\/product"}],"about":[{"href":"https:\/\/roveyayinevi.com.tr\/index.php\/wp-json\/wp\/v2\/types\/product"}],"wp:attachment":[{"href":"https:\/\/roveyayinevi.com.tr\/index.php\/wp-json\/wp\/v2\/media?parent=741501"}],"wp:term":[{"taxonomy":"product_brand","embeddable":true,"href":"https:\/\/roveyayinevi.com.tr\/index.php\/wp-json\/wp\/v2\/product_brand?post=741501"},{"taxonomy":"product_cat","embeddable":true,"href":"https:\/\/roveyayinevi.com.tr\/index.php\/wp-json\/wp\/v2\/product_cat?post=741501"},{"taxonomy":"product_tag","embeddable":true,"href":"https:\/\/roveyayinevi.com.tr\/index.php\/wp-json\/wp\/v2\/product_tag?post=741501"}],"curies":[{"name":"wp","href":"https:\/\/api.w.org\/{rel}","templated":true}]}}