{"id":741495,"date":"2025-08-28T00:50:47","date_gmt":"2025-08-27T21:50:47","guid":{"rendered":"https:\/\/roveyayinevi.com.tr\/index.php\/urun\/batman-yeni-52-dedektif-hikayeleri-5\/"},"modified":"2026-04-16T02:52:42","modified_gmt":"2026-04-15T23:52:42","slug":"batman-yeni-52-dedektif-hikayeleri-5","status":"publish","type":"product","link":"https:\/\/roveyayinevi.com.tr\/index.php\/urun\/batman-yeni-52-dedektif-hikayeleri-5\/","title":{"rendered":"Batman : Yeni 52 Dedektif Hikayeleri 5"},"content":{"rendered":"<p>Gotham\u2026 D\u00fcnya\u2019n\u0131n en g\u00fcvenli \u015fehri mi? Burada, Batman ve Catbird olarak da tan\u0131nan orta\u011f\u0131 Selina Kyle rahat bir \u015fekilde adaleti koruyor ve \u015fehirde ya\u015fayanlar\u0131 \u00fcz\u00fcc\u00fc tehlikeleri kar\u015f\u0131 kolluyorlar. Ancak durum g\u00f6r\u00fcnd\u00fc\u011f\u00fc kadar parlak de\u011fil\u2026 (Tan\u0131t\u0131m B\u00fclteninden) <\/p>\n","protected":false},"excerpt":{"rendered":"<p>Gotham\u2026 D\u00fcnya\u2019n\u0131n en g\u00fcvenli \u015fehri mi? Burada, Batman ve Catbird olarak da tan\u0131nan orta\u011f\u0131 Selina Kyle rahat bir \u015fekilde adaleti koruyor ve \u015fehirde ya\u015fayanlar\u0131 \u00fcz\u00fcc\u00fc tehlikeleri<span class=\"excerpt-hellip\"> [\u2026]<\/span><\/p>\n","protected":false},"featured_media":0,"template":"","meta":{"_monsterinsights_skip_tracking":false,"_monsterinsights_sitenote_active":false,"_monsterinsights_sitenote_note":"","_monsterinsights_sitenote_category":0},"product_brand":[],"product_cat":[12416,12291],"product_tag":[],"class_list":{"0":"post-741495","1":"product","2":"type-product","3":"status-publish","5":"product_cat-cizgi-roman","6":"product_cat-edebiyat","7":"pa_cilt-ciltsiz","8":"pa_tur-kitap","9":"pa_yayinevi-jbc-yayincilik","10":"pa_yazar-john-layman-jason-fabok","12":"first","13":"instock","14":"sale","15":"shipping-taxable","16":"purchasable","17":"product-type-simple"},"_links":{"self":[{"href":"https:\/\/roveyayinevi.com.tr\/index.php\/wp-json\/wp\/v2\/product\/741495","targetHints":{"allow":["GET"]}}],"collection":[{"href":"https:\/\/roveyayinevi.com.tr\/index.php\/wp-json\/wp\/v2\/product"}],"about":[{"href":"https:\/\/roveyayinevi.com.tr\/index.php\/wp-json\/wp\/v2\/types\/product"}],"wp:attachment":[{"href":"https:\/\/roveyayinevi.com.tr\/index.php\/wp-json\/wp\/v2\/media?parent=741495"}],"wp:term":[{"taxonomy":"product_brand","embeddable":true,"href":"https:\/\/roveyayinevi.com.tr\/index.php\/wp-json\/wp\/v2\/product_brand?post=741495"},{"taxonomy":"product_cat","embeddable":true,"href":"https:\/\/roveyayinevi.com.tr\/index.php\/wp-json\/wp\/v2\/product_cat?post=741495"},{"taxonomy":"product_tag","embeddable":true,"href":"https:\/\/roveyayinevi.com.tr\/index.php\/wp-json\/wp\/v2\/product_tag?post=741495"}],"curies":[{"name":"wp","href":"https:\/\/api.w.org\/{rel}","templated":true}]}}