{"id":741493,"date":"2025-08-28T00:50:46","date_gmt":"2025-08-27T21:50:46","guid":{"rendered":"https:\/\/roveyayinevi.com.tr\/index.php\/urun\/organizasyon-kulturu-ve-liderlik\/"},"modified":"2026-04-16T02:52:42","modified_gmt":"2026-04-15T23:52:42","slug":"organizasyon-kulturu-ve-liderlik","status":"publish","type":"product","link":"https:\/\/roveyayinevi.com.tr\/index.php\/urun\/organizasyon-kulturu-ve-liderlik\/","title":{"rendered":"Organizasyon K\u00fclt\u00fcr\u00fc ve Liderlik"},"content":{"rendered":"<p>T\u00fcm zamanlar\u0131n en etkili y\u00f6netim kitaplar\u0131ndan biri kabul edilen Organizasyon K\u00fclt\u00fcr\u00fc ve Liderlik\u2019in bu g\u00fcncellenmi\u015f be\u015finci bask\u0131s\u0131nda k\u00fclt\u00fcr\u00fcn bile\u015fenleri ve ne oldu\u011fu ile \u00e7e\u015fitli k\u00fclt\u00fcrlerde nas\u0131l ba\u015far\u0131l\u0131 ve ba\u015far\u0131s\u0131z olunaca\u011f\u0131 ayr\u0131nt\u0131l\u0131 bir \u015fekilde ifade ediliyor.   Organizasyon k\u00fclt\u00fcr\u00fc ve geli\u015fimi alan\u0131nda onlarca y\u0131ll\u0131k tecr\u00fcbeye sahip bir uzman olan Dr. Schein, be\u015f b\u00f6l\u00fcmden olu\u015fan Organizasyon K\u00fclt\u00fcr\u00fc ve Liderlik\u2019te g\u00fcn\u00fcm\u00fcz\u00fcn ticari ger\u00e7eklerine odaklan\u0131yor; soyut k\u00fclt\u00fcr kavram\u0131n\u0131, organizasyon ve de\u011fi\u015fim dinamiklerini daha iyi \u015fekillendirmek i\u00e7in kullan\u0131labilecek bir araca d\u00f6n\u00fc\u015ft\u00fcr\u00fcyor.   Liderlerin mutlaka okumas\u0131 gereken bu kitap, k\u00fclt\u00fcr hakk\u0131nda bilinmesi gereken her \u015feyin yap\u0131 ta\u015flar\u0131n\u0131 sa\u011fl\u0131yor; bir\u00e7ok vaka \u00e7al\u0131\u015fmas\u0131na ve akademik \u00e7al\u0131\u015fmaya referans vererek hem k\u00fclt\u00fcr\u00fc a\u00e7\u0131k\u00e7a anlaman\u0131n \u00f6nemine de\u011finiyor hem de 21. y\u00fczy\u0131l i\u00e7in uygun bir \u201c\u00f6\u011frenme k\u00fclt\u00fcr\u00fc\u201d \u00f6neriyor ve ba\u015far\u0131l\u0131 bir k\u00fclt\u00fcrel de\u011fi\u015fim i\u00e7in genel bir \u00e7er\u00e7eve sunuyor.   Dr. Schein, \u00e7e\u015fitli k\u00fclt\u00fcrlerdeki \u00e7al\u0131\u015fma \u00f6rneklerini hayata ge\u00e7irmek i\u00e7in DEC (Digital Equipment Corporation), Ciba-Geigy, Singapur Ekonomik Geli\u015fim Kurumu, HP (Hewlett-Packard) ve di\u011fer bir\u00e7ok \u015firketle olan ki\u015fisel deneyimini aktar\u0131yor.   Organizasyon K\u00fclt\u00fcr\u00fc ve Liderlik, bir organizasyonu ba\u015far\u0131l\u0131 k\u0131lan unsurun temelleri ile ilgilenen herkesin okumas\u0131 gereken bir kitap.   Yazarlar Hakk\u0131nda Ed Schein, Emeritus Massachusetts Teknoloji Enstit\u00fcs\u00fc (MIT), Sloan \u0130\u015fletme B\u00f6l\u00fcm\u00fcnde Profes\u00f6rd\u00fcr. E\u011fitimini \u015eikago \u00dcniversitesi, Stanford \u00dcniversitesi ve Sosyal Psikoloji \u00fczerine doktora derecesini ald\u0131\u011f\u0131 Harvard \u00dcniversitesi\u2019nde tamamlad\u0131. D\u00f6rt y\u0131l Walter Reed Ordu Ara\u015ft\u0131rma Enstit\u00fcs\u00fc\u2019nde \u00e7al\u0131\u015ft\u0131ktan sonra 2005\u2019e kadar \u00f6\u011fretmenlik yapt\u0131\u011f\u0131 MIT\u2019de \u00e7al\u0131\u015ft\u0131 ve 2005 y\u0131l\u0131na kadar bu g\u00f6revini s\u00fcrd\u00fcrd\u00fc. Kapsaml\u0131 \u015fekilde yay\u0131mlad\u0131\u011f\u0131 kitaplar aras\u0131nda; Organizasyonel Psikoloji, 3. bask\u0131, (1980), Tekrar Ziyaret Edilen \u0130\u015flemsel Dan\u0131\u015fmanl\u0131k (1999), kariyer dinami\u011fi \u00fczerine bir kitap (Kariyer \u00c7apalar\u0131, 4. bask\u0131y\u0131 2013\u2019te John Van Maanen ile yapt\u0131), Organizasyonel K\u00fclt\u00fcr ve Liderlik, 4. bask\u0131 (2010), Organizasyonel K\u00fclt\u00fcrde Hayatta Kalma K\u0131lavuzu, 2. bask\u0131 (2009), Singapur\u2019un ekonomik mucizesinin k\u00fclt\u00fcrel bir analizi (Stratejik Faydac\u0131l\u0131k, 1996) ve Dijital Ekipman Kurumu\u2019nun y\u00fckseli\u015fi ve d\u00fc\u015f\u00fc\u015f\u00fc, (DEC \u00d6l\u00fcd\u00fcr; \u00c7ok Ya\u015fa DEC, 2003) yer al\u0131r. 2009\u2019da yard\u0131m etme ve yard\u0131m alma konusunda genel teori ve uygulamalar\u0131 i\u00e7eren bir kitap olan Yard\u0131m\u2019\u0131 yay\u0131mlad\u0131. Bunu 2013\u2019te yay\u0131mlad\u0131\u011f\u0131 Bat\u0131 k\u00fclt\u00fcr\u00fcnde yard\u0131m etmenin neden bu kadar zor oldu\u011funu ara\u015ft\u0131ran ve ayn\u0131 y\u0131l San Diego \u00dcniversitesi Liderlik B\u00f6l\u00fcm\u00fcnden y\u0131l\u0131n kitab\u0131 \u00f6d\u00fcl\u00fcn\u00fc kazanan \u201cM\u00fctevaz\u0131 \u0130nceleme\u201dsi takip etti. Dan\u0131\u015fmanl\u0131k ve ko\u00e7luk yapman\u0131n t\u00fcm modelini g\u00f6zden ge\u00e7iren M\u00fctevaz\u0131 Dan\u0131\u015fmanl\u0131k\u2019\u0131 (2016) yay\u0131mlad\u0131 ve \u015fu anda o\u011flu Peter ile mevcut liderlik ve y\u00f6netim teorilerimize meydan okuyan M\u00fctevaz\u0131 Liderlik (2017) \u00fczerine \u00e7al\u0131\u015f\u0131yor. \u00d6zellikle sa\u011fl\u0131k hizmetlerinde g\u00fcvenlik ve kalite, n\u00fckleer enerji sekt\u00f6r\u00fc, ABD Orman Bakanl\u0131\u011f\u0131 gibi farkl\u0131 kurumsal k\u00fclt\u00fcr ve kariyer geli\u015fimi konular\u0131nda \u00e7e\u015fitli yerel ve uluslararas\u0131 kurulu\u015flara dan\u0131\u015fmanl\u0131k yapmaya devam etmektedir. Bu yeni dan\u0131\u015fmanl\u0131\u011f\u0131n \u00f6nemli bir odak noktas\u0131, mesleki ve organizasyonel alt k\u00fclt\u00fcrlerin etkile\u015fimine ve organizasyonlar\u0131n etkinli\u011fini ve g\u00fcvenli\u011fini belirlemek i\u00e7in kariyer \u00e7apalar\u0131yla nas\u0131l etkile\u015fim kurduklar\u0131na odaklanmakt\u0131r. Sahip oldu\u011fu \u00f6d\u00fcller: Y\u00f6netim Akademisi\u2019nin 2009 Se\u00e7kin Bilim \u0130nsan\u0131 \u00d6d\u00fcl\u00fc, Uluslararas\u0131 Liderlik Derne\u011fi\u2019nin 2012 Ya\u015fam Boyu Ba\u015far\u0131 \u00d6d\u00fcl\u00fc, Uluslararas\u0131 OD A\u011f\u0131\u2019ndan organizasyon geli\u015ftirmede 2015 Ya\u015fam Boyu Ba\u015far\u0131 \u00d6d\u00fcl\u00fc. Ve Slovenya\u2019daki IEDC Bled \u0130\u015fletme Okulu\u2019ndan fahri doktora derecesi bulunmaktad\u0131r.   Peter Schein, Silikon Vadisi\u2019nde bir strateji ve organizasyonel geli\u015fim dan\u0131\u015fman\u0131d\u0131r. Kurulu\u015f ve geli\u015fme seviyesindeki teknoloji \u015firketlerine dan\u0131\u015fmanl\u0131k yapmaktad\u0131r. Peter\u2019\u0131n uzmanl\u0131\u011f\u0131, teknoloji \u00f6nc\u00fclerinin pazarlama ve kurumsal geli\u015fiminde yirmi y\u0131l\u0131 a\u015fk\u0131n s\u00fcreyi kapsayan \u00e7al\u0131\u015fmalar\u0131na dayan\u0131r. Mesle\u011fe ilk ba\u015flad\u0131\u011f\u0131nda, Pacific Bell ve Apple Bilgisayar \u015eirketi\u2019nde  yeni \u00fcr\u00fcnler ve hizmetler geli\u015ftirdi. Silikon Grafik \u015eirketi, Concentric Network Kurumu ve Packeteer\u2019da (BlueCoat) \u00fcr\u00fcn pazarlama faaliyetlerinde bulundu. 1990\u2019lar\u0131n ortalar\u0131nda web \u00e7a\u011f\u0131 ba\u015flad\u0131\u011f\u0131nda internet altyap\u0131s\u0131 i\u00e7in derin bir deneyim taban\u0131 ve tutku geli\u015ftirdi. Daha sonra, Sun Microsystems\u2019de on bir y\u0131l kurumsal geli\u015fim ve \u00fcretim stratejisi konusunda \u00e7al\u0131\u015ft\u0131. Sun\u2019da, say\u0131s\u0131z \u00f6nemli teknolojik ekosistem yat\u0131r\u0131mlar\u0131nda \u00e7al\u0131\u015fmalar yapt\u0131, milyonlarca dolarl\u0131k \u00fcr\u00fcn yelpazesiyle teknoloji yat\u0131r\u0131mc\u0131lar\u0131na para kazand\u0131rd\u0131. Bu deneyimleriyle yeni stratejiler geli\u015ftirerek ve k\u00fc\u00e7\u00fck \u015firketleri b\u00fcy\u00fck \u015firketlere d\u00f6n\u00fc\u015ft\u00fcrerek yenilik destek\u00e7isi \u015firketlerde b\u00fcy\u00fcme sa\u011flayan kurumsal k\u00fclt\u00fcr \u00e7al\u0131\u015fmalar\u0131n\u0131 vurgulayan ciddi bir bilgi birikimine ula\u015fm\u0131\u015ft\u0131r.   Peter e\u011fitimini Stanford \u00dcniversitesi (Sosyal Antropoloji Y\u00fcksek Lisans\u0131, onur ve \u00fcst\u00fcn ba\u015far\u0131 derecesi) ve Northwestern \u00dcniversitesi\u2019nde (Kellogg \u0130\u015fletme Y\u00fcksek Lisans\u0131, Pazarlama ve Bilgi Y\u00f6netiminde Birincilik derecesi) tamamlam\u0131\u015ft\u0131r. <\/p>\n","protected":false},"excerpt":{"rendered":"<p>T\u00fcm zamanlar\u0131n en etkili y\u00f6netim kitaplar\u0131ndan biri kabul edilen Organizasyon K\u00fclt\u00fcr\u00fc ve Liderlik\u2019in bu g\u00fcncellenmi\u015f be\u015finci bask\u0131s\u0131nda k\u00fclt\u00fcr\u00fcn bile\u015fenleri ve ne oldu\u011fu ile \u00e7e\u015fitli k\u00fclt\u00fcrlerde nas\u0131l<span class=\"excerpt-hellip\"> [\u2026]<\/span><\/p>\n","protected":false},"featured_media":0,"template":"","meta":{"_monsterinsights_skip_tracking":false,"_monsterinsights_sitenote_active":false,"_monsterinsights_sitenote_note":"","_monsterinsights_sitenote_category":0},"product_brand":[],"product_cat":[20333,13043],"product_tag":[],"class_list":{"0":"post-741493","1":"product","2":"type-product","3":"status-publish","5":"product_cat-diger-ekonomi","6":"product_cat-ekonomi","7":"pa_cilt-ciltsiz","8":"pa_tur-kitap","9":"pa_yayinevi-the-kitap","10":"pa_yazar-edgar-h-schein-peter-schein","12":"first","13":"instock","14":"sale","15":"shipping-taxable","16":"purchasable","17":"product-type-simple"},"_links":{"self":[{"href":"https:\/\/roveyayinevi.com.tr\/index.php\/wp-json\/wp\/v2\/product\/741493","targetHints":{"allow":["GET"]}}],"collection":[{"href":"https:\/\/roveyayinevi.com.tr\/index.php\/wp-json\/wp\/v2\/product"}],"about":[{"href":"https:\/\/roveyayinevi.com.tr\/index.php\/wp-json\/wp\/v2\/types\/product"}],"wp:attachment":[{"href":"https:\/\/roveyayinevi.com.tr\/index.php\/wp-json\/wp\/v2\/media?parent=741493"}],"wp:term":[{"taxonomy":"product_brand","embeddable":true,"href":"https:\/\/roveyayinevi.com.tr\/index.php\/wp-json\/wp\/v2\/product_brand?post=741493"},{"taxonomy":"product_cat","embeddable":true,"href":"https:\/\/roveyayinevi.com.tr\/index.php\/wp-json\/wp\/v2\/product_cat?post=741493"},{"taxonomy":"product_tag","embeddable":true,"href":"https:\/\/roveyayinevi.com.tr\/index.php\/wp-json\/wp\/v2\/product_tag?post=741493"}],"curies":[{"name":"wp","href":"https:\/\/api.w.org\/{rel}","templated":true}]}}