{"id":741490,"date":"2025-08-28T00:50:42","date_gmt":"2025-08-27T21:50:42","guid":{"rendered":"https:\/\/roveyayinevi.com.tr\/index.php\/urun\/grotlin\/"},"modified":"2026-04-16T02:52:42","modified_gmt":"2026-04-15T23:52:42","slug":"grotlin","status":"publish","type":"product","link":"https:\/\/roveyayinevi.com.tr\/index.php\/urun\/grotlin\/","title":{"rendered":"Grotlin"},"content":{"rendered":"<p>Kasabada tuhaf bir \u015feyler d\u00f6nmektedir. Gece olup karanl\u0131k \u00e7\u00f6kt\u00fc\u011f\u00fcnde \u015fehirde e\u015fyalar gizemli bir \u015fekilde yok olmaya ba\u015flar. \u00d6nce bir par\u00e7a peynir ve bir sepet, sonra biraz tel ve daha bir\u00e7oklar\u0131&#8230; G\u00f6lgelerde gezip herkesi \u00fcrk\u00fcten bu gizemli yarat\u0131k da nedir b\u00f6yle? Belki de bunca e\u015fyay\u0131 toplamas\u0131n\u0131n bir sebebi vard\u0131r?..Resimli kitaplar\u0131yla bir\u00e7ok \u00f6d\u00fcl alm\u0131\u015f ve d\u00fcnyaca \u00fcne kavu\u015fmu\u015f \u00e7izer Benji Davies\u2019in \u015fahane \u00e7izimleri ve kafiyeli dizeleriyle e\u011flenceli bir \u00f6yk\u00fc sizleri bekliyor. S\u00fcrpriz sonuyla okuru \u015fa\u015f\u0131rtan bu kitab\u0131 her okuyu\u015fta Grotlin\u2019in ard\u0131nda b\u0131rakt\u0131\u011f\u0131 bir gizemi ke\u015ffedeceksiniz. \u201cKorkular\u0131m\u0131z\u0131n asl\u0131nda ne kadar yersiz olabilece\u011fine de\u011finen, e\u011flenceli bir ka\u00e7\u0131\u015f \u00f6yk\u00fcs\u00fcn\u00fcn anlat\u0131ld\u0131\u011f\u0131 s\u0131rad\u0131\u015f\u0131 bir kitap.\u201d &#8211; The Guardian<\/p>\n","protected":false},"excerpt":{"rendered":"<p>Kasabada tuhaf bir \u015feyler d\u00f6nmektedir. Gece olup karanl\u0131k \u00e7\u00f6kt\u00fc\u011f\u00fcnde \u015fehirde e\u015fyalar gizemli bir \u015fekilde yok olmaya ba\u015flar. \u00d6nce bir par\u00e7a peynir ve bir sepet, sonra biraz<span class=\"excerpt-hellip\"> [\u2026]<\/span><\/p>\n","protected":false},"featured_media":0,"template":"","meta":{"_monsterinsights_skip_tracking":false,"_monsterinsights_sitenote_active":false,"_monsterinsights_sitenote_note":"","_monsterinsights_sitenote_category":0},"product_brand":[],"product_cat":[12274,12284],"product_tag":[],"class_list":{"0":"post-741490","1":"product","2":"type-product","3":"status-publish","5":"product_cat-cocuk-ve-genclik-kitaplari","6":"product_cat-hikayeler","7":"pa_cilt-ciltsiz","8":"pa_tur-kitap","9":"pa_yayinevi-redhouse-yayinlari","10":"pa_yazar-benji-davies","12":"first","13":"instock","14":"sale","15":"shipping-taxable","16":"purchasable","17":"product-type-simple"},"_links":{"self":[{"href":"https:\/\/roveyayinevi.com.tr\/index.php\/wp-json\/wp\/v2\/product\/741490","targetHints":{"allow":["GET"]}}],"collection":[{"href":"https:\/\/roveyayinevi.com.tr\/index.php\/wp-json\/wp\/v2\/product"}],"about":[{"href":"https:\/\/roveyayinevi.com.tr\/index.php\/wp-json\/wp\/v2\/types\/product"}],"wp:attachment":[{"href":"https:\/\/roveyayinevi.com.tr\/index.php\/wp-json\/wp\/v2\/media?parent=741490"}],"wp:term":[{"taxonomy":"product_brand","embeddable":true,"href":"https:\/\/roveyayinevi.com.tr\/index.php\/wp-json\/wp\/v2\/product_brand?post=741490"},{"taxonomy":"product_cat","embeddable":true,"href":"https:\/\/roveyayinevi.com.tr\/index.php\/wp-json\/wp\/v2\/product_cat?post=741490"},{"taxonomy":"product_tag","embeddable":true,"href":"https:\/\/roveyayinevi.com.tr\/index.php\/wp-json\/wp\/v2\/product_tag?post=741490"}],"curies":[{"name":"wp","href":"https:\/\/api.w.org\/{rel}","templated":true}]}}