{"id":741487,"date":"2025-08-28T00:50:39","date_gmt":"2025-08-27T21:50:39","guid":{"rendered":"https:\/\/roveyayinevi.com.tr\/index.php\/urun\/girisim-savascisi\/"},"modified":"2026-04-05T02:57:31","modified_gmt":"2026-04-04T23:57:31","slug":"girisim-savascisi","status":"publish","type":"product","link":"https:\/\/roveyayinevi.com.tr\/index.php\/urun\/girisim-savascisi\/","title":{"rendered":"Giri\u015fim Sava\u015f\u00e7\u0131s\u0131"},"content":{"rendered":"<p>BU K\u0130TAPTA NELER BULACAKSINIZ? \u2022 B\u00fcy\u00fck \u00e7apl\u0131 ve ses getiren giri\u015fimcilik projeleri uluslararas\u0131 toplumun deste\u011fiyle nas\u0131l in\u015fa edilir? \u2022 Bir \u015firket sosyal sorunlarla m\u00fccadeleyi kar etmekle nas\u0131l harmanlayabilir? \u2022 Pozitif bilimlerden siyasete farkl\u0131 disiplinlerin sa\u011flayaca\u011f\u0131 \u00e7\u0131kar\u0131mlarla \u00e7a\u011fa nas\u0131l adapte olabiliriz? Sorunlar\u0131m\u0131z n\u00fcfusumuzla birlikte katlanarak art\u0131yor. Yerel politikac\u0131lar\u0131n lokal \u00e7\u00f6z\u00fcmleri, b\u00fcrokrasi kurban\u0131 BM, ekonomik ger\u00e7eklerle \u00f6rt\u00fc\u015fmeyen g\u00f6n\u00fcll\u00fc \u00e7al\u0131\u015fmalar ve reklam pe\u015findeki \u015firketlerin sosyal fayday\u0131 malzeme edinen yakla\u015f\u0131mlar\u0131 k\u00fcresel meselelerin \u00e7\u00f6z\u00fcm\u00fcne yeti\u015femiyor. Egemenle\u015fen kapitalizmin g\u00f6r\u00fcnmeyen eli, pazar\u0131 reg\u00fcle etmekte ba\u015far\u0131l\u0131 oldu ancak ayn\u0131 el iklim krizi, \u00e7evre kirlili\u011fi, servet da\u011f\u0131l\u0131m\u0131ndaki e\u015fitsizlik ve k\u00fcresel g\u00f6\u00e7 gibi devasa sorunlardan da sorumlu.             Kurtar\u0131c\u0131 beklemeye tahamm\u00fcl\u00fcm\u00fcz kalmad\u0131. Ya\u015fatma odakl\u0131, k\u00e2r\u0131 ama\u00e7la birle\u015ftiren, insanl\u0131k i\u00e7in risk alabilecek kahramans\u0131 giri\u015fimcilerin zaman\u0131 geldi. Art\u0131k i\u015f kuran herkesten k\u00fcresel sorunlarla samimiyetle m\u00fccadele etmesi ve talebe de\u011fil ger\u00e7ek ihtiya\u00e7lara odaklanmas\u0131 bekleniyor.             Bu kitap, yeni d\u00fcnya d\u00fczeninde k\u00fcresel destek g\u00f6recek bir giri\u015fimciye d\u00f6n\u00fc\u015febilmek ad\u0131na yap\u0131labilecekler konusunda bir rehber niteli\u011finde. Fark yaratacaklara entelekt\u00fcel birikim katarak ya\u015fam tatminiyle insanl\u0131\u011f\u0131n \u00e7\u0131karlar\u0131 aras\u0131nda bir denklem kurmay\u0131 ama\u00e7l\u0131yor.             Kitap giri\u015fimcili\u011fi yeniden tan\u0131mlayarak post-kapitalist d\u00fcnya i\u00e7in yeni ve problem \u00e7\u00f6z\u00fcc\u00fc bir sosyo-ekonomik model \u00f6neriyor.   Berke, deneyimi gelecekle harmanlayan \u00f6zg\u00fcn yakla\u015f\u0131m\u0131yla zor bir s\u00fcre\u00e7 olan giri\u015fimcili\u011fi oyunla\u015ft\u0131r\u0131yor. Bir komutan gibi yeti\u015ftirdi\u011fi giri\u015fimcilerin sosyal fayda odakl\u0131 i\u015f modellerinin ba\u015far\u0131s\u0131, Berke\u2019nin ba\u015far\u0131s\u0131n\u0131n kan\u0131t\u0131. \u2013 FARUK ECZACIBA\u015eI   E\u015fsiz bir eser yaratt\u0131 Berke. \u201cGiri\u015fim Sava\u015f\u00e7\u0131s\u0131\u201d modeliyle ya\u015famlar\u0131 olumlu y\u00f6nde de\u011fi\u015ftirdi. Kurdu\u011fu sistem global \u00f6l\u00e7ekte yay\u0131lmal\u0131. Bu kitap herkes\u00e7e okunmal\u0131, hatta ders kitab\u0131 olmal\u0131. UFUK TARHAN<\/p>\n","protected":false},"excerpt":{"rendered":"<p>BU K\u0130TAPTA NELER BULACAKSINIZ? \u2022 B\u00fcy\u00fck \u00e7apl\u0131 ve ses getiren giri\u015fimcilik projeleri uluslararas\u0131 toplumun deste\u011fiyle nas\u0131l in\u015fa edilir? \u2022 Bir \u015firket sosyal sorunlarla m\u00fccadeleyi kar etmekle<span class=\"excerpt-hellip\"> [\u2026]<\/span><\/p>\n","protected":false},"featured_media":0,"template":"","meta":{"_monsterinsights_skip_tracking":false,"_monsterinsights_sitenote_active":false,"_monsterinsights_sitenote_note":"","_monsterinsights_sitenote_category":0},"product_brand":[],"product_cat":[12364,12376],"product_tag":[],"class_list":{"0":"post-741487","1":"product","2":"type-product","3":"status-publish","5":"product_cat-genel-konular","6":"product_cat-kisisel-gelisim","7":"pa_cilt-ciltsiz","8":"pa_tur-kitap","9":"pa_yayinevi-alfa-yayinlari","10":"pa_yazar-berke-sarpas","12":"first","13":"instock","14":"sale","15":"shipping-taxable","16":"purchasable","17":"product-type-simple"},"_links":{"self":[{"href":"https:\/\/roveyayinevi.com.tr\/index.php\/wp-json\/wp\/v2\/product\/741487","targetHints":{"allow":["GET"]}}],"collection":[{"href":"https:\/\/roveyayinevi.com.tr\/index.php\/wp-json\/wp\/v2\/product"}],"about":[{"href":"https:\/\/roveyayinevi.com.tr\/index.php\/wp-json\/wp\/v2\/types\/product"}],"wp:attachment":[{"href":"https:\/\/roveyayinevi.com.tr\/index.php\/wp-json\/wp\/v2\/media?parent=741487"}],"wp:term":[{"taxonomy":"product_brand","embeddable":true,"href":"https:\/\/roveyayinevi.com.tr\/index.php\/wp-json\/wp\/v2\/product_brand?post=741487"},{"taxonomy":"product_cat","embeddable":true,"href":"https:\/\/roveyayinevi.com.tr\/index.php\/wp-json\/wp\/v2\/product_cat?post=741487"},{"taxonomy":"product_tag","embeddable":true,"href":"https:\/\/roveyayinevi.com.tr\/index.php\/wp-json\/wp\/v2\/product_tag?post=741487"}],"curies":[{"name":"wp","href":"https:\/\/api.w.org\/{rel}","templated":true}]}}