{"id":741486,"date":"2025-08-28T00:50:38","date_gmt":"2025-08-27T21:50:38","guid":{"rendered":"https:\/\/roveyayinevi.com.tr\/index.php\/urun\/neside\/"},"modified":"2026-03-12T03:00:46","modified_gmt":"2026-03-12T00:00:46","slug":"neside","status":"publish","type":"product","link":"https:\/\/roveyayinevi.com.tr\/index.php\/urun\/neside\/","title":{"rendered":"Ne\u015fide"},"content":{"rendered":"<p>Yeni T\u00fcrk edebiyat\u0131n\u0131n ortaya \u00e7\u0131kmas\u0131yla Divan \u015fiirinin sahneden \u00e7ekilmeye ba\u015flamas\u0131 hemen hemen ayn\u0131 d\u00f6neme rastlar. Bu d\u00f6nemde yeni ve eski anlay\u0131\u015f \u00fcr\u00fcn vermektedir. Baz\u0131lar\u0131 da hem yeni hem eski anlay\u0131\u015fa uygun eserler verirler. Muallim Naci bunlardand\u0131r. Naci ile ayn\u0131 ad\u0131 ta\u015f\u0131yan Alaybeyizade Naci de bu kesi\u015fmeyi ya\u015far. Roman da kaleme alan Naci&#8217;nin \u015fiirleri eskidir ve eski olarak nitelenenlerin sanat alg\u0131s\u0131n\u0131 yans\u0131t\u0131r. Edebiyat tarihi i\u00e7in bu t\u00fcr eserlerin \u00e7evrilmesinin \u00f6nemi muhakkakt\u0131r. \u00d6zellikle akademisyenlere faydal\u0131 olaca\u011f\u0131ndan \u015f\u00fcphemiz yoktur. <\/p>\n","protected":false},"excerpt":{"rendered":"<p>Yeni T\u00fcrk edebiyat\u0131n\u0131n ortaya \u00e7\u0131kmas\u0131yla Divan \u015fiirinin sahneden \u00e7ekilmeye ba\u015flamas\u0131 hemen hemen ayn\u0131 d\u00f6neme rastlar. Bu d\u00f6nemde yeni ve eski anlay\u0131\u015f \u00fcr\u00fcn vermektedir. Baz\u0131lar\u0131 da hem<span class=\"excerpt-hellip\"> [\u2026]<\/span><\/p>\n","protected":false},"featured_media":0,"template":"","meta":{"_monsterinsights_skip_tracking":false,"_monsterinsights_sitenote_active":false,"_monsterinsights_sitenote_note":"","_monsterinsights_sitenote_category":0},"product_brand":[],"product_cat":[12291,12509],"product_tag":[],"class_list":{"0":"post-741486","1":"product","2":"type-product","3":"status-publish","5":"product_cat-edebiyat","6":"product_cat-siir","7":"pa_cilt-ciltsiz","8":"pa_tur-kitap","9":"pa_yayinevi-kirmizi-cati-yayinlari","10":"pa_yazar-naci-alaybeyizade","12":"first","13":"instock","14":"sale","15":"shipping-taxable","16":"purchasable","17":"product-type-simple"},"_links":{"self":[{"href":"https:\/\/roveyayinevi.com.tr\/index.php\/wp-json\/wp\/v2\/product\/741486","targetHints":{"allow":["GET"]}}],"collection":[{"href":"https:\/\/roveyayinevi.com.tr\/index.php\/wp-json\/wp\/v2\/product"}],"about":[{"href":"https:\/\/roveyayinevi.com.tr\/index.php\/wp-json\/wp\/v2\/types\/product"}],"wp:attachment":[{"href":"https:\/\/roveyayinevi.com.tr\/index.php\/wp-json\/wp\/v2\/media?parent=741486"}],"wp:term":[{"taxonomy":"product_brand","embeddable":true,"href":"https:\/\/roveyayinevi.com.tr\/index.php\/wp-json\/wp\/v2\/product_brand?post=741486"},{"taxonomy":"product_cat","embeddable":true,"href":"https:\/\/roveyayinevi.com.tr\/index.php\/wp-json\/wp\/v2\/product_cat?post=741486"},{"taxonomy":"product_tag","embeddable":true,"href":"https:\/\/roveyayinevi.com.tr\/index.php\/wp-json\/wp\/v2\/product_tag?post=741486"}],"curies":[{"name":"wp","href":"https:\/\/api.w.org\/{rel}","templated":true}]}}