{"id":741481,"date":"2025-08-28T00:50:31","date_gmt":"2025-08-27T21:50:31","guid":{"rendered":"https:\/\/roveyayinevi.com.tr\/index.php\/urun\/beni-20-yuzyila-geri-gonderin\/"},"modified":"2026-03-12T03:00:45","modified_gmt":"2026-03-12T00:00:45","slug":"beni-20-yuzyila-geri-gonderin","status":"publish","type":"product","link":"https:\/\/roveyayinevi.com.tr\/index.php\/urun\/beni-20-yuzyila-geri-gonderin\/","title":{"rendered":"Beni 20.Y\u00fczy\u0131la Geri G\u00f6nderin"},"content":{"rendered":"<p>\u00c7ok ciddiyim. Telefonlar\u0131n ak\u0131ls\u0131z, ili\u015fkilerin sanals\u0131z, sohbetlerin y\u00fcz y\u00fcze oldu\u011fu y\u0131llar\u0131m\u0131 geri istiyorum. \u00c7ocuklar\u0131n sokaklarda yakar top, istop oynad\u0131\u011f\u0131; ip atlay\u0131p tek kale ma\u00e7 yapt\u0131\u011f\u0131, k\u0131zlar\u0131n ve o\u011flanlar\u0131n kald\u0131r\u0131mlarda k\u00fcmelenip uzaktan uza\u011fa birbirlerine kur yapt\u0131\u011f\u0131, balkonlar\u0131nda oturup mahalleye g\u00f6z kulak olan, camdan cama birbirine musakka tarifi veren teyzelerin zaman\u0131na ka\u00e7mak istiyorum. Yeni \u00e7a\u011f\u0131m \u015f\u00f6yle bir kenarda dursun. Hayat\u0131mdaki tek ekran televizyon olsun; i\u00e7inde \u00fc\u00e7 be\u015f kanal, \u00fcst\u00fcnde anne danteli bulunsun. Bu kitab\u0131 seni bulmak i\u00e7in yazd\u0131m. \u0130stedim ki zamandan m\u00fcnezzeh bir bah\u00e7ede bulu\u015fup birbirimize yaslanal\u0131m. Bu y\u00fczy\u0131l\u0131n \u00fczerimize d\u00f6kt\u00fc\u011f\u00fc a\u011f\u0131r molozlardan birlikte ar\u0131nal\u0131m.   <\/p>\n","protected":false},"excerpt":{"rendered":"<p>\u00c7ok ciddiyim. Telefonlar\u0131n ak\u0131ls\u0131z, ili\u015fkilerin sanals\u0131z, sohbetlerin y\u00fcz y\u00fcze oldu\u011fu y\u0131llar\u0131m\u0131 geri istiyorum. \u00c7ocuklar\u0131n sokaklarda yakar top, istop oynad\u0131\u011f\u0131; ip atlay\u0131p tek kale ma\u00e7 yapt\u0131\u011f\u0131, k\u0131zlar\u0131n<span class=\"excerpt-hellip\"> [\u2026]<\/span><\/p>\n","protected":false},"featured_media":0,"template":"","meta":{"_monsterinsights_skip_tracking":false,"_monsterinsights_sitenote_active":false,"_monsterinsights_sitenote_note":"","_monsterinsights_sitenote_category":0},"product_brand":[],"product_cat":[12777,12291],"product_tag":[],"class_list":{"0":"post-741481","1":"product","2":"type-product","3":"status-publish","5":"product_cat-deneme","6":"product_cat-edebiyat","7":"pa_cilt-ciltsiz","8":"pa_tur-kitap","9":"pa_yayinevi-kirmizi-cati-yayinlari","10":"pa_yazar-derya-cesur","12":"first","13":"instock","14":"sale","15":"shipping-taxable","16":"purchasable","17":"product-type-simple"},"_links":{"self":[{"href":"https:\/\/roveyayinevi.com.tr\/index.php\/wp-json\/wp\/v2\/product\/741481","targetHints":{"allow":["GET"]}}],"collection":[{"href":"https:\/\/roveyayinevi.com.tr\/index.php\/wp-json\/wp\/v2\/product"}],"about":[{"href":"https:\/\/roveyayinevi.com.tr\/index.php\/wp-json\/wp\/v2\/types\/product"}],"wp:attachment":[{"href":"https:\/\/roveyayinevi.com.tr\/index.php\/wp-json\/wp\/v2\/media?parent=741481"}],"wp:term":[{"taxonomy":"product_brand","embeddable":true,"href":"https:\/\/roveyayinevi.com.tr\/index.php\/wp-json\/wp\/v2\/product_brand?post=741481"},{"taxonomy":"product_cat","embeddable":true,"href":"https:\/\/roveyayinevi.com.tr\/index.php\/wp-json\/wp\/v2\/product_cat?post=741481"},{"taxonomy":"product_tag","embeddable":true,"href":"https:\/\/roveyayinevi.com.tr\/index.php\/wp-json\/wp\/v2\/product_tag?post=741481"}],"curies":[{"name":"wp","href":"https:\/\/api.w.org\/{rel}","templated":true}]}}