{"id":741471,"date":"2025-08-28T00:50:18","date_gmt":"2025-08-27T21:50:18","guid":{"rendered":"https:\/\/roveyayinevi.com.tr\/index.php\/urun\/oryantal-ezgiler\/"},"modified":"2025-11-21T08:03:04","modified_gmt":"2025-11-21T05:03:04","slug":"oryantal-ezgiler","status":"publish","type":"product","link":"https:\/\/roveyayinevi.com.tr\/index.php\/urun\/oryantal-ezgiler\/","title":{"rendered":"Oryantal Ezgiler"},"content":{"rendered":"<p>\u00c7izim sanat\u00e7\u0131s\u0131 Anabella Nightingale serinin bu d\u00f6rd\u00fcnc\u00fc kitab\u0131nda sizi oryantal desenlerin d\u00fcnyas\u0131na g\u00f6t\u00fcr\u00fcyor. Sizi bu egzotik d\u00fcnyada boyayarak sanat yaratmaya davet ediyor. <\/p>\n","protected":false},"excerpt":{"rendered":"<p>\u00c7izim sanat\u00e7\u0131s\u0131 Anabella Nightingale serinin bu d\u00f6rd\u00fcnc\u00fc kitab\u0131nda sizi oryantal desenlerin d\u00fcnyas\u0131na g\u00f6t\u00fcr\u00fcyor. Sizi bu egzotik d\u00fcnyada boyayarak sanat yaratmaya davet ediyor.<\/p>\n","protected":false},"featured_media":0,"template":"","meta":{"_monsterinsights_skip_tracking":false,"_monsterinsights_sitenote_active":false,"_monsterinsights_sitenote_note":"","_monsterinsights_sitenote_category":0},"product_brand":[],"product_cat":[12274,15842],"product_tag":[],"class_list":{"0":"post-741471","1":"product","2":"type-product","3":"status-publish","5":"product_cat-cocuk-ve-genclik-kitaplari","6":"product_cat-egitici-kitaplar","7":"pa_cilt-ciltsiz","8":"pa_tur-kitap","9":"pa_yayinevi-kuzey-cocuk-yayinlari","10":"pa_yazar-anabella-nightingale","12":"first","13":"instock","14":"sale","15":"shipping-taxable","16":"purchasable","17":"product-type-simple"},"_links":{"self":[{"href":"https:\/\/roveyayinevi.com.tr\/index.php\/wp-json\/wp\/v2\/product\/741471","targetHints":{"allow":["GET"]}}],"collection":[{"href":"https:\/\/roveyayinevi.com.tr\/index.php\/wp-json\/wp\/v2\/product"}],"about":[{"href":"https:\/\/roveyayinevi.com.tr\/index.php\/wp-json\/wp\/v2\/types\/product"}],"wp:attachment":[{"href":"https:\/\/roveyayinevi.com.tr\/index.php\/wp-json\/wp\/v2\/media?parent=741471"}],"wp:term":[{"taxonomy":"product_brand","embeddable":true,"href":"https:\/\/roveyayinevi.com.tr\/index.php\/wp-json\/wp\/v2\/product_brand?post=741471"},{"taxonomy":"product_cat","embeddable":true,"href":"https:\/\/roveyayinevi.com.tr\/index.php\/wp-json\/wp\/v2\/product_cat?post=741471"},{"taxonomy":"product_tag","embeddable":true,"href":"https:\/\/roveyayinevi.com.tr\/index.php\/wp-json\/wp\/v2\/product_tag?post=741471"}],"curies":[{"name":"wp","href":"https:\/\/api.w.org\/{rel}","templated":true}]}}