{"id":741464,"date":"2025-08-28T00:50:10","date_gmt":"2025-08-27T21:50:10","guid":{"rendered":"https:\/\/roveyayinevi.com.tr\/index.php\/urun\/telafi-projesi-secimlerimizin-sinirlarini-ve-dusunce-seklimizi-degistiren-bir-dostluk-hikayesi\/"},"modified":"2026-04-16T02:52:41","modified_gmt":"2026-04-15T23:52:41","slug":"telafi-projesi-secimlerimizin-sinirlarini-ve-dusunce-seklimizi-degistiren-bir-dostluk-hikayesi","status":"publish","type":"product","link":"https:\/\/roveyayinevi.com.tr\/index.php\/urun\/telafi-projesi-secimlerimizin-sinirlarini-ve-dusunce-seklimizi-degistiren-bir-dostluk-hikayesi\/","title":{"rendered":"Telafi Projesi: Se\u00e7imlerimizin S\u0131n\u0131rlar\u0131n\u0131 ve D\u00fc\u015f\u00fcnce \u015eeklimizi De\u011fi\u015ftiren Bir Dostluk Hikayesi"},"content":{"rendered":"<p>&#8220;Hi\u00e7 kimse bir say\u0131ya g\u00f6re karar vermiyordu.Onlar\u0131n bir hik\u00e2yeye ihtiyac\u0131 vard\u0131.&#8221;   Daniel Kahneman ve Amos Tversky, sava\u015f\u0131n par\u00e7alad\u0131\u011f\u0131 1960&#8217;larda \u0130srail&#8217;de bir araya geldi. Daniel Kahneman her zaman yan\u0131ld\u0131\u011f\u0131ndan emin, i\u00e7ine kapan\u0131k ve her \u015feyi ciddiye alan biriydi. Amos Tversky ise her zaman hakl\u0131 oldu\u011funu d\u00fc\u015f\u00fcnen, d\u0131\u015fa d\u00f6n\u00fck ve her \u015feyden e\u011flence \u00e7\u0131karan y\u00f6nleriyle bilinirdi. Bu iki z\u0131t karakter, zihnin gizemini \u00e7\u00f6zmek ve rasyonel karar verme modeline meydan okumak i\u00e7in el ele verdi. Ortak ara\u015ft\u0131rmalar\u0131yla karar verme s\u00fcre\u00e7leriyle ilgili varsay\u0131mlar\u0131m\u0131z\u0131 tamamen alt \u00fcst etti.  Michael Lewis\u2019in kaleme ald\u0131\u011f\u0131 Telafi Projesi, fikirleriyle d\u00fcnyay\u0131 de\u011fi\u015ftiren ekonomi dal\u0131nda Nobel \u00d6d\u00fcll\u00fc Psikolog Daniel Kahneman ve Psikolog Amos Tversky\u2019nin i\u015fbirli\u011fini temel al\u0131yor ve okuyucuyu hem insan zihninin s\u0131rlar\u0131n\u0131 ke\u015ffetmeye hem de harika bir dostluk hik\u00e2yesine \u015fahit olmaya davet ediyor.  \u201cS\u00fcr\u00fckleyici bir hik\u00e2ye, g\u00f6z kama\u015ft\u0131r\u0131c\u0131 fikirler, gazetecilik yetene\u011fi ve \u00f6zg\u00fcnl\u00fck&#8230; Michael Lewis t\u00fcm bunlar\u0131 Telafi Projesi\u2019nde ola\u011fan\u00fcst\u00fc bir tutarl\u0131l\u0131kla ba\u015farm\u0131\u015f.\u201d                                                        \u2014Times \u201cYenilik\u00e7i fikirlerle ba\u015far\u0131ya ula\u015fan ola\u011fan\u00fcst\u00fc bireylerin hik\u00e2yesi.\u201d                                                     \u2014Economist &#8220;Michael Lewis z\u0131mba \u00fczerine 800 sayfal\u0131k bir kitap yazsa bile okurum.&#8221;                                                \u2014New York Times <\/p>\n","protected":false},"excerpt":{"rendered":"<p>&#8220;Hi\u00e7 kimse bir say\u0131ya g\u00f6re karar vermiyordu.Onlar\u0131n bir hik\u00e2yeye ihtiyac\u0131 vard\u0131.&#8221; Daniel Kahneman ve Amos Tversky, sava\u015f\u0131n par\u00e7alad\u0131\u011f\u0131 1960&#8217;larda \u0130srail&#8217;de bir araya geldi. Daniel Kahneman her<span class=\"excerpt-hellip\"> [\u2026]<\/span><\/p>\n","protected":false},"featured_media":0,"template":"","meta":{"_monsterinsights_skip_tracking":false,"_monsterinsights_sitenote_active":false,"_monsterinsights_sitenote_note":"","_monsterinsights_sitenote_category":0},"product_brand":[],"product_cat":[12358,12357],"product_tag":[],"class_list":{"0":"post-741464","1":"product","2":"type-product","3":"status-publish","5":"product_cat-genel-psikoloji","6":"product_cat-psikoloji","7":"pa_cilt-ciltsiz","8":"pa_tur-kitap","9":"pa_yayinevi-epsilon-yayinlari","10":"pa_yazar-michael-lewis-tanja-staehler","12":"first","13":"instock","14":"sale","15":"shipping-taxable","16":"purchasable","17":"product-type-simple"},"_links":{"self":[{"href":"https:\/\/roveyayinevi.com.tr\/index.php\/wp-json\/wp\/v2\/product\/741464","targetHints":{"allow":["GET"]}}],"collection":[{"href":"https:\/\/roveyayinevi.com.tr\/index.php\/wp-json\/wp\/v2\/product"}],"about":[{"href":"https:\/\/roveyayinevi.com.tr\/index.php\/wp-json\/wp\/v2\/types\/product"}],"wp:attachment":[{"href":"https:\/\/roveyayinevi.com.tr\/index.php\/wp-json\/wp\/v2\/media?parent=741464"}],"wp:term":[{"taxonomy":"product_brand","embeddable":true,"href":"https:\/\/roveyayinevi.com.tr\/index.php\/wp-json\/wp\/v2\/product_brand?post=741464"},{"taxonomy":"product_cat","embeddable":true,"href":"https:\/\/roveyayinevi.com.tr\/index.php\/wp-json\/wp\/v2\/product_cat?post=741464"},{"taxonomy":"product_tag","embeddable":true,"href":"https:\/\/roveyayinevi.com.tr\/index.php\/wp-json\/wp\/v2\/product_tag?post=741464"}],"curies":[{"name":"wp","href":"https:\/\/api.w.org\/{rel}","templated":true}]}}