{"id":741460,"date":"2025-08-28T00:50:06","date_gmt":"2025-08-27T21:50:06","guid":{"rendered":"https:\/\/roveyayinevi.com.tr\/index.php\/urun\/kanatli-at\/"},"modified":"2026-04-16T02:52:41","modified_gmt":"2026-04-15T23:52:41","slug":"kanatli-at","status":"publish","type":"product","link":"https:\/\/roveyayinevi.com.tr\/index.php\/urun\/kanatli-at\/","title":{"rendered":"Kanatl\u0131 At"},"content":{"rendered":"<p>\u201c\u2018En s\u0131k yatak de\u011fi\u015ftiren, en farkl\u0131 b\u00f6lgeleri, u\u00e7lar\u0131\u2019 denememe gelince&#8230; Ben anlat\u0131 doymaz\u0131y\u0131m. Her kitap, bazen de her \u015fiir \u00f6yle vard\u0131r benim i\u00e7in. \u015eiirimin tarihi, dilin, tekni\u011fin tarihinden ba\u015fka bir \u015fey de\u011fildir. B\u00fct\u00fcn i\u015f bundad\u0131r. Ben neredeyse anlat\u0131dan, yani teknikten, dilden, dilin kullan\u0131m\u0131ndan yola \u00e7\u0131kar\u0131m. Buna anlam\u0131 da katmal\u0131y\u0131m. Anlam benim b\u00fct\u00fcn ya\u015fam\u0131m boyunca sorunum olmaktan kurtulamam\u0131\u015ft\u0131r. Dille, anlamla cebelle\u015fe cebelle\u015fe y\u00fcr\u00fcd\u00fcm hep. Anlam\u0131 da dil, teknik gibi s\u0131f\u0131rdan ald\u0131m, en \u00e7\u0131plak halinden al\u0131p en u\u00e7lara g\u00f6t\u00fcrmeye \u00e7al\u0131\u015ft\u0131m.\u201d \u2013 \u0130lhan Berk   \u0130kinci Yeni\u2019nin \u00f6nde gelen, en renkli \u015fairlerinden \u0130lhan Berk\u2019in s\u00f6yle\u015filerini bir araya getiren Kanatl\u0131 At\u2019\u0131n geni\u015fletilmi\u015f ve g\u00f6zden ge\u00e7irilmi\u015f bu yeni bask\u0131s\u0131nda, Kendi Se\u00e7tikleriyle \u0130lhan Berk Kitab\u0131\u2019nda (2004) yer alan on s\u00f6yle\u015fi daha kitaba eklendi. B\u00f6ylelikle \u015fairin yeniden yay\u0131mlamak i\u00e7in kendi se\u00e7ti\u011fi t\u00fcm s\u00f6yle\u015fileri ilk kez tek bir kitapta topland\u0131.    \u0130lhan Berk\u2019in \u015fiirini kurarken ve \u015fiire yakla\u015f\u0131m\u0131n\u0131 olu\u015ftururken hangi esaslara, ilkelere, d\u00fc\u015f\u00fcncelere dayand\u0131\u011f\u0131na, hangi \u015fairleri okuyup nas\u0131l de\u011ferlendirdi\u011fine, toplumbilimle ve felsefeyle ili\u015fkisine, uzun \u015fiir ser\u00fcveninde \u015fiire ba\u011fl\u0131l\u0131\u011f\u0131na dair ipu\u00e7lar\u0131 sunan s\u00f6yle\u015filer kitab\u0131 Kanatl\u0131 At, \u0130lhan Berk\u2019in \u015fiir evrenini daha iyi anlayabilmek i\u00e7in Poetika ve Logos kitaplar\u0131yla birlikte \u00f6nemli bir kaynak.     <\/p>\n","protected":false},"excerpt":{"rendered":"<p>\u201c\u2018En s\u0131k yatak de\u011fi\u015ftiren, en farkl\u0131 b\u00f6lgeleri, u\u00e7lar\u0131\u2019 denememe gelince&#8230; Ben anlat\u0131 doymaz\u0131y\u0131m. Her kitap, bazen de her \u015fiir \u00f6yle vard\u0131r benim i\u00e7in. \u015eiirimin tarihi, dilin,<span class=\"excerpt-hellip\"> [\u2026]<\/span><\/p>\n","protected":false},"featured_media":0,"template":"","meta":{"_monsterinsights_skip_tracking":false,"_monsterinsights_sitenote_active":false,"_monsterinsights_sitenote_note":"","_monsterinsights_sitenote_category":0},"product_brand":[],"product_cat":[12291,30969],"product_tag":[],"class_list":{"0":"post-741460","1":"product","2":"type-product","3":"status-publish","5":"product_cat-edebiyat","6":"product_cat-soylesi-edebiyat","7":"pa_cilt-ciltsiz","8":"pa_tur-kitap","9":"pa_yayinevi-yapi-kredi-yayinlari","10":"pa_yazar-ilhan-berk","12":"first","13":"instock","14":"sale","15":"shipping-taxable","16":"purchasable","17":"product-type-simple"},"_links":{"self":[{"href":"https:\/\/roveyayinevi.com.tr\/index.php\/wp-json\/wp\/v2\/product\/741460","targetHints":{"allow":["GET"]}}],"collection":[{"href":"https:\/\/roveyayinevi.com.tr\/index.php\/wp-json\/wp\/v2\/product"}],"about":[{"href":"https:\/\/roveyayinevi.com.tr\/index.php\/wp-json\/wp\/v2\/types\/product"}],"wp:attachment":[{"href":"https:\/\/roveyayinevi.com.tr\/index.php\/wp-json\/wp\/v2\/media?parent=741460"}],"wp:term":[{"taxonomy":"product_brand","embeddable":true,"href":"https:\/\/roveyayinevi.com.tr\/index.php\/wp-json\/wp\/v2\/product_brand?post=741460"},{"taxonomy":"product_cat","embeddable":true,"href":"https:\/\/roveyayinevi.com.tr\/index.php\/wp-json\/wp\/v2\/product_cat?post=741460"},{"taxonomy":"product_tag","embeddable":true,"href":"https:\/\/roveyayinevi.com.tr\/index.php\/wp-json\/wp\/v2\/product_tag?post=741460"}],"curies":[{"name":"wp","href":"https:\/\/api.w.org\/{rel}","templated":true}]}}