{"id":741447,"date":"2025-08-28T00:49:52","date_gmt":"2025-08-27T21:49:52","guid":{"rendered":"https:\/\/roveyayinevi.com.tr\/index.php\/urun\/ataturk-cumhuriyetini-yeniden-kurmak\/"},"modified":"2026-04-16T02:52:40","modified_gmt":"2026-04-15T23:52:40","slug":"ataturk-cumhuriyetini-yeniden-kurmak","status":"publish","type":"product","link":"https:\/\/roveyayinevi.com.tr\/index.php\/urun\/ataturk-cumhuriyetini-yeniden-kurmak\/","title":{"rendered":"Atat\u00fcrk Cumhuriyeti\u2019ni Yeniden Kurmak"},"content":{"rendered":"<p>Bu kitap, emperyalizme kar\u015f\u0131 ba\u011f\u0131ms\u0131zl\u0131k sava\u015f\u0131 kazan\u0131larak kurulmu\u015f olan T\u00fcrkiye Cumhuriyeti\u2019nin, Atat\u00fcrk\u2019\u00fcn \u00f6l\u00fcm\u00fc sonras\u0131nda emperyalizme nas\u0131l ba\u011f\u0131ml\u0131 duruma d\u00fc\u015f\u00fcr\u00fcld\u00fc\u011f\u00fc, demokrasinin niye geli\u015femedi\u011fi, bireylerin niye \u00f6zg\u00fcrle\u015femedi\u011fi ve bilin\u00e7li vatanda\u015flar h\u00e2line gelemedi\u011fi, gerilemenin hangi noktada ba\u015flad\u0131\u011f\u0131 gibi sorulara cevap arama s\u00fcreci sonucunda ortaya \u00e7\u0131kt\u0131.               Yak\u0131n tarihimizin ger\u00e7ekleriyle y\u00fczle\u015fmeden bug\u00fcne nas\u0131l geldi\u011fimizi anlamak, \u00e7\u0131k\u0131\u015f i\u00e7in sonu\u00e7 alacak \u00f6nerilerde bulunmak do\u011fru olmad\u0131\u011f\u0131 gibi m\u00fcmk\u00fcn de de\u011fildir.  Atat\u00fcrk Cumhuriyeti\u2019nin tam ba\u011f\u0131ms\u0131zl\u0131k, laiklik ve halk\u00e7\u0131l\u0131k ilkelerini temel almak ve hedeflerini anlamak yerine, siyaset\u00e7ilerin iktidarda kalabilmek i\u00e7in i\u00e7 ve d\u0131\u015f g\u00fc\u00e7lere bu ilkelerden verdikleri tavizleri g\u00f6rmezden gelmenin sonucu, bug\u00fcn ya\u015fad\u0131\u011f\u0131m\u0131z \u00e7\u00f6k\u00fc\u015ft\u00fcr. Bu kitap, bir anlamda \u00e7\u0131k\u0131\u015f yolu i\u00e7in yak\u0131n tarihimizin ger\u00e7ekleri ile y\u00fczle\u015fmeye de davettir. Her y\u00fczle\u015fmede oldu\u011fu gibi tabular\u0131 y\u0131kmak sars\u0131c\u0131 nitelikte olabilir. Ancak ger\u00e7eklerle y\u00fczle\u015fmeyi art\u0131k erteleyemeyece\u011fimiz bir sona do\u011fru yakla\u015fm\u0131\u015f durumday\u0131z. 11 Kas\u0131m 1938\u2019de Atat\u00fcrk\u2019\u00fcn mesai arkada\u015flar\u0131n\u0131n tasfiyesi ile ba\u015flayan s\u00fcre\u00e7, bug\u00fcn Atat\u00fcrk Cumhuriyeti\u2019nin tasfiyesi noktas\u0131na gelmi\u015ftir.  Bu kitapta cevaplar\u0131n\u0131 bulaca\u011f\u0131n\u0131z sorulardan baz\u0131lar\u0131;               Atat\u00fcrk neden \u201cYaln\u0131z Adam\u201d idi?               Nutuk neden Cumhuriyet tarihinin d\u00f6n\u00fcm noktas\u0131d\u0131r?               \u0130smet \u0130n\u00f6n\u00fc, cumhurba\u015fkan\u0131 se\u00e7ilir se\u00e7ilmez kar\u015f\u0131 devrim nas\u0131l ba\u015flad\u0131?               2. D\u00fcnya Sava\u015f\u0131\u2019nda izlenen politikalar T\u00fcrkiye\u2019nin gelece\u011fini nas\u0131l ipotek alt\u0131na ald\u0131?               Kar\u015f\u0131 devrimcilerin en b\u00fcy\u00fck ba\u015far\u0131s\u0131 neden K\u00f6y Enstit\u00fclerinin i\u015flevsizle\u015ftirilmesi ve nihayetinde kapat\u0131lmas\u0131d\u0131r?               G\u00fc\u00e7ler birli\u011fine dayanan 1924 Anayasas\u0131 de\u011fi\u015ftirilmeden \u00e7ok partili sisteme ge\u00e7ilmesi nas\u0131l a\u00e7\u0131klanabilir?               Askerler Atat\u00fcrk\u2019e neden ihanet ettiler?               Atat\u00fcrk sonras\u0131 tek kurumsal katk\u0131 olan 1961 Anayasas\u0131 neden hedef h\u00e2line geldi?               Siyasal \u0130slamc\u0131lar ne zaman ve nas\u0131l me\u015frula\u015ft\u0131r\u0131ld\u0131 ve devlet kadrolar\u0131na sokuldu?               T\u00fcrkiye, nitelik ve \u00f6ng\u00f6r\u00fc yetene\u011fi olmayan koltuk d\u00fc\u015fk\u00fcn\u00fc siyaset\u00e7ilere mahk\u00fbm mudur?               Sosyal demokratlar nerede Atat\u00fcrk\u00e7\u00fcl\u00fckten ayr\u0131l\u0131yor, ulus-devlet ve laiklik i\u00e7in neden tehdit olu\u015fturuyorlar?               Atat\u00fcrk Cumhuriyeti\u2019ni Yeniden Kurma zaman\u0131 gelmedi mi? <\/p>\n","protected":false},"excerpt":{"rendered":"<p>Bu kitap, emperyalizme kar\u015f\u0131 ba\u011f\u0131ms\u0131zl\u0131k sava\u015f\u0131 kazan\u0131larak kurulmu\u015f olan T\u00fcrkiye Cumhuriyeti\u2019nin, Atat\u00fcrk\u2019\u00fcn \u00f6l\u00fcm\u00fc sonras\u0131nda emperyalizme nas\u0131l ba\u011f\u0131ml\u0131 duruma d\u00fc\u015f\u00fcr\u00fcld\u00fc\u011f\u00fc, demokrasinin niye geli\u015femedi\u011fi, bireylerin niye \u00f6zg\u00fcrle\u015femedi\u011fi ve<span class=\"excerpt-hellip\"> [\u2026]<\/span><\/p>\n","protected":false},"featured_media":0,"template":"","meta":{"_monsterinsights_skip_tracking":false,"_monsterinsights_sitenote_active":false,"_monsterinsights_sitenote_note":"","_monsterinsights_sitenote_category":0},"product_brand":[],"product_cat":[12312,12304],"product_tag":[],"class_list":{"0":"post-741447","1":"product","2":"type-product","3":"status-publish","5":"product_cat-diger","6":"product_cat-tarih","7":"pa_cilt-ciltsiz","8":"pa_tur-kitap","9":"pa_yayinevi-pankus-yayinlari","10":"pa_yazar-gokhan-capoglu","12":"first","13":"instock","14":"sale","15":"shipping-taxable","16":"purchasable","17":"product-type-simple"},"_links":{"self":[{"href":"https:\/\/roveyayinevi.com.tr\/index.php\/wp-json\/wp\/v2\/product\/741447","targetHints":{"allow":["GET"]}}],"collection":[{"href":"https:\/\/roveyayinevi.com.tr\/index.php\/wp-json\/wp\/v2\/product"}],"about":[{"href":"https:\/\/roveyayinevi.com.tr\/index.php\/wp-json\/wp\/v2\/types\/product"}],"wp:attachment":[{"href":"https:\/\/roveyayinevi.com.tr\/index.php\/wp-json\/wp\/v2\/media?parent=741447"}],"wp:term":[{"taxonomy":"product_brand","embeddable":true,"href":"https:\/\/roveyayinevi.com.tr\/index.php\/wp-json\/wp\/v2\/product_brand?post=741447"},{"taxonomy":"product_cat","embeddable":true,"href":"https:\/\/roveyayinevi.com.tr\/index.php\/wp-json\/wp\/v2\/product_cat?post=741447"},{"taxonomy":"product_tag","embeddable":true,"href":"https:\/\/roveyayinevi.com.tr\/index.php\/wp-json\/wp\/v2\/product_tag?post=741447"}],"curies":[{"name":"wp","href":"https:\/\/api.w.org\/{rel}","templated":true}]}}