{"id":741423,"date":"2025-08-28T00:49:16","date_gmt":"2025-08-27T21:49:16","guid":{"rendered":"https:\/\/roveyayinevi.com.tr\/index.php\/urun\/aday-sosyolojisi\/"},"modified":"2026-04-16T02:52:39","modified_gmt":"2026-04-15T23:52:39","slug":"aday-sosyolojisi","status":"publish","type":"product","link":"https:\/\/roveyayinevi.com.tr\/index.php\/urun\/aday-sosyolojisi\/","title":{"rendered":"Aday Sosyolojisi"},"content":{"rendered":"<p>\u0130\u00e7indekiler   Birinci B\u00f6l\u00fcm TEOR\u0130K \u00c7ER\u00c7EVE, METODOLOJ\u0130 VE GAZETE ANAL\u0130ZLER\u0130   \u0130kinci B\u00f6l\u00fcm SE\u00c7\u0130M ANAL\u0130Z\u0130, S\u0130YASAL S\u00d6YLEM VE PART\u0130 TEMS\u0130L\u0130   \u00dc\u00e7\u00fcnc\u00fc B\u00f6l\u00fcm ADAY HUSUS\u0130YETLER\u0130, TEMS\u0130L\u0130 VE T\u0130POLOJ\u0130LER\u0130<\/p>\n","protected":false},"excerpt":{"rendered":"<p>\u0130\u00e7indekiler Birinci B\u00f6l\u00fcm TEOR\u0130K \u00c7ER\u00c7EVE, METODOLOJ\u0130 VE GAZETE ANAL\u0130ZLER\u0130 \u0130kinci B\u00f6l\u00fcm SE\u00c7\u0130M ANAL\u0130Z\u0130, S\u0130YASAL S\u00d6YLEM VE PART\u0130 TEMS\u0130L\u0130 \u00dc\u00e7\u00fcnc\u00fc B\u00f6l\u00fcm ADAY HUSUS\u0130YETLER\u0130, TEMS\u0130L\u0130 VE T\u0130POLOJ\u0130LER\u0130<\/p>\n","protected":false},"featured_media":0,"template":"","meta":{"_monsterinsights_skip_tracking":false,"_monsterinsights_sitenote_active":false,"_monsterinsights_sitenote_note":"","_monsterinsights_sitenote_category":0},"product_brand":[],"product_cat":[12573,12566],"product_tag":[],"class_list":{"0":"post-741423","1":"product","2":"type-product","3":"status-publish","5":"product_cat-akademik-kitaplar","6":"product_cat-egitim","7":"pa_cilt-ciltsiz","8":"pa_tur-kitap","9":"pa_yayinevi-gazi-kitabevi","10":"pa_yazar-gazi-kitabevi-kolektif","12":"first","13":"instock","14":"sale","15":"shipping-taxable","16":"purchasable","17":"product-type-simple"},"_links":{"self":[{"href":"https:\/\/roveyayinevi.com.tr\/index.php\/wp-json\/wp\/v2\/product\/741423","targetHints":{"allow":["GET"]}}],"collection":[{"href":"https:\/\/roveyayinevi.com.tr\/index.php\/wp-json\/wp\/v2\/product"}],"about":[{"href":"https:\/\/roveyayinevi.com.tr\/index.php\/wp-json\/wp\/v2\/types\/product"}],"wp:attachment":[{"href":"https:\/\/roveyayinevi.com.tr\/index.php\/wp-json\/wp\/v2\/media?parent=741423"}],"wp:term":[{"taxonomy":"product_brand","embeddable":true,"href":"https:\/\/roveyayinevi.com.tr\/index.php\/wp-json\/wp\/v2\/product_brand?post=741423"},{"taxonomy":"product_cat","embeddable":true,"href":"https:\/\/roveyayinevi.com.tr\/index.php\/wp-json\/wp\/v2\/product_cat?post=741423"},{"taxonomy":"product_tag","embeddable":true,"href":"https:\/\/roveyayinevi.com.tr\/index.php\/wp-json\/wp\/v2\/product_tag?post=741423"}],"curies":[{"name":"wp","href":"https:\/\/api.w.org\/{rel}","templated":true}]}}