{"id":741413,"date":"2025-08-28T00:49:04","date_gmt":"2025-08-27T21:49:04","guid":{"rendered":"https:\/\/roveyayinevi.com.tr\/index.php\/urun\/uzay-yolculugu-ciltli\/"},"modified":"2026-04-16T02:52:39","modified_gmt":"2026-04-15T23:52:39","slug":"uzay-yolculugu-ciltli","status":"publish","type":"product","link":"https:\/\/roveyayinevi.com.tr\/index.php\/urun\/uzay-yolculugu-ciltli\/","title":{"rendered":"Uzay Yolculu\u011fu (Ciltli)"},"content":{"rendered":"<p>\u201cUzaya yolculuk edemeyen bir uygarl\u0131\u011f\u0131nvarl\u0131\u011f\u0131n\u0131 s\u00fcrd\u00fcrmesi imk\u00e2ns\u0131zd\u0131r.\u201d\u2014Carl SaganB\u0130L\u0130M VE B\u0130L\u0130MKURGUNUN \u0130\u00c7 \u0130\u00c7E GE\u00c7T\u0130\u011e\u0130OLA\u011eAN\u00dcST\u00dc B\u0130R KE\u015e\u0130F \u00c7A\u011eI \u00d6nceden astronotlar\u0131n D\u00fcnya\u2019n\u0131n y\u00f6r\u00fcngesinde ve Ay\u2019da \u00e7ekti\u011fi foto\u011fraflar ile J\u00fcpiter gibi uzak gezegenlerin astronomlar taraf\u0131ndan teleskoplar arac\u0131l\u0131\u011f\u0131yla \u00e7ekilmi\u015f g\u00f6r\u00fcnt\u00fcleri bulunuyordu. Bunlar, ola\u011fan\u00fcst\u00fc olmalar\u0131na ra\u011fmen g\u00f6ze hep yabanc\u0131 ve soyut gelirdi. Ancak her ge\u00e7en g\u00fcn uzay\u0131n karanl\u0131k noktalar\u0131 biraz daha ayd\u0131nl\u0131\u011fa kavu\u015fuyor. Uzay sanki elinizi uzatsan\u0131z ona dokunabilecekmi\u015fsiniz gibi somut art\u0131k. Einstein Kitapl\u0131\u011f\u0131 serisinden Uzay Yolculu\u011fu, uzay biliminin on dokuzuncu y\u00fczy\u0131lda Rus roket bilimi \u00f6nc\u00fcs\u00fc Konstantin Tsiolkovski\u2019nin ortaya koydu\u011fu fikirlerle do\u011fu\u015fundan Do\u011fu\u2019yla Bat\u0131 aras\u0131ndaki Uzay Yar\u0131\u015f\u0131\u2019na, Ay yolculuklar\u0131n\u0131n ihti\u015fam\u0131 ve g\u00f6steri\u015finden Uzay Meki\u011fi program\u0131 ve Uluslararas\u0131 Uzay \u0130stasyonu\u2019na ve insan k\u00e2\u015fiflerin di\u011fer y\u0131ld\u0131z sistemlerine yolculuk etmesini veya di\u011fer gezegenlerde koloniler kurmas\u0131n\u0131 m\u00fcmk\u00fcn k\u0131lacak ileriki projelere kadar uzanan bir \u00e7a\u011f\u0131 on k\u0131sa dersle \u00f6zetliyor. Bulutlar\u0131n \u00f6tesine bakmam\u0131z\u0131 sa\u011flayan \u015fa\u015f\u0131rt\u0131c\u0131 teknolojiden ba\u015flay\u0131p yirmi birinci y\u00fczy\u0131l\u0131n uzay turizmi g\u00fcndemine kadar uzanan pek \u00e7ok konuda merakl\u0131 zihinler i\u00e7in uzman liderli\u011finde bir macera&#8230; \u00c7\u0131\u011f\u0131r a\u00e7an bilimsel geli\u015fmeler hakk\u0131nda bilgi edinmek isteyen herkese hitap eden anla\u015f\u0131labilir \u00fcslubu ve temel bilgilerden olu\u015fan zengin i\u00e7eri\u011fiyle nitelikli bir koleksiyon\u2026 Evrenin karanl\u0131k y\u00fcz\u00fcn\u00fc ayd\u0131nlatan uzay ara\u015ft\u0131rmalar\u0131na a\u00e7\u0131lan bu kap\u0131dan ge\u00e7meniz i\u00e7in bir bilim insan\u0131 olman\u0131za gerek yok. Uzay Yolculu\u011fu sizi kaps\u00fcl\u00fcn i\u00e7ine atlamaya, kemerinizi ba\u011flay\u0131p yerinize kurulmaya davet ediyor. Haz\u0131r olun; insanl\u0131\u011f\u0131n bir sonraki b\u00fcy\u00fck s\u0131\u00e7ray\u0131\u015f\u0131n\u0131 ger\u00e7ekle\u015ftirmek \u00fczeresiniz.<\/p>\n","protected":false},"excerpt":{"rendered":"<p>\u201cUzaya yolculuk edemeyen bir uygarl\u0131\u011f\u0131nvarl\u0131\u011f\u0131n\u0131 s\u00fcrd\u00fcrmesi imk\u00e2ns\u0131zd\u0131r.\u201d\u2014Carl SaganB\u0130L\u0130M VE B\u0130L\u0130MKURGUNUN \u0130\u00c7 \u0130\u00c7E GE\u00c7T\u0130\u011e\u0130OLA\u011eAN\u00dcST\u00dc B\u0130R KE\u015e\u0130F \u00c7A\u011eI \u00d6nceden astronotlar\u0131n D\u00fcnya\u2019n\u0131n y\u00f6r\u00fcngesinde ve Ay\u2019da \u00e7ekti\u011fi foto\u011fraflar ile J\u00fcpiter<span class=\"excerpt-hellip\"> [\u2026]<\/span><\/p>\n","protected":false},"featured_media":0,"template":"","meta":{"_monsterinsights_skip_tracking":false,"_monsterinsights_sitenote_active":false,"_monsterinsights_sitenote_note":"","_monsterinsights_sitenote_category":0},"product_brand":[],"product_cat":[13005,13006],"product_tag":[],"class_list":{"0":"post-741413","1":"product","2":"type-product","3":"status-publish","5":"product_cat-bilim-muhendislik","6":"product_cat-populer-bilim","7":"pa_cilt-ciltli","8":"pa_tur-kitap","9":"pa_yayinevi-kronik-kitap","10":"pa_yazar-paul-parsons","12":"first","13":"instock","14":"sale","15":"shipping-taxable","16":"purchasable","17":"product-type-simple"},"_links":{"self":[{"href":"https:\/\/roveyayinevi.com.tr\/index.php\/wp-json\/wp\/v2\/product\/741413","targetHints":{"allow":["GET"]}}],"collection":[{"href":"https:\/\/roveyayinevi.com.tr\/index.php\/wp-json\/wp\/v2\/product"}],"about":[{"href":"https:\/\/roveyayinevi.com.tr\/index.php\/wp-json\/wp\/v2\/types\/product"}],"wp:attachment":[{"href":"https:\/\/roveyayinevi.com.tr\/index.php\/wp-json\/wp\/v2\/media?parent=741413"}],"wp:term":[{"taxonomy":"product_brand","embeddable":true,"href":"https:\/\/roveyayinevi.com.tr\/index.php\/wp-json\/wp\/v2\/product_brand?post=741413"},{"taxonomy":"product_cat","embeddable":true,"href":"https:\/\/roveyayinevi.com.tr\/index.php\/wp-json\/wp\/v2\/product_cat?post=741413"},{"taxonomy":"product_tag","embeddable":true,"href":"https:\/\/roveyayinevi.com.tr\/index.php\/wp-json\/wp\/v2\/product_tag?post=741413"}],"curies":[{"name":"wp","href":"https:\/\/api.w.org\/{rel}","templated":true}]}}