{"id":741411,"date":"2025-08-28T00:49:02","date_gmt":"2025-08-27T21:49:02","guid":{"rendered":"https:\/\/roveyayinevi.com.tr\/index.php\/urun\/doguya-yolculuk\/"},"modified":"2026-04-16T02:52:39","modified_gmt":"2026-04-15T23:52:39","slug":"doguya-yolculuk","status":"publish","type":"product","link":"https:\/\/roveyayinevi.com.tr\/index.php\/urun\/doguya-yolculuk\/","title":{"rendered":"Do\u011fu\u2019ya Yolculuk"},"content":{"rendered":"<p>VENED\u0130K\u2019TEN DO\u011eU TOPRAKLARINA 15. Y\u00dcZYILIN ZENG\u0130N ATMOSFER\u0130\u2026   Venedikli t\u00fcccar Giosafat Barbaro\u2019nun son derece ak\u0131c\u0131 bir dille kaleme ald\u0131\u011f\u0131 seyahatnamesi; De\u015ft-i K\u0131p\u00e7ak, Akkoyunlu Devleti, Osmanl\u0131 Devleti ve Venedik Cumhuriyeti ile ilgili ayd\u0131nlat\u0131c\u0131 bilgiler sunmas\u0131 bak\u0131m\u0131ndan olduk\u00e7a de\u011ferli bir kaynak. Barbaro ilk seyahatini Karadeniz\u2019in kuzeyine ger\u00e7ekle\u015ftirmi\u015f ve uzun s\u00fcre T\u00fcrk-Tatarlar aras\u0131nda bulunmu\u015ftur. Onlar\u0131n gelenek-g\u00f6reneklerini, ya\u015fam bi\u00e7imlerini ayr\u0131nt\u0131l\u0131 bir \u015fekilde anlatm\u0131\u015ft\u0131r. T\u00fcrk tarihi a\u00e7\u0131s\u0131ndan b\u00fcy\u00fck \u00f6nem ta\u015f\u0131yan eserinin ilk b\u00f6l\u00fcm\u00fc, 1436-1452 y\u0131llar\u0131 aras\u0131nda ger\u00e7ekle\u015ftirdi\u011fi seyahatinin neticesidir. Dolay\u0131s\u0131yla bu eser sadece Karadeniz\u2019in kuzeyinde ya\u015fayan T\u00fcrk topluluklar\u0131 i\u00e7in de\u011fil zikredilen devirde palazlanmaya ba\u015flayan Moskova Knezli\u011fi ve \u00e7evresinin tarihi bak\u0131m\u0131ndan ve hatta 15. y\u00fczy\u0131ldaki dini \u00e7eki\u015fmelere \u0131\u015f\u0131k tutmas\u0131yla da \u00f6zel bir yere sahiptir. Seyahatnamenin ikinci b\u00f6l\u00fcm\u00fc ise Akkoyunlu Uzun Hasan\u2019\u0131n 1453 y\u0131l\u0131nda taht\u0131na oturmas\u0131yla ba\u015flar ve 1478 y\u0131l\u0131nda \u00f6l\u00fcnceye kadar ge\u00e7en s\u00fcre zarf\u0131ndaki olaylar\u0131 ihtiva eder. Akkoyunlular\u0131n kom\u015fu devletlerle aralar\u0131ndaki sava\u015flar, diplomatik ili\u015fkiler, devletin sosyal yap\u0131s\u0131 ve k\u00fclt\u00fcrel ya\u015fam\u0131 hakk\u0131nda de\u011ferli bilgiler sunan bu eser benzersiz bir kaynak \u00f6zelli\u011fi ta\u015f\u0131yor. Osmanl\u0131lara kar\u015f\u0131 ittifak kuran Venedikliler ile Akkoyunlular\u0131n birbirlerine g\u00f6nderdi\u011fi el\u00e7ilerden biri olan Giosafat Barbaro, yazd\u0131\u011f\u0131 seyahatnamesiyle s\u00f6z konusu d\u00f6nemin t\u00fcm rengini ortaya koymaktad\u0131r. Ayzer G\u00fcler\u2019in \u0130talyancadan \u00e7evirdi\u011fi ve Serkan Acar\u2019\u0131n edit\u00f6rl\u00fc\u011f\u00fcn\u00fc \u00fcstlendi\u011fi Do\u011fu\u2019ya Yolculuk: 15. Y\u00fczy\u0131lda K\u0131p\u00e7ak Bozk\u0131r\u0131, \u0130ran ve Do\u011fu Anadolu\u2019ya Seyahat; t\u00fcm okurlar\u0131 Venedik\u2019ten ba\u015flayarak De\u015ft-i K\u0131p\u00e7ak, \u0130ran ve Do\u011fu Anadolu\u2019ya g\u00f6t\u00fcrecek e\u015fsiz bir belgesel niteli\u011finde\u2026 <\/p>\n","protected":false},"excerpt":{"rendered":"<p>VENED\u0130K\u2019TEN DO\u011eU TOPRAKLARINA 15. Y\u00dcZYILIN ZENG\u0130N ATMOSFER\u0130\u2026 Venedikli t\u00fcccar Giosafat Barbaro\u2019nun son derece ak\u0131c\u0131 bir dille kaleme ald\u0131\u011f\u0131 seyahatnamesi; De\u015ft-i K\u0131p\u00e7ak, Akkoyunlu Devleti, Osmanl\u0131 Devleti ve<span class=\"excerpt-hellip\"> [\u2026]<\/span><\/p>\n","protected":false},"featured_media":0,"template":"","meta":{"_monsterinsights_skip_tracking":false,"_monsterinsights_sitenote_active":false,"_monsterinsights_sitenote_note":"","_monsterinsights_sitenote_category":0},"product_brand":[],"product_cat":[12312,12304],"product_tag":[],"class_list":{"0":"post-741411","1":"product","2":"type-product","3":"status-publish","5":"product_cat-diger","6":"product_cat-tarih","7":"pa_cilt-ciltsiz","8":"pa_tur-kitap","9":"pa_yayinevi-kronik-kitap","10":"pa_yazar-giosafat-barbaro","12":"first","13":"instock","14":"sale","15":"shipping-taxable","16":"purchasable","17":"product-type-simple"},"_links":{"self":[{"href":"https:\/\/roveyayinevi.com.tr\/index.php\/wp-json\/wp\/v2\/product\/741411","targetHints":{"allow":["GET"]}}],"collection":[{"href":"https:\/\/roveyayinevi.com.tr\/index.php\/wp-json\/wp\/v2\/product"}],"about":[{"href":"https:\/\/roveyayinevi.com.tr\/index.php\/wp-json\/wp\/v2\/types\/product"}],"wp:attachment":[{"href":"https:\/\/roveyayinevi.com.tr\/index.php\/wp-json\/wp\/v2\/media?parent=741411"}],"wp:term":[{"taxonomy":"product_brand","embeddable":true,"href":"https:\/\/roveyayinevi.com.tr\/index.php\/wp-json\/wp\/v2\/product_brand?post=741411"},{"taxonomy":"product_cat","embeddable":true,"href":"https:\/\/roveyayinevi.com.tr\/index.php\/wp-json\/wp\/v2\/product_cat?post=741411"},{"taxonomy":"product_tag","embeddable":true,"href":"https:\/\/roveyayinevi.com.tr\/index.php\/wp-json\/wp\/v2\/product_tag?post=741411"}],"curies":[{"name":"wp","href":"https:\/\/api.w.org\/{rel}","templated":true}]}}