{"id":741393,"date":"2025-08-28T00:48:44","date_gmt":"2025-08-27T21:48:44","guid":{"rendered":"https:\/\/roveyayinevi.com.tr\/index.php\/urun\/meraklisina-klasik-mitoloji\/"},"modified":"2026-04-16T02:52:38","modified_gmt":"2026-04-15T23:52:38","slug":"meraklisina-klasik-mitoloji","status":"publish","type":"product","link":"https:\/\/roveyayinevi.com.tr\/index.php\/urun\/meraklisina-klasik-mitoloji\/","title":{"rendered":"Merakl\u0131s\u0131na Klasik Mitoloji"},"content":{"rendered":"<p>Eski mitler nelerdir ve onlar\u0131 kim icat etmi\u015ftir?Merakl\u0131s\u0131na Klasik Mitoloji, Antik Yunan mitolojisi hakk\u0131ndaki g\u00fcncel fikirleri, mitleri yorumlaman\u0131n tarihini ve g\u00fcn\u00fcm\u00fcz d\u00fcnyas\u0131nda resimden operaya, felsefeden siyasete, tiyatroya ve dine kadar mitlerin k\u00fclt\u00fcrel gelenekteki rol\u00fcn\u00fc ara\u015ft\u0131ran ilgi \u00e7ekici bir ilk ad\u0131m.Binlerce insan\u0131n hayat\u0131n\u0131 etkileyen antik mitler incelenirken, bu mitleri kimin icat etti\u011fi, t\u00fcm o tanr\u0131lar\u0131n nereden geldi\u011fi, modern d\u00fcnyada mitlerin yeri ve mit \u00e7al\u0131\u015fmalar\u0131na y\u00f6nelik yakla\u015f\u0131mlara da de\u011finiliyor.Bu kitap, tarih boyunca Do\u011fu ve Bat\u0131 k\u00fclt\u00fcr\u00fcnde derin izler b\u0131rakan Antik Yunan mitlerini anlamay\u0131 isteyen herkes i\u00e7in e\u015fsiz bir k\u0131lavuz.<\/p>\n","protected":false},"excerpt":{"rendered":"<p>Eski mitler nelerdir ve onlar\u0131 kim icat etmi\u015ftir?Merakl\u0131s\u0131na Klasik Mitoloji, Antik Yunan mitolojisi hakk\u0131ndaki g\u00fcncel fikirleri, mitleri yorumlaman\u0131n tarihini ve g\u00fcn\u00fcm\u00fcz d\u00fcnyas\u0131nda resimden operaya, felsefeden siyasete,<span class=\"excerpt-hellip\"> [\u2026]<\/span><\/p>\n","protected":false},"featured_media":0,"template":"","meta":{"_monsterinsights_skip_tracking":false,"_monsterinsights_sitenote_active":false,"_monsterinsights_sitenote_note":"","_monsterinsights_sitenote_category":0},"product_brand":[],"product_cat":[12291,13706],"product_tag":[],"class_list":{"0":"post-741393","1":"product","2":"type-product","3":"status-publish","5":"product_cat-edebiyat","6":"product_cat-efsane-destan-masal","7":"pa_cilt-ciltsiz","8":"pa_tur-kitap","9":"pa_yayinevi-nova-kitap","10":"pa_yazar-martin-richards","12":"first","13":"instock","14":"sale","15":"shipping-taxable","16":"purchasable","17":"product-type-simple"},"_links":{"self":[{"href":"https:\/\/roveyayinevi.com.tr\/index.php\/wp-json\/wp\/v2\/product\/741393","targetHints":{"allow":["GET"]}}],"collection":[{"href":"https:\/\/roveyayinevi.com.tr\/index.php\/wp-json\/wp\/v2\/product"}],"about":[{"href":"https:\/\/roveyayinevi.com.tr\/index.php\/wp-json\/wp\/v2\/types\/product"}],"wp:attachment":[{"href":"https:\/\/roveyayinevi.com.tr\/index.php\/wp-json\/wp\/v2\/media?parent=741393"}],"wp:term":[{"taxonomy":"product_brand","embeddable":true,"href":"https:\/\/roveyayinevi.com.tr\/index.php\/wp-json\/wp\/v2\/product_brand?post=741393"},{"taxonomy":"product_cat","embeddable":true,"href":"https:\/\/roveyayinevi.com.tr\/index.php\/wp-json\/wp\/v2\/product_cat?post=741393"},{"taxonomy":"product_tag","embeddable":true,"href":"https:\/\/roveyayinevi.com.tr\/index.php\/wp-json\/wp\/v2\/product_tag?post=741393"}],"curies":[{"name":"wp","href":"https:\/\/api.w.org\/{rel}","templated":true}]}}