{"id":741388,"date":"2025-08-28T00:48:38","date_gmt":"2025-08-27T21:48:38","guid":{"rendered":"https:\/\/roveyayinevi.com.tr\/index.php\/urun\/suat-dervis-efsane-bir-kadin-ve-donemi\/"},"modified":"2026-04-16T02:52:38","modified_gmt":"2026-04-15T23:52:38","slug":"suat-dervis-efsane-bir-kadin-ve-donemi","status":"publish","type":"product","link":"https:\/\/roveyayinevi.com.tr\/index.php\/urun\/suat-dervis-efsane-bir-kadin-ve-donemi\/","title":{"rendered":"Suat Dervi\u015f: Efsane Bir Kad\u0131n ve D\u00f6nemi"},"content":{"rendered":"<p>Aristokrat bir Osmanl\u0131 ailesinin k\u0131z\u0131, Osmanl\u0131 Devleti&#8217;nin son, Cumhuriyet\u2019in ilk y\u0131llar\u0131n\u0131n en \u00f6nemli kad\u0131n gazetecilerinden biri&#8230;Romanlar\u0131 be\u011fenilip bir\u00e7ok yabanc\u0131 dile \u00e7evrilen bir T\u00fcrk yazar\u0131 ve dillere destan Fosforlu Cevriye\u2019nin yarat\u0131c\u0131s\u0131&#8230;N\u00e2z\u0131m Hikmet\u2019in ilk a\u015fk\u0131, T\u00fcrkiye Kom\u00fcnist Partisi Genel Sekreteri Re\u015fat Fuat Baraner\u2019in e\u015fi, kendisi de parti i\u00e7inde faal bir militan, birka\u00e7 kere evlenmi\u015f, g\u00fczel ve \u201c\u00e7apk\u0131n\u201d bir kad\u0131n\u2026Aristokrat, romanc\u0131, gazeteci, aktivist, militan\u2026Bunlardan daha \u00e7ok hangisiydi Suat Dervi\u015f?Yoksa bu kimliklerin hepsini birden benli\u011finde eritmeyi ba\u015farm\u0131\u015f m\u0131yd\u0131?Son Osmanl\u0131 ayd\u0131nlar\u0131ndan, h\u00fcmanist Suat Dervi\u015f, Cumhuriyet\u2019ten sonra, ideallerini ancak solda ger\u00e7ekle\u015ftirece\u011fine inanm\u0131\u015f bir kad\u0131nd\u0131. Ancak hi\u00e7bir ideolojiye, hi\u00e7bir ak\u0131ma, hi\u00e7bir s\u0131n\u0131fa tamam\u0131yla hapsolmay\u0131 kabul etmeyecek kadar ba\u011f\u0131ms\u0131z ve bunun bedelini sonuna kadar \u00f6demeyi g\u00f6ze alacak kadar da cesurdu.Bu kitap, onun hik\u00e2yesi.<\/p>\n","protected":false},"excerpt":{"rendered":"<p>Aristokrat bir Osmanl\u0131 ailesinin k\u0131z\u0131, Osmanl\u0131 Devleti&#8217;nin son, Cumhuriyet\u2019in ilk y\u0131llar\u0131n\u0131n en \u00f6nemli kad\u0131n gazetecilerinden biri&#8230;Romanlar\u0131 be\u011fenilip bir\u00e7ok yabanc\u0131 dile \u00e7evrilen bir T\u00fcrk yazar\u0131 ve dillere<span class=\"excerpt-hellip\"> [\u2026]<\/span><\/p>\n","protected":false},"featured_media":0,"template":"","meta":{"_monsterinsights_skip_tracking":false,"_monsterinsights_sitenote_active":false,"_monsterinsights_sitenote_note":"","_monsterinsights_sitenote_category":0},"product_brand":[],"product_cat":[14009,12291],"product_tag":[],"class_list":{"0":"post-741388","1":"product","2":"type-product","3":"status-publish","5":"product_cat-biyografi-otobiyografi-edebiyat","6":"product_cat-edebiyat","7":"pa_cilt-ciltsiz","8":"pa_tur-kitap","9":"pa_yayinevi-ithaki-yayinlari","10":"pa_yazar-liz-behmoaras","12":"first","13":"instock","14":"sale","15":"shipping-taxable","16":"purchasable","17":"product-type-simple"},"_links":{"self":[{"href":"https:\/\/roveyayinevi.com.tr\/index.php\/wp-json\/wp\/v2\/product\/741388","targetHints":{"allow":["GET"]}}],"collection":[{"href":"https:\/\/roveyayinevi.com.tr\/index.php\/wp-json\/wp\/v2\/product"}],"about":[{"href":"https:\/\/roveyayinevi.com.tr\/index.php\/wp-json\/wp\/v2\/types\/product"}],"wp:attachment":[{"href":"https:\/\/roveyayinevi.com.tr\/index.php\/wp-json\/wp\/v2\/media?parent=741388"}],"wp:term":[{"taxonomy":"product_brand","embeddable":true,"href":"https:\/\/roveyayinevi.com.tr\/index.php\/wp-json\/wp\/v2\/product_brand?post=741388"},{"taxonomy":"product_cat","embeddable":true,"href":"https:\/\/roveyayinevi.com.tr\/index.php\/wp-json\/wp\/v2\/product_cat?post=741388"},{"taxonomy":"product_tag","embeddable":true,"href":"https:\/\/roveyayinevi.com.tr\/index.php\/wp-json\/wp\/v2\/product_tag?post=741388"}],"curies":[{"name":"wp","href":"https:\/\/api.w.org\/{rel}","templated":true}]}}