{"id":741378,"date":"2025-08-28T00:48:27","date_gmt":"2025-08-27T21:48:27","guid":{"rendered":"https:\/\/roveyayinevi.com.tr\/index.php\/urun\/daragacina-mektuplar\/"},"modified":"2026-04-16T02:52:38","modified_gmt":"2026-04-15T23:52:38","slug":"daragacina-mektuplar","status":"publish","type":"product","link":"https:\/\/roveyayinevi.com.tr\/index.php\/urun\/daragacina-mektuplar\/","title":{"rendered":"Dara\u011fac\u0131na Mektuplar"},"content":{"rendered":"<p>Kim, tek cana k\u0131ymam\u0131\u015f devrimciler i\u00e7in ip talep etmi\u015fti? Hangi milletvekili, sat\u0131r aras\u0131nda Bizden 3 ki\u015fi yand\u0131, onlardan da yans\u0131n bedduas\u0131 okunan dilek\u00e7elerle \u0130nfazlar durdurulmas\u0131n kampanyas\u0131 a\u00e7m\u0131\u015f, fa\u015fizme alk\u0131\u015f tutmu\u015ftu? Hangi yazar, Denizler i\u00e7in parka giyen, g\u00f6z\u00fc d\u00f6nm\u00fc\u015f psikopatlar, efsane k\u0131l\u0131\u011f\u0131ndaki haydutlar, eli, g\u00f6z\u00fc kanl\u0131 mahl\u00fbklar, vatan\u0131 satan i\u00e7 d\u00fc\u015fmanlar diye yazm\u0131\u015f, darbeci komutanlara \u00f6vg\u00fcler d\u00fczm\u00fc\u015ft\u00fc?   Bunlar ger\u00e7ek y\u00fczleriyle birer birer tarih huzuruna \u00e7a\u011fr\u0131l\u0131yor kitapta&#8230;- Can D\u00fcndar Dara\u011fac\u0131na Mektuplar, Deniz Gezmi\u015f ve arkada\u015flar\u0131 hakk\u0131nda bug\u00fcne kadar yaz\u0131lan b\u00fct\u00fcn kitaplardan farkl\u0131. Asl\u0131nda bu kitap tarihe kalacak bir ibret belgesidir. Sosyalistlerin ve ayd\u0131nlar\u0131n her t\u00fcrl\u00fc y\u00f6nteme ba\u015fvurarak, avukatlar\u0131n b\u00fct\u00fcn yasal imkanlar\u0131 kullanarak, baz\u0131 milletvekili ve senat\u00f6rlerin Mecliste m\u00fccadele ederek \u00fc\u00e7 devrimci genci ipten kurtarmak i\u00e7in nas\u0131l \u00e7\u0131rp\u0131nd\u0131klar\u0131n\u0131 okuyacaks\u0131n\u0131z. Bu arada T\u00fcrkiye&#8217;deki sa\u011fc\u0131 bas\u0131n\u0131n intikam \u00e7\u0131\u011fl\u0131klar\u0131na, ac\u0131mas\u0131zl\u0131klar\u0131na ve kay\u0131ts\u0131zl\u0131klar\u0131na tan\u0131k olacaks\u0131n\u0131z. Ayr\u0131ca d\u0131\u015f bas\u0131n\u0131n K\u0131z\u0131ldere katliam\u0131 ile infazlar\u0131n \u00f6ncesinde ve sonras\u0131nda ya\u015fanan olaylar\u0131 nas\u0131l yorumlad\u0131\u011f\u0131n\u0131 da k\u0131rk y\u0131l gecikmeyle \u00f6\u011freneceksiniz.   Serpil \u00c7elenk G\u00fcven\u00e7, bu kitab\u0131 Halit \u00c7elenk&#8217;in b\u0131rakt\u0131\u011f\u0131 belgeler \u00fczerine \u00e7al\u0131\u015farak yazd\u0131. B\u00f6ylece babas\u0131n\u0131n vasiyetini de yerine getirmi\u015f oldu.- Yavuz Alogan <\/p>\n","protected":false},"excerpt":{"rendered":"<p>Kim, tek cana k\u0131ymam\u0131\u015f devrimciler i\u00e7in ip talep etmi\u015fti? Hangi milletvekili, sat\u0131r aras\u0131nda Bizden 3 ki\u015fi yand\u0131, onlardan da yans\u0131n bedduas\u0131 okunan dilek\u00e7elerle \u0130nfazlar durdurulmas\u0131n kampanyas\u0131<span class=\"excerpt-hellip\"> [\u2026]<\/span><\/p>\n","protected":false},"featured_media":0,"template":"","meta":{"_monsterinsights_skip_tracking":false,"_monsterinsights_sitenote_active":false,"_monsterinsights_sitenote_note":"","_monsterinsights_sitenote_category":0},"product_brand":[],"product_cat":[13072,12291],"product_tag":[],"class_list":{"0":"post-741378","1":"product","2":"type-product","3":"status-publish","5":"product_cat-arastirma-inceleme-referans","6":"product_cat-edebiyat","7":"pa_cilt-ciltsiz","8":"pa_tur-kitap","9":"pa_yayinevi-tekin-yayinevi","10":"pa_yazar-serpil-celenk-guvenc","12":"first","13":"instock","14":"sale","15":"shipping-taxable","16":"purchasable","17":"product-type-simple"},"_links":{"self":[{"href":"https:\/\/roveyayinevi.com.tr\/index.php\/wp-json\/wp\/v2\/product\/741378","targetHints":{"allow":["GET"]}}],"collection":[{"href":"https:\/\/roveyayinevi.com.tr\/index.php\/wp-json\/wp\/v2\/product"}],"about":[{"href":"https:\/\/roveyayinevi.com.tr\/index.php\/wp-json\/wp\/v2\/types\/product"}],"wp:attachment":[{"href":"https:\/\/roveyayinevi.com.tr\/index.php\/wp-json\/wp\/v2\/media?parent=741378"}],"wp:term":[{"taxonomy":"product_brand","embeddable":true,"href":"https:\/\/roveyayinevi.com.tr\/index.php\/wp-json\/wp\/v2\/product_brand?post=741378"},{"taxonomy":"product_cat","embeddable":true,"href":"https:\/\/roveyayinevi.com.tr\/index.php\/wp-json\/wp\/v2\/product_cat?post=741378"},{"taxonomy":"product_tag","embeddable":true,"href":"https:\/\/roveyayinevi.com.tr\/index.php\/wp-json\/wp\/v2\/product_tag?post=741378"}],"curies":[{"name":"wp","href":"https:\/\/api.w.org\/{rel}","templated":true}]}}