{"id":741346,"date":"2025-08-28T00:47:46","date_gmt":"2025-08-27T21:47:46","guid":{"rendered":"https:\/\/roveyayinevi.com.tr\/index.php\/urun\/matrixten-cikis-denemeleri\/"},"modified":"2026-04-16T02:52:37","modified_gmt":"2026-04-15T23:52:37","slug":"matrixten-cikis-denemeleri","status":"publish","type":"product","link":"https:\/\/roveyayinevi.com.tr\/index.php\/urun\/matrixten-cikis-denemeleri\/","title":{"rendered":"Matrix\u2019ten \u00c7\u0131k\u0131\u015f Denemeleri"},"content":{"rendered":"<p>Modern toplumlarda sona ermi\u015f gibi g\u00f6r\u00fcnen k\u00f6lelik asl\u0131nda hi\u00e7 bitmedi. \u015eekil de\u011fi\u015ftirip \u00e7ok daha g\u00fc\u00e7l\u00fc bir \u015fekilde arzular\u0131n, isteklerin ve sanal ihtiya\u00e7lar\u0131n k\u00f6leli\u011fine d\u00f6n\u00fc\u015ft\u00fc. En temelinde nefsin k\u00f6leli\u011fiydi hepsi. Nefis gizlendi. Kendisini ortada g\u00f6stermeden a\u015fama a\u015fama oyunlar\u0131n\u0131 sergiledi ve ba\u011f\u0131ml\u0131l\u0131klar yoluyla esaretimizi kuvvetlendirdi. Tarihin her d\u00f6neminde, doyumsuzlu\u011fuyla, haz eksenli bencil hedefleriyle ve suni ac\u0131larla kurgulad\u0131\u011f\u0131 hayali d\u00fcnyas\u0131nda, bu ac\u0131lar\u0131 dindirmek i\u00e7in uyu\u015fturucu, aldat\u0131c\u0131 oyuncaklar\u0131 oldu nefsin. \u00d6zg\u00fcrl\u00fc\u011f\u00fcn, huzurun ve hakikatin pe\u015finde ko\u015fan insan, arad\u0131\u011f\u0131n\u0131n uzakta olmad\u0131\u011f\u0131n\u0131, nefsin perdeleri kald\u0131r\u0131ld\u0131\u011f\u0131nda, kalbiselim, akl\u0131selim ve ruh h\u00e2kimiyetinin sa\u011flanaca\u011f\u0131n\u0131 anlad\u0131. Bu kitap, nefsi tan\u0131mak, oyunlar\u0131n\u0131 g\u00f6rmek, onu gizlendi\u011fi yerden \u00e7\u0131karmak i\u00e7in yaz\u0131ld\u0131. Nefsin s\u00fcrd\u00fc\u011f\u00fc h\u00e2kimiyete son vermek, kalbiselim, akl\u0131selim ve ruh mekanizmalar\u0131n\u0131 yeniden \u00e7al\u0131\u015ft\u0131rmak i\u00e7in bir ad\u0131m atmak i\u00e7in&#8230; Kimi zaman hayat\u0131n i\u00e7inden \u00f6rneklerle \u00e7ok ince oyunlar\u0131n\u0131 ortaya \u00e7\u0131kararak ve kar\u015f\u0131s\u0131nda sa\u011flam durarak, kimi zaman \u015fefkatin, sevginin ve samimiyetin g\u00fcc\u00fcyle hesaplar\u0131n\u0131, planlar\u0131n\u0131 \u00e7\u00f6kerterek ve hepsinden \u00f6nce \u00f6zg\u00fcrl\u00fck ad\u0131na at\u0131lan hi\u00e7bir ad\u0131m\u0131 k\u00fc\u00e7\u00fck g\u00f6rmeyerek\u2026<\/p>\n","protected":false},"excerpt":{"rendered":"<p>Modern toplumlarda sona ermi\u015f gibi g\u00f6r\u00fcnen k\u00f6lelik asl\u0131nda hi\u00e7 bitmedi. \u015eekil de\u011fi\u015ftirip \u00e7ok daha g\u00fc\u00e7l\u00fc bir \u015fekilde arzular\u0131n, isteklerin ve sanal ihtiya\u00e7lar\u0131n k\u00f6leli\u011fine d\u00f6n\u00fc\u015ft\u00fc. En temelinde<span class=\"excerpt-hellip\"> [\u2026]<\/span><\/p>\n","protected":false},"featured_media":0,"template":"","meta":{"_monsterinsights_skip_tracking":false,"_monsterinsights_sitenote_active":false,"_monsterinsights_sitenote_note":"","_monsterinsights_sitenote_category":0},"product_brand":[],"product_cat":[12777,12291],"product_tag":[],"class_list":{"0":"post-741346","1":"product","2":"type-product","3":"status-publish","5":"product_cat-deneme","6":"product_cat-edebiyat","7":"pa_cilt-ciltsiz","8":"pa_tur-kitap","9":"pa_yayinevi-elpis-yayinlari","10":"pa_yazar-mehmet-emin-ozgul","12":"first","13":"instock","14":"sale","15":"shipping-taxable","16":"purchasable","17":"product-type-simple"},"_links":{"self":[{"href":"https:\/\/roveyayinevi.com.tr\/index.php\/wp-json\/wp\/v2\/product\/741346","targetHints":{"allow":["GET"]}}],"collection":[{"href":"https:\/\/roveyayinevi.com.tr\/index.php\/wp-json\/wp\/v2\/product"}],"about":[{"href":"https:\/\/roveyayinevi.com.tr\/index.php\/wp-json\/wp\/v2\/types\/product"}],"wp:attachment":[{"href":"https:\/\/roveyayinevi.com.tr\/index.php\/wp-json\/wp\/v2\/media?parent=741346"}],"wp:term":[{"taxonomy":"product_brand","embeddable":true,"href":"https:\/\/roveyayinevi.com.tr\/index.php\/wp-json\/wp\/v2\/product_brand?post=741346"},{"taxonomy":"product_cat","embeddable":true,"href":"https:\/\/roveyayinevi.com.tr\/index.php\/wp-json\/wp\/v2\/product_cat?post=741346"},{"taxonomy":"product_tag","embeddable":true,"href":"https:\/\/roveyayinevi.com.tr\/index.php\/wp-json\/wp\/v2\/product_tag?post=741346"}],"curies":[{"name":"wp","href":"https:\/\/api.w.org\/{rel}","templated":true}]}}