{"id":741345,"date":"2025-08-28T00:47:44","date_gmt":"2025-08-27T21:47:44","guid":{"rendered":"https:\/\/roveyayinevi.com.tr\/index.php\/urun\/dort-kose-sancilari\/"},"modified":"2026-04-16T02:52:37","modified_gmt":"2026-04-15T23:52:37","slug":"dort-kose-sancilari","status":"publish","type":"product","link":"https:\/\/roveyayinevi.com.tr\/index.php\/urun\/dort-kose-sancilari\/","title":{"rendered":"D\u00f6rt K\u00f6\u015fe Sanc\u0131lar\u0131"},"content":{"rendered":"<p>\u2026\u2026. geri getir melekleri g\u00f6ky\u00fcz\u00fcn\u00fcn derinliklerinden uzatm\u0131\u015f ellerini seni bekliyorlar, senin gizemli sesin \u00e7a\u011f\u0131r\u0131nca onlar\u0131, cehenneme kurbanlar ta\u015f\u0131rken, bana da u\u011fruyorlar\u2026 <\/p>\n","protected":false},"excerpt":{"rendered":"<p>\u2026\u2026. geri getir melekleri g\u00f6ky\u00fcz\u00fcn\u00fcn derinliklerinden uzatm\u0131\u015f ellerini seni bekliyorlar, senin gizemli sesin \u00e7a\u011f\u0131r\u0131nca onlar\u0131, cehenneme kurbanlar ta\u015f\u0131rken, bana da u\u011fruyorlar\u2026<\/p>\n","protected":false},"featured_media":0,"template":"","meta":{"_monsterinsights_skip_tracking":false,"_monsterinsights_sitenote_active":false,"_monsterinsights_sitenote_note":"","_monsterinsights_sitenote_category":0},"product_brand":[],"product_cat":[12291,12509],"product_tag":[],"class_list":{"0":"post-741345","1":"product","2":"type-product","3":"status-publish","5":"product_cat-edebiyat","6":"product_cat-siir","7":"pa_cilt-ciltsiz","8":"pa_tur-kitap","9":"pa_yayinevi-elpis-yayinlari","10":"pa_yazar-yunis-hasanov","12":"first","13":"instock","14":"sale","15":"shipping-taxable","16":"purchasable","17":"product-type-simple"},"_links":{"self":[{"href":"https:\/\/roveyayinevi.com.tr\/index.php\/wp-json\/wp\/v2\/product\/741345","targetHints":{"allow":["GET"]}}],"collection":[{"href":"https:\/\/roveyayinevi.com.tr\/index.php\/wp-json\/wp\/v2\/product"}],"about":[{"href":"https:\/\/roveyayinevi.com.tr\/index.php\/wp-json\/wp\/v2\/types\/product"}],"wp:attachment":[{"href":"https:\/\/roveyayinevi.com.tr\/index.php\/wp-json\/wp\/v2\/media?parent=741345"}],"wp:term":[{"taxonomy":"product_brand","embeddable":true,"href":"https:\/\/roveyayinevi.com.tr\/index.php\/wp-json\/wp\/v2\/product_brand?post=741345"},{"taxonomy":"product_cat","embeddable":true,"href":"https:\/\/roveyayinevi.com.tr\/index.php\/wp-json\/wp\/v2\/product_cat?post=741345"},{"taxonomy":"product_tag","embeddable":true,"href":"https:\/\/roveyayinevi.com.tr\/index.php\/wp-json\/wp\/v2\/product_tag?post=741345"}],"curies":[{"name":"wp","href":"https:\/\/api.w.org\/{rel}","templated":true}]}}