{"id":741343,"date":"2025-08-28T00:47:41","date_gmt":"2025-08-27T21:47:41","guid":{"rendered":"https:\/\/roveyayinevi.com.tr\/index.php\/urun\/buyuk-tasarim\/"},"modified":"2026-04-16T02:52:37","modified_gmt":"2026-04-15T23:52:37","slug":"buyuk-tasarim","status":"publish","type":"product","link":"https:\/\/roveyayinevi.com.tr\/index.php\/urun\/buyuk-tasarim\/","title":{"rendered":"B\u00fcy\u00fck  Tasar\u0131m"},"content":{"rendered":"<p>Douglas Adams, Otostop\u00e7unun Galaksi Rehberi\u2019nde karakterlerine bir bilgisayara, \u201chayat\u0131n evrenin ve her \u015feyin\u201d nihai yan\u0131t\u0131n\u0131 sordurur. Stephen Hawking ve Leonard Mlodinow\u2019un B\u00fcy\u00fck Tasar\u0131m\u2019da i\u015faret ettikleri gibi, bilgisayar\u0131n verdi\u011fi \u201c42\u201d yan\u0131t\u0131 yard\u0131mc\u0131 olmaktan uzakt\u0131r. Hawking ile Mlodinow o nihai soruya \u015fu \u00fc\u00e7 soruyu ilave ediyorlar: Ni\u00e7in hi\u00e7lik de\u011fil de varl\u0131k var? Ni\u00e7in var\u0131z? Ni\u00e7in ba\u015fka yasalar de\u011fil de bu bildi\u011fimiz yasalar var? Hawking ve Mlodinow, Antik Yunan\u2019dan modern kozmolojiye kadar bilimin geli\u015fimindeki d\u00f6n\u00fcm noktalar\u0131na i\u015faret edip, kuantum mekani\u011fine ve g\u00f6relili\u011fe ili\u015fkin kuramlar\u0131 bir araya getirerek evrenimizin nas\u0131l yoktan var oldu\u011funu anlamam\u0131z\u0131 sa\u011fl\u0131yorlar. \u015eu an elimizde bulunan en iyi fizik tan\u0131m\u0131n\u0131n \u201cM-kuram\u0131\u201d denilen ve i\u00e7inde ya\u015fad\u0131\u011f\u0131m\u0131z tek bir evrenin de\u011fil, muazzam say\u0131da evrenin var oldu\u011funu \u00f6ng\u00f6ren kuram oldu\u011funu a\u00e7\u0131kl\u0131yorlar. T\u00fcm olas\u0131 evrenler aras\u0131ndan baz\u0131lar\u0131 ya\u015fam\u0131n ortaya \u00e7\u0131k\u0131\u015f\u0131na olanak tan\u0131yan yasalara sahip olmal\u0131. Burada oldu\u011fumuz ger\u00e7e\u011fi halihaz\u0131rda \u00c7oklu Evrenin b\u00f6yle bir noktas\u0131nda oldu\u011fumuzu do\u011fruluyor. \u201cHawking ve Mlodinow bu k\u0131sa ve hareketli kitapta, okuru al\u0131p bir temel fizik ve kozmoloji kas\u0131rgas\u0131na s\u00fcr\u00fckl\u00fcyorlar.\u201d \u2013The Wall Street Journal \u201cProvokatif bir pop\u00fcler bilim kitab\u0131, evrenimizin ba\u015flang\u0131c\u0131na ili\u015fkin en son g\u00f6r\u00fc\u015flere odaklanan bir ke\u015fif.\u201d \u2013The New York Times<\/p>\n","protected":false},"excerpt":{"rendered":"<p>Douglas Adams, Otostop\u00e7unun Galaksi Rehberi\u2019nde karakterlerine bir bilgisayara, \u201chayat\u0131n evrenin ve her \u015feyin\u201d nihai yan\u0131t\u0131n\u0131 sordurur. Stephen Hawking ve Leonard Mlodinow\u2019un B\u00fcy\u00fck Tasar\u0131m\u2019da i\u015faret ettikleri gibi,<span class=\"excerpt-hellip\"> [\u2026]<\/span><\/p>\n","protected":false},"featured_media":0,"template":"","meta":{"_monsterinsights_skip_tracking":false,"_monsterinsights_sitenote_active":false,"_monsterinsights_sitenote_note":"","_monsterinsights_sitenote_category":0},"product_brand":[],"product_cat":[13005,13006],"product_tag":[],"class_list":{"0":"post-741343","1":"product","2":"type-product","3":"status-publish","5":"product_cat-bilim-muhendislik","6":"product_cat-populer-bilim","7":"pa_cilt-ciltsiz","8":"pa_tur-kitap","9":"pa_yayinevi-alfa-yayinlari","10":"pa_yazar-stephen-hawking-leonard-mlodinow","12":"first","13":"instock","14":"sale","15":"shipping-taxable","16":"purchasable","17":"product-type-simple"},"_links":{"self":[{"href":"https:\/\/roveyayinevi.com.tr\/index.php\/wp-json\/wp\/v2\/product\/741343","targetHints":{"allow":["GET"]}}],"collection":[{"href":"https:\/\/roveyayinevi.com.tr\/index.php\/wp-json\/wp\/v2\/product"}],"about":[{"href":"https:\/\/roveyayinevi.com.tr\/index.php\/wp-json\/wp\/v2\/types\/product"}],"wp:attachment":[{"href":"https:\/\/roveyayinevi.com.tr\/index.php\/wp-json\/wp\/v2\/media?parent=741343"}],"wp:term":[{"taxonomy":"product_brand","embeddable":true,"href":"https:\/\/roveyayinevi.com.tr\/index.php\/wp-json\/wp\/v2\/product_brand?post=741343"},{"taxonomy":"product_cat","embeddable":true,"href":"https:\/\/roveyayinevi.com.tr\/index.php\/wp-json\/wp\/v2\/product_cat?post=741343"},{"taxonomy":"product_tag","embeddable":true,"href":"https:\/\/roveyayinevi.com.tr\/index.php\/wp-json\/wp\/v2\/product_tag?post=741343"}],"curies":[{"name":"wp","href":"https:\/\/api.w.org\/{rel}","templated":true}]}}