{"id":741331,"date":"2025-08-28T00:47:24","date_gmt":"2025-08-27T21:47:24","guid":{"rendered":"https:\/\/roveyayinevi.com.tr\/index.php\/urun\/emily-tirmaniyor-ii\/"},"modified":"2026-04-16T02:52:36","modified_gmt":"2026-04-15T23:52:36","slug":"emily-tirmaniyor-ii","status":"publish","type":"product","link":"https:\/\/roveyayinevi.com.tr\/index.php\/urun\/emily-tirmaniyor-ii\/","title":{"rendered":"Emily T\u0131rman\u0131yor (II)"},"content":{"rendered":"<p>Arka Kapak: &#8220;Her \u015fey sonu\u00e7ta ayn\u0131 noktaya var\u0131yor, ba\u015fkalar\u0131n\u0131n do\u011frular\u0131yla ya\u015famaya \u00e7al\u0131\u015fman\u0131n hi\u00e7bir yarar\u0131 yok. \u0130nsan kendi do\u011frular\u0131na g\u00f6re ya\u015famal\u0131.&#8221;   \u00c7ocukluktan gen\u00e7 k\u0131zl\u0131\u011fa ad\u0131m atan Emily i\u00e7in Yeni Ay \u00c7iftli\u011fi art\u0131k hayallerini ger\u00e7ekle\u015ftirmeyi umdu\u011fu bir s\u0131\u011f\u0131nakt\u0131r. Bir yandan hayat\u0131ndaki yeniliklere al\u0131\u015fmaya \u00e7al\u0131\u015f\u0131rken di\u011fer yandan da kar\u015f\u0131la\u015ft\u0131\u011f\u0131 bask\u0131lar\u0131n ve yenilgilerin alt\u0131ndan kendine \u00f6zg\u00fc tarz\u0131yla kalkman\u0131n bir yolunu bulur.   \u00dc\u00e7 ciltlik serinin bu ikinci kitab\u0131nda e\u011fitimiyle ilgili \u00f6nemli bir d\u00f6n\u00fcm noktas\u0131na gelen Emily defterlerine gizlice i\u00e7ini d\u00f6kmekte ve yazar olma hayaline s\u0131k\u0131ca sar\u0131lmaktad\u0131r. Arkada\u015flar\u0131 Shrewsbury yak\u0131n\u0131ndaki liseye giderken Elizabeth teyzenin Emily i\u00e7in farkl\u0131 planlar\u0131 vard\u0131r. <\/p>\n","protected":false},"excerpt":{"rendered":"<p>Arka Kapak: &#8220;Her \u015fey sonu\u00e7ta ayn\u0131 noktaya var\u0131yor, ba\u015fkalar\u0131n\u0131n do\u011frular\u0131yla ya\u015famaya \u00e7al\u0131\u015fman\u0131n hi\u00e7bir yarar\u0131 yok. \u0130nsan kendi do\u011frular\u0131na g\u00f6re ya\u015famal\u0131.&#8221; \u00c7ocukluktan gen\u00e7 k\u0131zl\u0131\u011fa ad\u0131m atan Emily<span class=\"excerpt-hellip\"> [\u2026]<\/span><\/p>\n","protected":false},"featured_media":0,"template":"","meta":{"_monsterinsights_skip_tracking":false,"_monsterinsights_sitenote_active":false,"_monsterinsights_sitenote_note":"","_monsterinsights_sitenote_category":0},"product_brand":[],"product_cat":[12291,12711],"product_tag":[],"class_list":{"0":"post-741331","1":"product","2":"type-product","3":"status-publish","5":"product_cat-edebiyat","6":"product_cat-roman-oyku","7":"pa_cilt-ciltli","8":"pa_tur-kitap","9":"pa_yayinevi-koridor-yayincilik","10":"pa_yazar-lucy-maud-montgomery","12":"first","13":"instock","14":"sale","15":"shipping-taxable","16":"purchasable","17":"product-type-simple"},"_links":{"self":[{"href":"https:\/\/roveyayinevi.com.tr\/index.php\/wp-json\/wp\/v2\/product\/741331","targetHints":{"allow":["GET"]}}],"collection":[{"href":"https:\/\/roveyayinevi.com.tr\/index.php\/wp-json\/wp\/v2\/product"}],"about":[{"href":"https:\/\/roveyayinevi.com.tr\/index.php\/wp-json\/wp\/v2\/types\/product"}],"wp:attachment":[{"href":"https:\/\/roveyayinevi.com.tr\/index.php\/wp-json\/wp\/v2\/media?parent=741331"}],"wp:term":[{"taxonomy":"product_brand","embeddable":true,"href":"https:\/\/roveyayinevi.com.tr\/index.php\/wp-json\/wp\/v2\/product_brand?post=741331"},{"taxonomy":"product_cat","embeddable":true,"href":"https:\/\/roveyayinevi.com.tr\/index.php\/wp-json\/wp\/v2\/product_cat?post=741331"},{"taxonomy":"product_tag","embeddable":true,"href":"https:\/\/roveyayinevi.com.tr\/index.php\/wp-json\/wp\/v2\/product_tag?post=741331"}],"curies":[{"name":"wp","href":"https:\/\/api.w.org\/{rel}","templated":true}]}}