{"id":741304,"date":"2025-08-28T00:46:47","date_gmt":"2025-08-27T21:46:47","guid":{"rendered":"https:\/\/roveyayinevi.com.tr\/index.php\/urun\/kacis-plani-bir-gezginin-hikayesi\/"},"modified":"2026-04-16T02:52:35","modified_gmt":"2026-04-15T23:52:35","slug":"kacis-plani-bir-gezginin-hikayesi","status":"publish","type":"product","link":"https:\/\/roveyayinevi.com.tr\/index.php\/urun\/kacis-plani-bir-gezginin-hikayesi\/","title":{"rendered":"Ka\u00e7\u0131\u015f Plan\u0131 &#8211; Bir Gezginin Hikayesi"},"content":{"rendered":"<p>Bir D\u00fcnya Vatanda\u015f\u0131 Olmak\u00d6ncelikle, hepimizin bu terimden ayn\u0131 \u015feyi anlad\u0131\u011f\u0131ndan emin olmak ad\u0131na \u201cd\u00fcnya vatanda\u015f\u0131 olmak\u2019\u2019 nedir, onunla ba\u015flayay\u0131m.Herkes i\u00e7in farkl\u0131 bir anlam ta\u015f\u0131yabilecek d\u00fcnya vatanda\u015fl\u0131\u011f\u0131 benim i\u00e7in \u015fu anlama geliyor:\u0130nsanlara nereden geldi\u011fine, dinine, diline, \u0131rk\u0131na bakmadan, insan olduklar\u0131 i\u00e7in de\u011fer vermek.Ve ya\u015fad\u0131\u011f\u0131n hayat\u0131 istedi\u011fin yerde, istedi\u011fin kadar kalarak, yapt\u0131\u011f\u0131n i\u015fi senin hizmetine ihtiyac\u0131 olan herkese sunarak yapmak.S\u0131n\u0131rlar\u0131n, b\u00f6lgelerin, uluslar\u0131n \u00f6tesinde d\u00fc\u015f\u00fcnebilmek ve t\u00fcm insanl\u0131\u011fa faydaya odaklanmak.B\u00fct\u00fcn t\u00fcm bu sayd\u0131klar\u0131m\u0131 yapabilecek donan\u0131ma sahip olabilmek; ki\u015fisel, profesyonel, enerjisel ve dil donan\u0131m\u0131na.Ben kendimi bir d\u00fcnya vatanda\u015f\u0131 olarak g\u00f6r\u00fcyorum. Bu topraklarda do\u011fdum ve T\u00fcrk kimli\u011fim benim \u00f6nemli bir par\u00e7am.Fakat ne yaparsam yapay\u0131m her zaman kendime \u015fu soruyu soruyorum: Yapt\u0131\u011f\u0131m i\u015fi d\u00fcnyadaki 7 k\u00fcsur milyar insana nas\u0131l sunabilirim?Her g\u00fcn bu soruya cevap bulma niyetiyle kendimin daha iyi bir versiyonunu yaratmaya ve bunu yaparken de kendimden daha b\u00fcy\u00fck bir amaca hizmet etmeye \u00e7al\u0131\u015f\u0131yorum.Benim i\u00e7in bir d\u00fcnya vatanda\u015f\u0131 olmak bu anlama geliyor.Elinizde tuttu\u011funuz bu kitap, \u00f6z\u00fcnde bir seyahat kitab\u0131. 2017\u2019den itibaren ger\u00e7ekle\u015ftirdi\u011fim seyahatlerimi ve oradaki tecr\u00fcbelerimi anlatt\u0131\u011f\u0131m bir seyahatname.Seyahat etmek bir d\u00fcnya vatanda\u015f\u0131 olman\u0131n b\u00fcy\u00fck bir parametresi oldu\u011fundan \u00f6t\u00fcr\u00fc bu kitaba, insanlara bir d\u00fcnya vatanda\u015f\u0131 olmalar\u0131nda gerekli donan\u0131mlar\u0131 kazanmalar\u0131na yol g\u00f6stermeye \u00e7al\u0131\u015ft\u0131\u011f\u0131m \u201cKa\u00e7\u0131\u015f Plan\u0131\u2019\u2019 isimli e\u011fitim serimle ayn\u0131 ismi vermeye karar verdik.\u00c7\u00fcnk\u00fc seyahatlerim ve t\u00fcm yapt\u0131klar\u0131m \u00f6z\u00fcnde ayn\u0131 amaca hizmet ediyor: Kendisine, ailesine, \u00fclkesine, ya\u015fad\u0131\u011f\u0131 k\u0131taya ve d\u00fcnyas\u0131na katk\u0131 sa\u011flamaya \u00e7al\u0131\u015fan bir d\u00fcnya vatanda\u015f\u0131 olmak ve bunu yapmak isteyen ba\u015fka insanlara yol g\u00f6sterebilmek.Umar\u0131m bu kitap bir nebze de olsa, bir d\u00fcnya vatanda\u015f\u0131 olma yolunda size yol g\u00f6sterir. <\/p>\n","protected":false},"excerpt":{"rendered":"<p>Bir D\u00fcnya Vatanda\u015f\u0131 Olmak\u00d6ncelikle, hepimizin bu terimden ayn\u0131 \u015feyi anlad\u0131\u011f\u0131ndan emin olmak ad\u0131na \u201cd\u00fcnya vatanda\u015f\u0131 olmak\u2019\u2019 nedir, onunla ba\u015flayay\u0131m.Herkes i\u00e7in farkl\u0131 bir anlam ta\u015f\u0131yabilecek d\u00fcnya vatanda\u015fl\u0131\u011f\u0131<span class=\"excerpt-hellip\"> [\u2026]<\/span><\/p>\n","protected":false},"featured_media":0,"template":"","meta":{"_monsterinsights_skip_tracking":false,"_monsterinsights_sitenote_active":false,"_monsterinsights_sitenote_note":"","_monsterinsights_sitenote_category":0},"product_brand":[],"product_cat":[13054],"product_tag":[],"class_list":{"0":"post-741304","1":"product","2":"type-product","3":"status-publish","5":"product_cat-gezi-ve-rehber-kitaplari","6":"pa_cilt-ciltsiz","7":"pa_tur-kitap","8":"pa_yayinevi-abakus-kitap","9":"pa_yazar-percin-imrek","11":"first","12":"instock","13":"sale","14":"shipping-taxable","15":"purchasable","16":"product-type-simple"},"_links":{"self":[{"href":"https:\/\/roveyayinevi.com.tr\/index.php\/wp-json\/wp\/v2\/product\/741304","targetHints":{"allow":["GET"]}}],"collection":[{"href":"https:\/\/roveyayinevi.com.tr\/index.php\/wp-json\/wp\/v2\/product"}],"about":[{"href":"https:\/\/roveyayinevi.com.tr\/index.php\/wp-json\/wp\/v2\/types\/product"}],"wp:attachment":[{"href":"https:\/\/roveyayinevi.com.tr\/index.php\/wp-json\/wp\/v2\/media?parent=741304"}],"wp:term":[{"taxonomy":"product_brand","embeddable":true,"href":"https:\/\/roveyayinevi.com.tr\/index.php\/wp-json\/wp\/v2\/product_brand?post=741304"},{"taxonomy":"product_cat","embeddable":true,"href":"https:\/\/roveyayinevi.com.tr\/index.php\/wp-json\/wp\/v2\/product_cat?post=741304"},{"taxonomy":"product_tag","embeddable":true,"href":"https:\/\/roveyayinevi.com.tr\/index.php\/wp-json\/wp\/v2\/product_tag?post=741304"}],"curies":[{"name":"wp","href":"https:\/\/api.w.org\/{rel}","templated":true}]}}