{"id":741300,"date":"2025-08-28T00:46:42","date_gmt":"2025-08-27T21:46:42","guid":{"rendered":"https:\/\/roveyayinevi.com.tr\/index.php\/urun\/bilime-dokunmak-bilim-iletisimi-el-kitabi\/"},"modified":"2026-04-16T02:52:35","modified_gmt":"2026-04-15T23:52:35","slug":"bilime-dokunmak-bilim-iletisimi-el-kitabi","status":"publish","type":"product","link":"https:\/\/roveyayinevi.com.tr\/index.php\/urun\/bilime-dokunmak-bilim-iletisimi-el-kitabi\/","title":{"rendered":"Bilime Dokunmak Bilim \u0130leti\u015fimi El Kitab\u0131"},"content":{"rendered":"<p>Bilime Dokunmak Bilim \u0130leti\u015fimi El Kitab\u0131 Kitap A\u00e7\u0131klamas\u0131 T\u00fcrkiye\u2019deki pek \u00e7ok bilim merkezinin ve bilim temal\u0131 uluslararas\u0131 projelerin konsept tasar\u0131m, \u00fcretim ve y\u00f6netim s\u00fcre\u00e7lerine dan\u0131\u015fmanl\u0131k veren Samet Tuna ile oyunculuk ile bilim alan\u0131n\u0131 birle\u015ftirerek yenilik\u00e7i bilim ileti\u015fimi etkinlikleri tasarlayan Onur Berk Arslano\u011flu\u2019dan bilim ileti\u015fiminin t\u00fcm unsurlar\u0131n\u0131 pratik yol haritalar\u0131 ile birle\u015ftiren k\u0131lavuz niteli\u011finde bir \u00e7al\u0131\u015fma.Bilime Dokunmak; \u201cBilim ileti\u015fimi nedir? Bilim-toplum ili\u015fkisinin tarihsel geli\u015fimi nas\u0131ld\u0131r? G\u00fcn\u00fcm\u00fczde nas\u0131l yorumlanmal\u0131d\u0131r? Bilim etkinlikleri nas\u0131l tasarlanmal\u0131 ve nas\u0131l uygulanmal\u0131d\u0131r? Bilim merkezi ve bilim festivali kavramlar\u0131 nelerdir? Bir bilim merkezi nas\u0131l kurulur? \u0130lgi \u00e7ekici konseptler nas\u0131l geli\u015ftirilir? Bilim merkezlerini s\u00fcrd\u00fcr\u00fclebilir k\u0131lacak y\u00f6netimsel ipu\u00e7lar\u0131 nelerdir?\u201d sorular\u0131n\u0131n yan\u0131tlar\u0131n\u0131; fen bilgisi \u00f6\u011fretmenleri, bilim merkezi profesyonelleri, bilim ileti\u015fimi alan\u0131nda \u00e7al\u0131\u015fma yapan ve bu alana ilgi duyan herkes i\u00e7in bir araya getiriyor.\u0130\u00e7indekiler:B\u0130L\u0130M \u0130LET\u0130\u015e\u0130M\u0130Bilim Ve Toplum \u0130li\u015fkisi \/Bilim \u0130leti\u015fimi Yakla\u015f\u0131mlar\u0131 \/ Bilim \u0130leti\u015fimi Etkinlikleri    \/ Bilim At\u00f6lyesi \/Bilim Tiyatrosu \/Bilim G\u00f6sterisi \/ Bilim S\u00f6yle\u015fisi \/ Sokakta Bilim Performans\u0131 \/ Oyunla\u015ft\u0131rma \/ Role-Play Etkinlikleri \/Bilim Yay\u0131nc\u0131l\u0131\u011f\u0131Bilim Yar\u0131\u015fmalar\u0131 \/ Avrupa Bilim Etkinlikleri Birli\u011fi, EUSEAB\u0130L\u0130M MERKEZLER\u0130Bilim Merkezi Hakk\u0131nda \/ Bilim Merkezlerinde Bulunan Alanlar \/ Bilim Merkezi Kurulmas\u0131 Hakk\u0131ndaB\u0130L\u0130M FEST\u0130VAL\u0130Bilim Festivali Hakk\u0131nda \/ Tema   \/ Ziyaret\u00e7i Profilleri    \/ Fonlama \u2013 B\u00fct\u00e7e \/ Alan &#8211; Yer    \/ Lojistik \/Aktiviteler \u2013 Program \/ G\u00f6n\u00fcll\u00fcl\u00fck \/ Pazarlama Faaliyetleri \/Cenova Bilim Festivali \u00d6rne\u011fiEinstein Adas\u0131: Bilim \u0130leti\u015fiminin Woodstock\u2019\u0131 \/ Bilim Festivalleri: Konya Bilim Festivali \u00d6rnekleriBilim \u015eenli\u011finde G\u00f6n\u00fcll\u00fc Olmak! \/ Okulda Bilim Etkinlikleri \/ T\u00fcrkiye Bilim \u0130leti\u015fimi Haritas\u0131 <\/p>\n","protected":false},"excerpt":{"rendered":"<p>Bilime Dokunmak Bilim \u0130leti\u015fimi El Kitab\u0131 Kitap A\u00e7\u0131klamas\u0131 T\u00fcrkiye\u2019deki pek \u00e7ok bilim merkezinin ve bilim temal\u0131 uluslararas\u0131 projelerin konsept tasar\u0131m, \u00fcretim ve y\u00f6netim s\u00fcre\u00e7lerine dan\u0131\u015fmanl\u0131k veren<span class=\"excerpt-hellip\"> [\u2026]<\/span><\/p>\n","protected":false},"featured_media":0,"template":"","meta":{"_monsterinsights_skip_tracking":false,"_monsterinsights_sitenote_active":false,"_monsterinsights_sitenote_note":"","_monsterinsights_sitenote_category":0},"product_brand":[],"product_cat":[13005,13006],"product_tag":[],"class_list":{"0":"post-741300","1":"product","2":"type-product","3":"status-publish","5":"product_cat-bilim-muhendislik","6":"product_cat-populer-bilim","7":"pa_cilt-ciltsiz","8":"pa_tur-kitap","9":"pa_yayinevi-abakus-kitap","10":"pa_yazar-onur-berk-arslanoglu","12":"first","13":"instock","14":"sale","15":"shipping-taxable","16":"purchasable","17":"product-type-simple"},"_links":{"self":[{"href":"https:\/\/roveyayinevi.com.tr\/index.php\/wp-json\/wp\/v2\/product\/741300","targetHints":{"allow":["GET"]}}],"collection":[{"href":"https:\/\/roveyayinevi.com.tr\/index.php\/wp-json\/wp\/v2\/product"}],"about":[{"href":"https:\/\/roveyayinevi.com.tr\/index.php\/wp-json\/wp\/v2\/types\/product"}],"wp:attachment":[{"href":"https:\/\/roveyayinevi.com.tr\/index.php\/wp-json\/wp\/v2\/media?parent=741300"}],"wp:term":[{"taxonomy":"product_brand","embeddable":true,"href":"https:\/\/roveyayinevi.com.tr\/index.php\/wp-json\/wp\/v2\/product_brand?post=741300"},{"taxonomy":"product_cat","embeddable":true,"href":"https:\/\/roveyayinevi.com.tr\/index.php\/wp-json\/wp\/v2\/product_cat?post=741300"},{"taxonomy":"product_tag","embeddable":true,"href":"https:\/\/roveyayinevi.com.tr\/index.php\/wp-json\/wp\/v2\/product_tag?post=741300"}],"curies":[{"name":"wp","href":"https:\/\/api.w.org\/{rel}","templated":true}]}}