{"id":741272,"date":"2025-08-28T00:46:00","date_gmt":"2025-08-27T21:46:00","guid":{"rendered":"https:\/\/roveyayinevi.com.tr\/index.php\/urun\/milenaya-mektuplar-14\/"},"modified":"2026-04-16T02:52:34","modified_gmt":"2026-04-15T23:52:34","slug":"milenaya-mektuplar-14","status":"publish","type":"product","link":"https:\/\/roveyayinevi.com.tr\/index.php\/urun\/milenaya-mektuplar-14\/","title":{"rendered":"Milena&#8217;ya  Mektuplar"},"content":{"rendered":"<p>Franz Kafka ve gazeteci Milena Jesensk\u00e1 1920 y\u0131l\u0131n\u0131n ba\u015flar\u0131nda, Prag\u2019da, bir dost meclisinde tan\u0131\u015f\u0131rlar. Milena\u2019n\u0131n bu ilk bulu\u015fmada Kafka\u2019n\u0131n iki \u00f6yk\u00fcs\u00fcn\u00fc \u00c7ek\u00e7eye \u00e7evirme arzusunu dile getirmesiyle, yazar\u0131n \u00f6l\u00fcm\u00fcnden k\u0131sa bir s\u00fcre \u00f6ncesine kadar s\u00fcrecek umutsuz bir a\u015fk ili\u015fkisinin ilk ad\u0131m\u0131 at\u0131lm\u0131\u015f olur.   Umutsuz bir a\u015fk ili\u015fkisidir bu \u00e7\u00fcnk\u00fc Milena Viyana\u2019da, mutsuz bir evlilik s\u00fcrd\u00fcrd\u00fc\u011f\u00fc kocas\u0131yla birlikte ya\u015famakta, Kafka ise t\u00fcberk\u00fcloz tedavisi i\u00e7in sanatoryumda yatmad\u0131\u011f\u0131 zamanlarda ya\u015fam\u0131n\u0131 Prag\u2019da s\u00fcrd\u00fcrmektedir. Yazar\u0131n a\u015fk\u0131n\u0131, kayg\u0131lar\u0131n\u0131 ve \u00e7aresizli\u011fini payla\u015ft\u0131\u011f\u0131 bu mektuplar, hem bir a\u015fk roman\u0131 hem de yazar\u0131n i\u00e7 d\u00fcnyas\u0131n\u0131n en kat\u0131ks\u0131z, en \u00e7arp\u0131c\u0131 anlat\u0131m\u0131d\u0131r.   Milena\u2019ya Mektuplar\u2019\u0131n bu edisyonunda, Kafka\u2019n\u0131n mektuplar\u0131na Milena Jesensk\u00e1\u2019n\u0131n Max Brod\u2019a yazd\u0131\u011f\u0131 mektuplar ve gazete yaz\u0131lar\u0131 e\u015flik ediyor. <\/p>\n","protected":false},"excerpt":{"rendered":"<p>Franz Kafka ve gazeteci Milena Jesensk\u00e1 1920 y\u0131l\u0131n\u0131n ba\u015flar\u0131nda, Prag\u2019da, bir dost meclisinde tan\u0131\u015f\u0131rlar. Milena\u2019n\u0131n bu ilk bulu\u015fmada Kafka\u2019n\u0131n iki \u00f6yk\u00fcs\u00fcn\u00fc \u00c7ek\u00e7eye \u00e7evirme arzusunu dile getirmesiyle,<span class=\"excerpt-hellip\"> [\u2026]<\/span><\/p>\n","protected":false},"featured_media":0,"template":"","meta":{"_monsterinsights_skip_tracking":false,"_monsterinsights_sitenote_active":false,"_monsterinsights_sitenote_note":"","_monsterinsights_sitenote_category":0},"product_brand":[],"product_cat":[12291,12711],"product_tag":[],"class_list":{"0":"post-741272","1":"product","2":"type-product","3":"status-publish","5":"product_cat-edebiyat","6":"product_cat-roman-oyku","7":"pa_cilt-ciltsiz","8":"pa_tur-kitap","9":"pa_yayinevi-yapi-kredi-yayinlari","10":"pa_yazar-franz-kafka","12":"first","13":"instock","14":"sale","15":"shipping-taxable","16":"purchasable","17":"product-type-simple"},"_links":{"self":[{"href":"https:\/\/roveyayinevi.com.tr\/index.php\/wp-json\/wp\/v2\/product\/741272","targetHints":{"allow":["GET"]}}],"collection":[{"href":"https:\/\/roveyayinevi.com.tr\/index.php\/wp-json\/wp\/v2\/product"}],"about":[{"href":"https:\/\/roveyayinevi.com.tr\/index.php\/wp-json\/wp\/v2\/types\/product"}],"wp:attachment":[{"href":"https:\/\/roveyayinevi.com.tr\/index.php\/wp-json\/wp\/v2\/media?parent=741272"}],"wp:term":[{"taxonomy":"product_brand","embeddable":true,"href":"https:\/\/roveyayinevi.com.tr\/index.php\/wp-json\/wp\/v2\/product_brand?post=741272"},{"taxonomy":"product_cat","embeddable":true,"href":"https:\/\/roveyayinevi.com.tr\/index.php\/wp-json\/wp\/v2\/product_cat?post=741272"},{"taxonomy":"product_tag","embeddable":true,"href":"https:\/\/roveyayinevi.com.tr\/index.php\/wp-json\/wp\/v2\/product_tag?post=741272"}],"curies":[{"name":"wp","href":"https:\/\/api.w.org\/{rel}","templated":true}]}}