{"id":741267,"date":"2025-08-28T00:45:52","date_gmt":"2025-08-27T21:45:52","guid":{"rendered":"https:\/\/roveyayinevi.com.tr\/index.php\/urun\/evlilik-terapisi-ve-cinsel-terapiyi-butunlestirmek\/"},"modified":"2026-04-16T02:52:19","modified_gmt":"2026-04-15T23:52:19","slug":"evlilik-terapisi-ve-cinsel-terapiyi-butunlestirmek","status":"publish","type":"product","link":"https:\/\/roveyayinevi.com.tr\/index.php\/urun\/evlilik-terapisi-ve-cinsel-terapiyi-butunlestirmek\/","title":{"rendered":"Evlilik Terapisi ve Cinsel Terapiyi B\u00fct\u00fcnle\u015ftirmek"},"content":{"rendered":"<p>Evlilik, yak\u0131n ili\u015fkiler ve cinsellikle ilgili ger\u00e7ekleri mi \u00f6\u011frenmek istiyorsunuz? \u00dcnl\u00fc evlilik ve seks terapistleri Gerald R. Weeks ve Larry Hof, arkada\u015f\u00e7a bir \u00fcslupla cinsel genogramdan, cinsel i\u015flev bozukluklar\u0131n\u0131n tedavisinde aile k\u00f6kenli etkenlerin de\u011ferlendirilmesine, \u00e7iftin cinsel ili\u015fkisini zenginle\u015ftirmekten \u00e7iftlere cinsel hipnoterapiye, ketlenmi\u015f cinsel arzunun sistematik tedavisinden kad\u0131n ve erkekte hiperseks\u00fcaliteyi anlamaya kadar bilmek istedi\u011finiz her konuda en g\u00fcncel bilgileri aktar\u0131yor. Yayg\u0131n yanl\u0131\u015f bilgileri d\u00fczeltiyor ve d\u00fc\u015f\u00fck libido, cinsel fonksiyon bozukluklar\u0131 gibi sorunlar\u0131 a\u015fmak, cinsel hazz\u0131 art\u0131rmak i\u00e7in en yeni terapi y\u00f6ntemlerini anlat\u0131yor.Cinsel Sa\u011fl\u0131k Enstit\u00fcs\u00fc Derne\u011fi (C\u0130SED)Cinsellik, evlilik ve yak\u0131n ili\u015fkiler \u00fczerine bilimsel ger\u00e7ekleri ve \u00f6nerileri ele alan bu kitab\u0131 okuduktan sonra bir terapist olarak bilgilenecek, cinsel terapi ve evlilik terapisini entegre etmekten daha fazla keyif alacaks\u0131n\u0131z.-Do\u00e7.Dr. Cebrail K\u0131sa-Psikiyatr &amp; PsikoterapistD\u00fcnyan\u0131n \u00fcnl\u00fc seks ve evlilik terapistlerinden olan Gerald R. Weeks ve Larry Hof&#8217;un y\u0131llar s\u00fcren deneyimlerine dayanarak haz\u0131rlad\u0131klar\u0131 Evlilik Terapisi ve Cinsel Terapiyi B\u00fct\u00fcnle\u015ftirmek, evlilik terapistlerine, cinsel terapistlere, cinsel hayat\u0131 ve yak\u0131n ili\u015fkileri ebeveynlerinin ve toplumun de\u011fer yarg\u0131lar\u0131n\u0131n etkisinde, hatta kontrol\u00fc alt\u0131nda olan gen\u00e7lere ve yeti\u015fkinlere bekledikleri yard\u0131m elini uzat\u0131yor. \u00c7iftlerin gerek yatakta, gerekse yatak d\u0131\u015f\u0131nda cinsellik konusunda daha iyi bir ileti\u015fim kurabilmelerini, cinsel yaramazl\u0131klar yapabilmelerini, hem kendi v\u00fccutlar\u0131na hem de partnerlerinin v\u00fccutlar\u0131na \u0131s\u0131nabilmelerini, birbirlerinin v\u00fccutlar\u0131ndan haz alabilmelerini ve cinsel duyumlar yoluyla sevgilerini g\u00f6sterebilmelerinin s\u0131rlar\u0131n\u0131 a\u00e7\u0131klayan Evlilik Terapisi ve Cinsel Terapiyi B\u00fct\u00fcnle\u015ftirmek kitab\u0131n\u0131, cinsellik ve ili\u015fkiler konusunda \u00e7al\u0131\u015fan t\u00fcm terapistlere, kendini yeterli, iyi veya normal kabul edenler de dahil olmak \u00fczere herkese tavsiye ediyorum. \u00c7\u00fcnk\u00fc bu kitaptan \u00f6\u011frenece\u011finiz \u00e7ok \u015fey var. Okuyunca tavsiyeye hak vereceksiniz.-Dr. A. Cem Ke\u00e7e-Psikoterapist<\/p>\n","protected":false},"excerpt":{"rendered":"<p>Evlilik, yak\u0131n ili\u015fkiler ve cinsellikle ilgili ger\u00e7ekleri mi \u00f6\u011frenmek istiyorsunuz? \u00dcnl\u00fc evlilik ve seks terapistleri Gerald R. Weeks ve Larry Hof, arkada\u015f\u00e7a bir \u00fcslupla cinsel genogramdan,<span class=\"excerpt-hellip\"> [\u2026]<\/span><\/p>\n","protected":false},"featured_media":0,"template":"","meta":{"_monsterinsights_skip_tracking":false,"_monsterinsights_sitenote_active":false,"_monsterinsights_sitenote_note":"","_monsterinsights_sitenote_category":0},"product_brand":[],"product_cat":[35288,13365],"product_tag":[],"class_list":{"0":"post-741267","1":"product","2":"type-product","3":"status-publish","5":"product_cat-cinsellik-saglik","6":"product_cat-saglik","7":"pa_cilt-ciltsiz","8":"pa_tur-kitap","9":"pa_yayinevi-pusula-yayinevi-ankara","10":"pa_yazar-kollektif","12":"first","13":"instock","14":"sale","15":"shipping-taxable","16":"purchasable","17":"product-type-simple"},"_links":{"self":[{"href":"https:\/\/roveyayinevi.com.tr\/index.php\/wp-json\/wp\/v2\/product\/741267","targetHints":{"allow":["GET"]}}],"collection":[{"href":"https:\/\/roveyayinevi.com.tr\/index.php\/wp-json\/wp\/v2\/product"}],"about":[{"href":"https:\/\/roveyayinevi.com.tr\/index.php\/wp-json\/wp\/v2\/types\/product"}],"wp:attachment":[{"href":"https:\/\/roveyayinevi.com.tr\/index.php\/wp-json\/wp\/v2\/media?parent=741267"}],"wp:term":[{"taxonomy":"product_brand","embeddable":true,"href":"https:\/\/roveyayinevi.com.tr\/index.php\/wp-json\/wp\/v2\/product_brand?post=741267"},{"taxonomy":"product_cat","embeddable":true,"href":"https:\/\/roveyayinevi.com.tr\/index.php\/wp-json\/wp\/v2\/product_cat?post=741267"},{"taxonomy":"product_tag","embeddable":true,"href":"https:\/\/roveyayinevi.com.tr\/index.php\/wp-json\/wp\/v2\/product_tag?post=741267"}],"curies":[{"name":"wp","href":"https:\/\/api.w.org\/{rel}","templated":true}]}}