{"id":741189,"date":"2025-08-28T00:43:45","date_gmt":"2025-08-27T21:43:45","guid":{"rendered":"https:\/\/roveyayinevi.com.tr\/index.php\/urun\/kaybolmus-ruhlar-sarayi-1-kralicenin-kizi\/"},"modified":"2026-04-16T02:52:16","modified_gmt":"2026-04-15T23:52:16","slug":"kaybolmus-ruhlar-sarayi-1-kralicenin-kizi","status":"publish","type":"product","link":"https:\/\/roveyayinevi.com.tr\/index.php\/urun\/kaybolmus-ruhlar-sarayi-1-kralicenin-kizi\/","title":{"rendered":"Kaybolmu\u015f Ruhlar Saray\u0131 1: Krali\u00e7enin K\u0131z\u0131"},"content":{"rendered":"<p>\u0130ki d\u00fc\u015fman aile, iki d\u00fc\u015fman \u00fclke:Zirakov ve Senteria.   \u015eimdiyse sava\u015f\u0131n kazanan\u0131 belli olmak \u00fczere. Zirakov \u00fclkesinin Krali\u00e7esi Irina, bu sava\u015f\u0131n kazanan\u0131 olmak i\u00e7in kimsenin beklemedi\u011fi bir hamle yaparak k\u0131z\u0131 Kitana\u2019y\u0131 casus olarak Senteria\u2019ya g\u00f6nderir. Amac\u0131 Kitana\u2019n\u0131n \u00fclkeyi i\u00e7ten par\u00e7alamas\u0131n\u0131 sa\u011flamakt\u0131r. Fakat Senteria Kral\u0131 Estes, Kitana&#8217;y\u0131; veliaht olarak g\u00f6r\u00fclen o\u011flu Vincent&#8217;le evlendirmeye karar verince ZirakovPrensesi\u2019nin planlar\u0131 alt\u00fcst olur.B\u00f6ylece Kitana bir anda kendini kanl\u0131 bir taht oyununun ortas\u0131nda bulur.   Dilara Keskin Kaybolmu\u015f Ruhlar Saray\u0131 I:Krali\u00e7enin K\u0131z\u0131 ile okurlar\u0131 hem tarihsel hem de mistik bir yolculu\u011fa \u00e7\u0131kar\u0131yor. Kaybetti\u011fimizi sand\u0131\u011f\u0131m\u0131z duygular; a\u015fk, \u00f6fke ve ihanet \u00fc\u00e7geninde yeni anlamlar kazan\u0131yor. <\/p>\n","protected":false},"excerpt":{"rendered":"<p>\u0130ki d\u00fc\u015fman aile, iki d\u00fc\u015fman \u00fclke:Zirakov ve Senteria. \u015eimdiyse sava\u015f\u0131n kazanan\u0131 belli olmak \u00fczere. Zirakov \u00fclkesinin Krali\u00e7esi Irina, bu sava\u015f\u0131n kazanan\u0131 olmak i\u00e7in kimsenin beklemedi\u011fi bir<span class=\"excerpt-hellip\"> [\u2026]<\/span><\/p>\n","protected":false},"featured_media":0,"template":"","meta":{"_monsterinsights_skip_tracking":false,"_monsterinsights_sitenote_active":false,"_monsterinsights_sitenote_note":"","_monsterinsights_sitenote_category":0},"product_brand":[],"product_cat":[12291,12711],"product_tag":[],"class_list":{"0":"post-741189","1":"product","2":"type-product","3":"status-publish","5":"product_cat-edebiyat","6":"product_cat-roman-oyku","7":"pa_cilt-ciltsiz","8":"pa_tur-kitap","9":"pa_yayinevi-ephesus-yayinlari","10":"pa_yazar-dilara-keskin","12":"first","13":"instock","14":"sale","15":"shipping-taxable","16":"purchasable","17":"product-type-simple"},"_links":{"self":[{"href":"https:\/\/roveyayinevi.com.tr\/index.php\/wp-json\/wp\/v2\/product\/741189","targetHints":{"allow":["GET"]}}],"collection":[{"href":"https:\/\/roveyayinevi.com.tr\/index.php\/wp-json\/wp\/v2\/product"}],"about":[{"href":"https:\/\/roveyayinevi.com.tr\/index.php\/wp-json\/wp\/v2\/types\/product"}],"wp:attachment":[{"href":"https:\/\/roveyayinevi.com.tr\/index.php\/wp-json\/wp\/v2\/media?parent=741189"}],"wp:term":[{"taxonomy":"product_brand","embeddable":true,"href":"https:\/\/roveyayinevi.com.tr\/index.php\/wp-json\/wp\/v2\/product_brand?post=741189"},{"taxonomy":"product_cat","embeddable":true,"href":"https:\/\/roveyayinevi.com.tr\/index.php\/wp-json\/wp\/v2\/product_cat?post=741189"},{"taxonomy":"product_tag","embeddable":true,"href":"https:\/\/roveyayinevi.com.tr\/index.php\/wp-json\/wp\/v2\/product_tag?post=741189"}],"curies":[{"name":"wp","href":"https:\/\/api.w.org\/{rel}","templated":true}]}}