{"id":741187,"date":"2025-08-28T00:43:42","date_gmt":"2025-08-27T21:43:42","guid":{"rendered":"https:\/\/roveyayinevi.com.tr\/index.php\/urun\/dus-gemisi-ciltli\/"},"modified":"2025-11-13T07:57:04","modified_gmt":"2025-11-13T04:57:04","slug":"dus-gemisi-ciltli","status":"publish","type":"product","link":"https:\/\/roveyayinevi.com.tr\/index.php\/urun\/dus-gemisi-ciltli\/","title":{"rendered":"D\u00fc\u015f Gemisi (Ciltli)"},"content":{"rendered":"<p>D\u00fcnyadan \u00e7ok uzaklarda, hayal edilen her dile\u011fin bir g\u00fcn ger\u00e7ekle\u015fti\u011fi Kuludokya\u2019da b\u00fcy\u00fck annesiyle birlikte ya\u015fayan Destina kendisini ola\u011fan\u00fcst\u00fc bir olay\u0131n i\u00e7erisinde bulur. \u0130\u00e7erisine d\u00fc\u015ft\u00fc\u011f\u00fc zaman \u00f6lece\u011fini sand\u0131\u011f\u0131 kutsal g\u00f6l\u00fcn suyu, Destina\u2019y\u0131 i\u00e7erisine alarak kurur ve gen\u00e7 k\u0131z bir okyanusun ortas\u0131nda uyan\u0131r. Tanr\u0131 kaderi gen\u00e7 k\u0131z i\u00e7in yeniden yazar. \u0130\u00e7erisinde uyand\u0131\u011f\u0131 gemiyle birlikte \u00e7\u0131kt\u0131\u011f\u0131 bu yolculukta g\u00f6revi D\u00fcnya ve r\u00fcya adalar\u0131 aras\u0131ndaki dengeyi korumakt\u0131r. Ona geveze bir gemi, huysuz bir kedi ve her durumda mant\u0131kl\u0131 olmay\u0131 bilen bir \u015fifac\u0131n\u0131n e\u015flik etti\u011fi bu yolculukta ilk g\u00f6revi, g\u00f6rd\u00fc\u011f\u00fc r\u00fcyan\u0131n i\u00e7erisine hapsedilen Bar\u0131n\u2019\u0131 d\u00fcnyaya geri g\u00f6ndermektir. Ola\u011fan\u00fcst\u00fc yolculuklar\u0131nda, Bar\u0131n ve Destina\u2019n\u0131n birbirlerine kar\u015f\u0131 duydu\u011fu g\u00fc\u00e7l\u00fc \u00e7ekim dengelerin daha fazla bozulmas\u0131na sebep olur. Bar\u0131n ve Destina, ger\u00e7ekle hayalin birbirine kar\u0131\u015ft\u0131\u011f\u0131 bu yolculukta kendi ger\u00e7ekliklerini bulabilecekler mi?<\/p>\n","protected":false},"excerpt":{"rendered":"<p>D\u00fcnyadan \u00e7ok uzaklarda, hayal edilen her dile\u011fin bir g\u00fcn ger\u00e7ekle\u015fti\u011fi Kuludokya\u2019da b\u00fcy\u00fck annesiyle birlikte ya\u015fayan Destina kendisini ola\u011fan\u00fcst\u00fc bir olay\u0131n i\u00e7erisinde bulur. \u0130\u00e7erisine d\u00fc\u015ft\u00fc\u011f\u00fc zaman \u00f6lece\u011fini<span class=\"excerpt-hellip\"> [\u2026]<\/span><\/p>\n","protected":false},"featured_media":0,"template":"","meta":{"_monsterinsights_skip_tracking":false,"_monsterinsights_sitenote_active":false,"_monsterinsights_sitenote_note":"","_monsterinsights_sitenote_category":0},"product_brand":[],"product_cat":[12291,12711],"product_tag":[],"class_list":{"0":"post-741187","1":"product","2":"type-product","3":"status-publish","5":"product_cat-edebiyat","6":"product_cat-roman-oyku","7":"pa_cilt-ciltli","8":"pa_tur-kitap","9":"pa_yayinevi-ren-kitap","10":"pa_yazar-busra-nur","12":"first","13":"instock","14":"sale","15":"shipping-taxable","16":"purchasable","17":"product-type-simple"},"_links":{"self":[{"href":"https:\/\/roveyayinevi.com.tr\/index.php\/wp-json\/wp\/v2\/product\/741187","targetHints":{"allow":["GET"]}}],"collection":[{"href":"https:\/\/roveyayinevi.com.tr\/index.php\/wp-json\/wp\/v2\/product"}],"about":[{"href":"https:\/\/roveyayinevi.com.tr\/index.php\/wp-json\/wp\/v2\/types\/product"}],"wp:attachment":[{"href":"https:\/\/roveyayinevi.com.tr\/index.php\/wp-json\/wp\/v2\/media?parent=741187"}],"wp:term":[{"taxonomy":"product_brand","embeddable":true,"href":"https:\/\/roveyayinevi.com.tr\/index.php\/wp-json\/wp\/v2\/product_brand?post=741187"},{"taxonomy":"product_cat","embeddable":true,"href":"https:\/\/roveyayinevi.com.tr\/index.php\/wp-json\/wp\/v2\/product_cat?post=741187"},{"taxonomy":"product_tag","embeddable":true,"href":"https:\/\/roveyayinevi.com.tr\/index.php\/wp-json\/wp\/v2\/product_tag?post=741187"}],"curies":[{"name":"wp","href":"https:\/\/api.w.org\/{rel}","templated":true}]}}