{"id":741185,"date":"2025-08-28T00:43:40","date_gmt":"2025-08-27T21:43:40","guid":{"rendered":"https:\/\/roveyayinevi.com.tr\/index.php\/urun\/gocmen-kuslar\/"},"modified":"2026-04-16T02:52:16","modified_gmt":"2026-04-15T23:52:16","slug":"gocmen-kuslar","status":"publish","type":"product","link":"https:\/\/roveyayinevi.com.tr\/index.php\/urun\/gocmen-kuslar\/","title":{"rendered":"G\u00f6\u00e7men Ku\u015flar"},"content":{"rendered":"<p>Charlotte McConaghy\u2019nin insan\u0131 soluksuz b\u0131rakan, samimi ve y\u00fcrek burkan G\u00f6\u00e7men Ku\u015flar\u2019\u0131 kaybolan bir d\u00fcnyaya ve umuda destans\u0131 bir \u00f6vg\u00fc. Franny Stone\u2019un a\u015fk i\u00e7in yapamayaca\u011f\u0131 \u015fey yok. G\u00fcn\u00fcn birinde hayat\u0131ndaki her \u015feyden \u201cka\u00e7maya\u201d karar verir ve bu \u201cka\u00e7maya\u201d bir neden bulur: Antarktika\u2019ya son g\u00f6\u00e7leri olaca\u011f\u0131 d\u00fc\u015f\u00fcn\u00fclen d\u00fcnyadaki son ku\u015f t\u00fcr\u00fcn\u00fc takip etmek. Franny bir bal\u0131k\u00e7\u0131 teknesine biner ve m\u00fcrettebatla birlikte k\u0131y\u0131dan ve g\u00fcvenli b\u00f6lgeden \u00e7ok uzaklara yelken a\u00e7ar.  Ancak Franny\u2019nin \u00f6yk\u00fcs\u00fc -tutkulu bir a\u015fk, olmayan bir aile, y\u0131k\u0131c\u0131 bir su\u00e7- a\u00e7\u0131\u011fa \u00e7\u0131kmaya ba\u015flad\u0131\u011f\u0131nda onun ku\u015flardan daha fazlas\u0131n\u0131n pe\u015finde oldu\u011fu ortaya \u00e7\u0131kar.  Gerilim ve s\u00fcrprizlerle dolu bir roman The Washington Post Ac\u0131 verici ve y\u00fcrek burkan bir kitap The Guardian Kaybolan do\u011fam\u0131za muhte\u015fem bir \u00f6vg\u00fc Newsweek <\/p>\n","protected":false},"excerpt":{"rendered":"<p>Charlotte McConaghy\u2019nin insan\u0131 soluksuz b\u0131rakan, samimi ve y\u00fcrek burkan G\u00f6\u00e7men Ku\u015flar\u2019\u0131 kaybolan bir d\u00fcnyaya ve umuda destans\u0131 bir \u00f6vg\u00fc. Franny Stone\u2019un a\u015fk i\u00e7in yapamayaca\u011f\u0131 \u015fey yok.<span class=\"excerpt-hellip\"> [\u2026]<\/span><\/p>\n","protected":false},"featured_media":0,"template":"","meta":{"_monsterinsights_skip_tracking":false,"_monsterinsights_sitenote_active":false,"_monsterinsights_sitenote_note":"","_monsterinsights_sitenote_category":0},"product_brand":[],"product_cat":[12291,12711],"product_tag":[],"class_list":{"0":"post-741185","1":"product","2":"type-product","3":"status-publish","5":"product_cat-edebiyat","6":"product_cat-roman-oyku","7":"pa_cilt-ciltsiz","8":"pa_tur-kitap","9":"pa_yayinevi-cinar-yayinlari","10":"pa_yazar-charlotte-mcconaghy","12":"first","13":"instock","14":"sale","15":"shipping-taxable","16":"purchasable","17":"product-type-simple"},"_links":{"self":[{"href":"https:\/\/roveyayinevi.com.tr\/index.php\/wp-json\/wp\/v2\/product\/741185","targetHints":{"allow":["GET"]}}],"collection":[{"href":"https:\/\/roveyayinevi.com.tr\/index.php\/wp-json\/wp\/v2\/product"}],"about":[{"href":"https:\/\/roveyayinevi.com.tr\/index.php\/wp-json\/wp\/v2\/types\/product"}],"wp:attachment":[{"href":"https:\/\/roveyayinevi.com.tr\/index.php\/wp-json\/wp\/v2\/media?parent=741185"}],"wp:term":[{"taxonomy":"product_brand","embeddable":true,"href":"https:\/\/roveyayinevi.com.tr\/index.php\/wp-json\/wp\/v2\/product_brand?post=741185"},{"taxonomy":"product_cat","embeddable":true,"href":"https:\/\/roveyayinevi.com.tr\/index.php\/wp-json\/wp\/v2\/product_cat?post=741185"},{"taxonomy":"product_tag","embeddable":true,"href":"https:\/\/roveyayinevi.com.tr\/index.php\/wp-json\/wp\/v2\/product_tag?post=741185"}],"curies":[{"name":"wp","href":"https:\/\/api.w.org\/{rel}","templated":true}]}}