{"id":741169,"date":"2025-08-28T00:43:20","date_gmt":"2025-08-27T21:43:20","guid":{"rendered":"https:\/\/roveyayinevi.com.tr\/index.php\/urun\/hilye-i-enbiya\/"},"modified":"2026-04-16T02:52:15","modified_gmt":"2026-04-15T23:52:15","slug":"hilye-i-enbiya","status":"publish","type":"product","link":"https:\/\/roveyayinevi.com.tr\/index.php\/urun\/hilye-i-enbiya\/","title":{"rendered":"Hilye-i Enbiya"},"content":{"rendered":"<p>Kitap Tan\u0131t\u0131m Yaz\u0131s\u0131 : Arka kapak yaz\u0131s\u0131 : Hilye-i p\u00e2k-i saf\u00e2-bah\u015f-\u0131 Mes\u00eeh Hem bu vech \u00fczre olundu tash\u00eeh Ki let\u00e2fetde Hud\u00e2vend-i Mec\u00eed Levnin etmi\u015fdi semen gibi sef\u00eed H\u00fcsn-i hulk \u00fczre idi her k\u00e2r\u0131 Hep tebess\u00fcmle idi g\u00fcft\u00e2r\u0131 Hilye, ba\u015fta Hz. Peygamber olmak \u00fczere din\u00ee ve ahl\u00e2k\u00ee \u00f6nderlerin fiziksel \u00f6zellikleri ile ahl\u00e2k\u00ee \u00f6zellikleri aras\u0131nda ili\u015fki kurarak onlar\u0131 farkl\u0131 bir y\u00f6nden tan\u0131tmay\u0131 ama\u00e7layan literat\u00fcr\u00fcn ismidir. Bu literat\u00fcr en yayg\u0131n halini Hz. Ali\u2019den aktar\u0131lan ve \u0130slam hat sanat\u0131n\u0131n en nadide \u00f6rneklerine kaynakl\u0131k te\u015fkil eden levha formunda kazanm\u0131\u015fken m\u00fcstakil eserler de yaz\u0131lm\u0131\u015ft\u0131r. Bu anlam\u0131yla hilyeler resim ve ikonografinin g\u00f6rece reddedildi\u011fi \u0130slam gelene\u011finde yeni bir \u00fcslup olu\u015fturmu\u015f, sanat ve esteti\u011fe yeni bir yorum imk\u00e2n\u0131 a\u00e7m\u0131\u015ft\u0131r. Ayn\u0131 zamanda hilye edebi t\u00fcr olarak sadece Hz. Peygamber\u2019in de\u011fil, \u00f6nceki peygamberlerin ahl\u00e2k\u00ee ve fiziksel \u00f6zelliklerini de betimleyen metinler olarak yaz\u0131lm\u0131\u015ft\u0131r. Bu metinler aras\u0131nda en \u00f6nemlilerinden birisi de 17. y\u00fczy\u0131l\u0131n \u00f6nemli Mevlev\u00ee \u015fairlerinden Ne\u015f\u00e2t\u00ee\u2019nin (\u00f6. 1674) manzum Hilye-i Enbiy\u00e2\u2019s\u0131d\u0131r. Ne\u015f\u00e2t\u00ee, Hz. Adem\u2019den ba\u015flayarak on d\u00f6rt peygamberin hilyesini ele ald\u0131\u011f\u0131 eserini ilgili bir\u00e7ok \u00e2yet, hadis, sahabe s\u00f6z\u00fc ve di\u011fer kaynaklardan olu\u015fan pek \u00e7ok esere ba\u015fvurmak suretiyle haz\u0131rlam\u0131\u015ft\u0131r. Prof. Dr. Bayram Ali Kaya\u2019n\u0131n yay\u0131na haz\u0131rlad\u0131\u011f\u0131 eser \u015fairin hayat\u0131na, eserlerine ve \u015fairli\u011fine dair bilimsel bir tahlilin yan\u0131 s\u0131ra Hilye-i Enbiy\u00e2\u2019n\u0131n Osmanl\u0131 T\u00fcrk\u00e7esi ile yaz\u0131lm\u0131\u015f as\u0131l metnini g\u00fcn\u00fcm\u00fcz T\u00fcrk\u00e7esiyle birlikte bug\u00fcn\u00fcn okuyucular\u0131n\u0131n ilgisine sunuyor. Yazar Hakk\u0131nda: Ne\u015f\u00e2t\u00ee (\u00f6. 1674), zaman zaman devletin y\u0131k\u0131l\u0131\u015f\u0131ndan s\u00f6z edilmesine ra\u011fmen edeb\u00ee hayat\u0131n son derece canl\u0131 oldu\u011fu, padi\u015fahlar\u0131ndan bir k\u0131sm\u0131n\u0131n \u015fair olup \u015fiirden anlad\u0131\u011f\u0131 ve \u015fairleri korudu\u011fu, \u015feyh\u00fclisl\u00e2mlar\u0131n\u0131n dahi y\u00fczy\u0131l\u0131n \u00f6nde gelen \u015fairlerinden say\u0131ld\u0131\u011f\u0131 on yedinci y\u00fczy\u0131l\u0131n \u00f6nemli \u015fairlerindendir. Nef\u2018\u00ee, N\u00e2b\u00ee, \u015eeyh\u00fclisl\u00e2m Yahy\u00e2 ve N\u00e2il\u00ee gibi kaside ve gazel v\u00e2disinde birer zirve olmu\u015f \u015fahsiyetlerle ayn\u0131 d\u00f6nemde ya\u015fam\u0131\u015f ve eserler vermi\u015f olan Ne\u015f\u00e2t\u00ee, daha ziy\u00e2de gazelleriyle tan\u0131nm\u0131\u015f ve \u015f\u00f6hret bulmu\u015ftur. Sa\u011flam bir dile ve zarif bir \u00fcsluba sahip olan Ne\u015f\u00e2t\u00ee\u2019nin \u015fiirlerinde titiz bir sanatk\u00e2r\u0131n derinli\u011fi ve duygulu ifadesi g\u00f6r\u00fcl\u00fcr. Devrinde yeti\u015ftirici bir sanatk\u00e2r kimli\u011fiyle bir\u00e7ok \u015f\u00e2irin yeti\u015fmesine katk\u0131 sa\u011flam\u0131\u015f olan Ne\u015f\u00e2t\u00ee, aralar\u0131nda Nazim, Vecd\u00ee, Mez\u00e2ki, \u0130smet\u00ee, Leb\u00eeb-i \u00c2mid\u00ee, Fas\u00eeh Dede, S\u00e2k\u0131b Dede, \u015eeyh G\u00e2lib, Nedim, Ahmet H\u00e2\u015fim, Yahya Kem\u00e2l Beyatl\u0131, Ahmet Hamdi Tanp\u0131nar, \u0130lhan Berk gibi eski ve yeni \u015fairlerin bulundu\u011fu bir\u00e7ok ismi etkilemi\u015ftir. Ba\u015fl\u0131ca eserleri \u015funlard\u0131r: Divan, Edirne \u015eehrengizi, \u015eerh-i M\u00fc\u015fkil\u00e2t-\u0131 \u00d6rf\u00ee ve Kav\u00e2id-i Deriyye. <\/p>\n","protected":false},"excerpt":{"rendered":"<p>Kitap Tan\u0131t\u0131m Yaz\u0131s\u0131 : Arka kapak yaz\u0131s\u0131 : Hilye-i p\u00e2k-i saf\u00e2-bah\u015f-\u0131 Mes\u00eeh Hem bu vech \u00fczre olundu tash\u00eeh Ki let\u00e2fetde Hud\u00e2vend-i Mec\u00eed Levnin etmi\u015fdi semen gibi<span class=\"excerpt-hellip\"> [\u2026]<\/span><\/p>\n","protected":false},"featured_media":0,"template":"","meta":{"_monsterinsights_skip_tracking":false,"_monsterinsights_sitenote_active":false,"_monsterinsights_sitenote_note":"","_monsterinsights_sitenote_category":0},"product_brand":[],"product_cat":[12718,12719],"product_tag":[],"class_list":{"0":"post-741169","1":"product","2":"type-product","3":"status-publish","5":"product_cat-din","6":"product_cat-islam","7":"pa_cilt-ciltsiz","8":"pa_tur-kitap","9":"pa_yayinevi-vakifbank-kultur-yayinlari","10":"pa_yazar-nesati","12":"first","13":"instock","14":"sale","15":"shipping-taxable","16":"purchasable","17":"product-type-simple"},"_links":{"self":[{"href":"https:\/\/roveyayinevi.com.tr\/index.php\/wp-json\/wp\/v2\/product\/741169","targetHints":{"allow":["GET"]}}],"collection":[{"href":"https:\/\/roveyayinevi.com.tr\/index.php\/wp-json\/wp\/v2\/product"}],"about":[{"href":"https:\/\/roveyayinevi.com.tr\/index.php\/wp-json\/wp\/v2\/types\/product"}],"wp:attachment":[{"href":"https:\/\/roveyayinevi.com.tr\/index.php\/wp-json\/wp\/v2\/media?parent=741169"}],"wp:term":[{"taxonomy":"product_brand","embeddable":true,"href":"https:\/\/roveyayinevi.com.tr\/index.php\/wp-json\/wp\/v2\/product_brand?post=741169"},{"taxonomy":"product_cat","embeddable":true,"href":"https:\/\/roveyayinevi.com.tr\/index.php\/wp-json\/wp\/v2\/product_cat?post=741169"},{"taxonomy":"product_tag","embeddable":true,"href":"https:\/\/roveyayinevi.com.tr\/index.php\/wp-json\/wp\/v2\/product_tag?post=741169"}],"curies":[{"name":"wp","href":"https:\/\/api.w.org\/{rel}","templated":true}]}}