{"id":741163,"date":"2025-08-28T00:43:13","date_gmt":"2025-08-27T21:43:13","guid":{"rendered":"https:\/\/roveyayinevi.com.tr\/index.php\/urun\/bizi-bir-arada-tutan-sey\/"},"modified":"2026-03-30T02:59:15","modified_gmt":"2026-03-29T23:59:15","slug":"bizi-bir-arada-tutan-sey","status":"publish","type":"product","link":"https:\/\/roveyayinevi.com.tr\/index.php\/urun\/bizi-bir-arada-tutan-sey\/","title":{"rendered":"Bizi Bir Arada Tutan \u015eey"},"content":{"rendered":"<p>\u00c7ok k\u00fc\u00e7\u00fck boyutlarda olan Mahomi Yerlileri, di\u011fer kabile \u00fcyeleriyle birlikte sevgi ve mutluluk dolu bir ya\u015fam s\u00fcrmektedirler. Yapmaktan en \u00e7ok keyif ald\u0131klar\u0131 \u015fey ise SARILMAKTIR.   Do\u011fayla bir olmay\u0131 \u00e7ok seven ve \u00e7evreyi b\u00fcy\u00fck bir dikkatle duyumsayan Mahomiler, g\u00fcnlerden bir g\u00fcn, r\u00fczgar\u0131n esintisiyle \u00f6nlerine d\u00fc\u015fen ilgin\u00e7 bir objeyle kar\u015f\u0131la\u015f\u0131rlar ve ard\u0131ndan daha \u00f6nce hi\u00e7 g\u00f6rmedikleri, iki tahta par\u00e7as\u0131na benzettikleri, ortas\u0131nda bir yay ve garip delikler olan bu gizemli objenin ne oldu\u011funu d\u00fc\u015f\u00fcnmeye ba\u015flarlar.   Bu \u015fey, G\u00fczel masallar\u0131 dinlemek i\u00e7in bir oturak m\u0131? Bir s\u0131\u00e7rama tahtas\u0131 m\u0131? Yoksa bir kukla kahraman\u0131 m\u0131?   En sonunda Mahomilerden biri, akl\u0131na gelen yarat\u0131c\u0131 fikri hayk\u0131r\u0131r: \u201cBuldum, i\u015fte bu B\u0130Z\u0130 B\u0130R ARADA TUTAN \u015eEY!\u201d   Mahomilerin bu merak uyand\u0131ran objeyi, onlar\u0131 bir arada tutan ve daha da yak\u0131nla\u015ft\u0131ran yepyeni bir \u015feye d\u00f6n\u00fc\u015ft\u00fcrmeleri hakk\u0131ndaki bu yarat\u0131c\u0131 hikaye sevgi, ba\u011fl\u0131l\u0131k ve \u00e7evreye g\u00f6sterilen fark\u0131ndal\u0131\u011f\u0131n \u00f6nemi gibi konularda t\u00fcm \u00e7ocuk ve yeti\u015fkinleri birlikte d\u00fc\u015f\u00fcnmeye davet ediyor.   Bir ilk\u00f6\u011fretim kurumunda \u00f6\u011fretmen olarak g\u00f6rev alan G\u00fcl\u00e7a\u011f Kon\u00e7e\u2019nin hem yazarl\u0131\u011f\u0131n\u0131 hem de \u00e7izerli\u011fini yapt\u0131\u011f\u0131 ilk kitab\u0131 Bizi Bir Arada Tutan \u015eey, edit\u00f6r Petek Halman Kara\u2019n\u0131n \u00f6zenli \u00e7al\u0131\u015fmas\u0131 ile Okuyan Koala\u2019n\u0131n ilk T\u00fcrk\u00e7e kitab\u0131 olma \u00f6zelli\u011fini ta\u015f\u0131yor.   <\/p>\n","protected":false},"excerpt":{"rendered":"<p>\u00c7ok k\u00fc\u00e7\u00fck boyutlarda olan Mahomi Yerlileri, di\u011fer kabile \u00fcyeleriyle birlikte sevgi ve mutluluk dolu bir ya\u015fam s\u00fcrmektedirler. Yapmaktan en \u00e7ok keyif ald\u0131klar\u0131 \u015fey ise SARILMAKTIR. Do\u011fayla<span class=\"excerpt-hellip\"> [\u2026]<\/span><\/p>\n","protected":false},"featured_media":0,"template":"","meta":{"_monsterinsights_skip_tracking":false,"_monsterinsights_sitenote_active":false,"_monsterinsights_sitenote_note":"","_monsterinsights_sitenote_category":0},"product_brand":[],"product_cat":[12274,12284],"product_tag":[],"class_list":{"0":"post-741163","1":"product","2":"type-product","3":"status-publish","5":"product_cat-cocuk-ve-genclik-kitaplari","6":"product_cat-hikayeler","7":"pa_cilt-ciltsiz","8":"pa_tur-kitap","9":"pa_yayinevi-okuyan-us-yayin","10":"pa_yazar-gulcag-konce","12":"first","13":"instock","14":"sale","15":"shipping-taxable","16":"purchasable","17":"product-type-simple"},"_links":{"self":[{"href":"https:\/\/roveyayinevi.com.tr\/index.php\/wp-json\/wp\/v2\/product\/741163","targetHints":{"allow":["GET"]}}],"collection":[{"href":"https:\/\/roveyayinevi.com.tr\/index.php\/wp-json\/wp\/v2\/product"}],"about":[{"href":"https:\/\/roveyayinevi.com.tr\/index.php\/wp-json\/wp\/v2\/types\/product"}],"wp:attachment":[{"href":"https:\/\/roveyayinevi.com.tr\/index.php\/wp-json\/wp\/v2\/media?parent=741163"}],"wp:term":[{"taxonomy":"product_brand","embeddable":true,"href":"https:\/\/roveyayinevi.com.tr\/index.php\/wp-json\/wp\/v2\/product_brand?post=741163"},{"taxonomy":"product_cat","embeddable":true,"href":"https:\/\/roveyayinevi.com.tr\/index.php\/wp-json\/wp\/v2\/product_cat?post=741163"},{"taxonomy":"product_tag","embeddable":true,"href":"https:\/\/roveyayinevi.com.tr\/index.php\/wp-json\/wp\/v2\/product_tag?post=741163"}],"curies":[{"name":"wp","href":"https:\/\/api.w.org\/{rel}","templated":true}]}}