{"id":741150,"date":"2025-08-28T00:42:58","date_gmt":"2025-08-27T21:42:58","guid":{"rendered":"https:\/\/roveyayinevi.com.tr\/index.php\/urun\/bostan-kardesligi\/"},"modified":"2026-04-07T02:58:07","modified_gmt":"2026-04-06T23:58:07","slug":"bostan-kardesligi","status":"publish","type":"product","link":"https:\/\/roveyayinevi.com.tr\/index.php\/urun\/bostan-kardesligi\/","title":{"rendered":"Bostan Karde\u015fli\u011fi"},"content":{"rendered":"<p>Karde\u015f\u00e7e ya\u015famak ile bir bostan aras\u0131nda ortak nokta nedir? \u0130kisi de emek ister!   E\u011fer karde\u015fli\u011fe de\u011fer veriyorsak ona tutku ve \u00f6zveriyle yakla\u015f\u0131r\u0131z. Ayn\u0131s\u0131 bostan\u0131m\u0131z i\u00e7in de ge\u00e7erli: Onu \u00f6nemsiyor ve ondan hem lezzetli hem de sa\u011fl\u0131kl\u0131 sebzeler toplamak istiyorsak do\u011fal dengesini bozmamal\u0131, \u00e7evreye kar\u015f\u0131 \u201ckarde\u015f\u00e7e\u201d bir tutum i\u00e7inde olmal\u0131y\u0131z. Bir karde\u015flik bostan\u0131nda sebzeler birbirine yard\u0131m eder, birbirini korur ve t\u0131pk\u0131 dostlar aras\u0131nda oldu\u011fu gibi bir arada olmaktan mutluluk duyar!   <\/p>\n","protected":false},"excerpt":{"rendered":"<p>Karde\u015f\u00e7e ya\u015famak ile bir bostan aras\u0131nda ortak nokta nedir? \u0130kisi de emek ister! E\u011fer karde\u015fli\u011fe de\u011fer veriyorsak ona tutku ve \u00f6zveriyle yakla\u015f\u0131r\u0131z. Ayn\u0131s\u0131 bostan\u0131m\u0131z i\u00e7in de<span class=\"excerpt-hellip\"> [\u2026]<\/span><\/p>\n","protected":false},"featured_media":0,"template":"","meta":{"_monsterinsights_skip_tracking":false,"_monsterinsights_sitenote_active":false,"_monsterinsights_sitenote_note":"","_monsterinsights_sitenote_category":0},"product_brand":[],"product_cat":[12274,12284],"product_tag":[],"class_list":{"0":"post-741150","1":"product","2":"type-product","3":"status-publish","5":"product_cat-cocuk-ve-genclik-kitaplari","6":"product_cat-hikayeler","7":"pa_cilt-ciltsiz","8":"pa_tur-kitap","9":"pa_yayinevi-dogan-cocuk","10":"pa_yazar-mariapia-de-conto","12":"first","13":"instock","14":"sale","15":"shipping-taxable","16":"purchasable","17":"product-type-simple"},"_links":{"self":[{"href":"https:\/\/roveyayinevi.com.tr\/index.php\/wp-json\/wp\/v2\/product\/741150","targetHints":{"allow":["GET"]}}],"collection":[{"href":"https:\/\/roveyayinevi.com.tr\/index.php\/wp-json\/wp\/v2\/product"}],"about":[{"href":"https:\/\/roveyayinevi.com.tr\/index.php\/wp-json\/wp\/v2\/types\/product"}],"wp:attachment":[{"href":"https:\/\/roveyayinevi.com.tr\/index.php\/wp-json\/wp\/v2\/media?parent=741150"}],"wp:term":[{"taxonomy":"product_brand","embeddable":true,"href":"https:\/\/roveyayinevi.com.tr\/index.php\/wp-json\/wp\/v2\/product_brand?post=741150"},{"taxonomy":"product_cat","embeddable":true,"href":"https:\/\/roveyayinevi.com.tr\/index.php\/wp-json\/wp\/v2\/product_cat?post=741150"},{"taxonomy":"product_tag","embeddable":true,"href":"https:\/\/roveyayinevi.com.tr\/index.php\/wp-json\/wp\/v2\/product_tag?post=741150"}],"curies":[{"name":"wp","href":"https:\/\/api.w.org\/{rel}","templated":true}]}}